Last updated on 2025-05-01 01:49:32 CEST.
Flavor | Version | Tinstall | Tcheck | Ttotal | Status | Flags |
---|---|---|---|---|---|---|
r-devel-linux-x86_64-debian-clang | 1.0.0 | 416.04 | 148.59 | 564.63 | OK | |
r-devel-linux-x86_64-debian-gcc | 1.0.0 | 346.71 | 124.91 | 471.62 | OK | |
r-devel-linux-x86_64-fedora-clang | 1.0.0 | 814.55 | OK | |||
r-devel-linux-x86_64-fedora-gcc | 1.0.0 | 1129.18 | OK | |||
r-devel-windows-x86_64 | 1.0.0 | 379.00 | 214.00 | 593.00 | OK | |
r-patched-linux-x86_64 | 1.0.0 | 471.04 | 168.12 | 639.16 | OK | |
r-release-linux-x86_64 | 1.0.0 | 466.97 | 169.50 | 636.47 | OK | |
r-release-macos-arm64 | 1.0.0 | 230.00 | OK | |||
r-release-macos-x86_64 | 1.0.0 | 389.00 | OK | |||
r-release-windows-x86_64 | 1.0.0 | 374.00 | 219.00 | 593.00 | OK | |
r-oldrel-macos-arm64 | 1.0.0 | 237.00 | NOTE | |||
r-oldrel-macos-x86_64 | 1.0.0 | 372.00 | NOTE | |||
r-oldrel-windows-x86_64 | 1.0.0 | 430.00 | 253.00 | 683.00 | NOTE |
Version: 1.0.0
Check: installed package size
Result: NOTE
installed size is 157.2Mb
sub-directories of 1Mb or more:
libs 155.8Mb
Flavors: r-oldrel-macos-arm64, r-oldrel-macos-x86_64, r-oldrel-windows-x86_64
Version: 1.0.0
Check: for GNU extensions in Makefiles
Result: NOTE
GNU make is a SystemRequirements.
Flavors: r-oldrel-macos-arm64, r-oldrel-macos-x86_64, r-oldrel-windows-x86_64