CRAN Package Check Results for Package glmnet

Last updated on 2014-08-29 03:47:09.

Flavor Version Tinstall Tcheck Ttotal Status Flags
r-devel-linux-x86_64-debian-clang 1.9-8 20.08 56.35 76.43 NOTE
r-devel-linux-x86_64-debian-gcc 1.9-8 18.39 54.67 73.06 NOTE
r-devel-linux-x86_64-fedora-clang 1.9-8 165.36 NOTE
r-devel-linux-x86_64-fedora-gcc 1.9-8 154.91 NOTE
r-devel-osx-x86_64-clang 1.9-8 131.56 NOTE
r-devel-windows-ix86+x86_64 1.9-8 37.00 112.00 149.00 NOTE
r-patched-linux-x86_64 1.9-8 18.90 58.16 77.06 OK
r-patched-solaris-sparc 1.9-8 1148.50 OK
r-patched-solaris-x86 1.9-8 211.20 OK
r-release-linux-ix86 1.9-8 26.34 72.92 99.26 OK
r-release-linux-x86_64 1.9-8 18.71 59.72 78.43 OK
r-release-osx-x86_64-mavericks 1.9-8 WARN
r-release-osx-x86_64-snowleopard 1.9-8 OK
r-release-windows-ix86+x86_64 1.9-8 34.00 117.00 151.00 OK
r-oldrel-windows-ix86+x86_64 1.9-8 37.00 116.00 153.00 OK

Check Details

Version: 1.9-8
Check: R code for possible problems
Result: NOTE
    cv.glmnet: no visible global function definition for ‘%dopar%’
    cv.glmnet: no visible global function definition for ‘foreach’
Flavors: r-devel-linux-x86_64-debian-clang, r-devel-linux-x86_64-debian-gcc, r-devel-linux-x86_64-fedora-clang, r-devel-linux-x86_64-fedora-gcc, r-devel-osx-x86_64-clang, r-devel-windows-ix86+x86_64

Version: 1.9-8
Check: whether package can be installed
Result: WARN
    Found the following significant warnings:
     glmnet5.f90:2519:0: warning: control reaches end of non-void function [-Wreturn-type]
     glmnet5.f90:6130:0: warning: ‘__result_master.1.bnorm’ is used uninitialized in this function [-Wuninitialized]
     glmnet5.f90:6126:0: warning: ‘__result_master.1.bnorm’ is used uninitialized in this function [-Wuninitialized]
Flavor: r-release-osx-x86_64-mavericks