CRAN Package Check Results for Package glmnet

Last updated on 2014-12-22 21:47:16.

Flavor Version Tinstall Tcheck Ttotal Status Flags
r-devel-linux-x86_64-debian-clang 1.9-8 18.44 58.94 77.38 NOTE
r-devel-linux-x86_64-debian-gcc 1.9-8 19.89 54.76 74.66 NOTE
r-devel-linux-x86_64-fedora-clang 1.9-8 160.91 NOTE
r-devel-linux-x86_64-fedora-gcc 1.9-8 157.34 NOTE
r-devel-osx-x86_64-clang 1.9-8 138.51 NOTE
r-devel-windows-ix86+x86_64 1.9-8 40.00 105.00 145.00 NOTE
r-patched-linux-x86_64 1.9-8 18.67 59.19 77.86 NOTE
r-patched-solaris-sparc 1.9-8 1170.30 NOTE
r-patched-solaris-x86 1.9-8 210.60 NOTE
r-release-linux-ix86 1.9-8 25.07 70.44 95.52 NOTE
r-release-linux-x86_64 1.9-8 22.02 57.48 79.50 NOTE
r-release-osx-x86_64-mavericks 1.9-8 WARN
r-release-osx-x86_64-snowleopard 1.9-8 OK
r-release-windows-ix86+x86_64 1.9-8 43.00 112.00 155.00 NOTE
r-oldrel-windows-ix86+x86_64 1.9-8 37.00 110.00 147.00 OK

Check Details

Version: 1.9-8
Check: R code for possible problems
Result: NOTE
    cv.glmnet: no visible global function definition for ‘%dopar%’
    cv.glmnet: no visible global function definition for ‘foreach’
Flavors: r-devel-linux-x86_64-debian-clang, r-devel-linux-x86_64-debian-gcc, r-devel-linux-x86_64-fedora-clang, r-devel-linux-x86_64-fedora-gcc, r-devel-osx-x86_64-clang, r-devel-windows-ix86+x86_64, r-patched-linux-x86_64, r-patched-solaris-sparc, r-patched-solaris-x86, r-release-linux-ix86, r-release-linux-x86_64, r-release-windows-ix86+x86_64

Version: 1.9-8
Check: whether package can be installed
Result: WARN
    Found the following significant warnings:
     glmnet5.f90:2519:0: warning: control reaches end of non-void function [-Wreturn-type]
     glmnet5.f90:6130:0: warning: ‘__result_master.1.bnorm’ is used uninitialized in this function [-Wuninitialized]
     glmnet5.f90:6126:0: warning: ‘__result_master.1.bnorm’ is used uninitialized in this function [-Wuninitialized]
Flavor: r-release-osx-x86_64-mavericks