CRAN Package Check Results for Package glmnet

Last updated on 2017-12-13 03:47:53 CET.

Flavor Version Tinstall Tcheck Ttotal Status Flags
r-devel-linux-x86_64-debian-clang 2.0-13 18.61 104.35 122.96 OK
r-devel-linux-x86_64-debian-gcc 2.0-13 19.58 82.82 102.40 OK
r-devel-linux-x86_64-fedora-clang 2.0-13 163.35 OK
r-devel-windows-ix86+x86_64 2.0-13 80.00 151.00 231.00 OK
r-patched-linux-x86_64 2.0-13 19.20 111.16 130.36 OK
r-patched-solaris-x86 2.0-13 195.90 ERROR
r-release-linux-x86_64 2.0-13 20.44 111.86 132.30 OK
r-release-windows-ix86+x86_64 2.0-13 42.00 184.00 226.00 OK
r-release-osx-x86_64 2.0-13 OK
r-oldrel-windows-ix86+x86_64 2.0-13 43.00 174.00 217.00 OK
r-oldrel-osx-x86_64 2.0-13 OK

Check Details

Version: 2.0-13
Check: examples
Result: ERROR
    Running examples in ‘glmnet-Ex.R’ failed
    The error most likely occurred in:
    
    > ### Name: plot.cv.glmnet
    > ### Title: plot the cross-validation curve produced by cv.glmnet
    > ### Aliases: plot.cv.glmnet
    > ### Keywords: models regression
    >
    > ### ** Examples
    >
    > set.seed(1010)
    > n=1000;p=100
    > nzc=trunc(p/10)
    > x=matrix(rnorm(n*p),n,p)
    > beta=rnorm(nzc)
    > fx= (x[,seq(nzc)] %*% beta)
    > eps=rnorm(n)*5
    > y=drop(fx+eps)
    > px=exp(fx)
    > px=px/(1+px)
    > ly=rbinom(n=length(px),prob=px,size=1)
    > cvob1=cv.glmnet(x,y)
    Error in intI(j, n = x@Dim[2], dn[[2]], give.dn = FALSE) :
     'NA' indices are not (yet?) supported for sparse Matrices
    Calls: cv.glmnet ... NextMethod -> predict.glmnet -> [ -> [ -> subCsp_cols -> intI
    Execution halted
Flavor: r-patched-solaris-x86