CRAN Package Check Results for Package glmnet

Last updated on 2015-05-24 03:48:02.

Flavor Version Tinstall Tcheck Ttotal Status Flags
r-devel-linux-x86_64-debian-clang 2.0-2 18.04 62.10 80.13 OK
r-devel-linux-x86_64-debian-gcc 2.0-2 18.17 61.08 79.25 OK
r-devel-linux-x86_64-fedora-clang 2.0-2 154.26 OK
r-devel-linux-x86_64-fedora-gcc 2.0-2 152.91 OK
r-devel-osx-x86_64-clang 2.0-2 132.34 OK
r-devel-windows-ix86+x86_64 2.0-2 36.00 123.00 159.00 OK
r-patched-linux-x86_64 2.0-2 19.22 62.16 81.38 OK
r-patched-solaris-sparc 2.0-2 1301.60 OK
r-patched-solaris-x86 2.0-2 200.80 OK
r-release-linux-x86_64 2.0-2 17.86 62.30 80.16 OK
r-release-osx-x86_64-mavericks 2.0-2 WARN
r-release-osx-x86_64-snowleopard 2.0-2 ERROR
r-release-windows-ix86+x86_64 2.0-2 36.00 125.00 161.00 OK
r-oldrel-windows-ix86+x86_64 2.0-2 41.00 132.00 173.00 OK

Check Details

Version: 2.0-2
Check: whether package can be installed
Result: WARN
    Found the following significant warnings:
     glmnet5.f90:2519:0: warning: control reaches end of non-void function [-Wreturn-type]
     glmnet5.f90:6130:0: warning: ‘__result_master.1.bnorm’ is used uninitialized in this function [-Wuninitialized]
     glmnet5.f90:6126:0: warning: ‘__result_master.1.bnorm’ is used uninitialized in this function [-Wuninitialized]
Flavor: r-release-osx-x86_64-mavericks

Version: 2.0-2
Check: package dependencies
Result: ERROR
    Package suggested but not available for checking: ‘knitr’
    
    VignetteBuilder package required for checking but not installed: ‘knitr’
    
    See section ‘The DESCRIPTION file’ in the ‘Writing R Extensions’
    manual.
Flavor: r-release-osx-x86_64-snowleopard