CRAN Package Check Results for Package glmnet

Last updated on 2016-05-30 06:46:48.

Flavor Version Tinstall Tcheck Ttotal Status Flags
r-devel-linux-x86_64-debian-gcc 2.0-5 19.41 62.48 81.88 OK
r-devel-linux-x86_64-fedora-clang 2.0-5 167.14 OK
r-devel-linux-x86_64-fedora-gcc 2.0-5 143.71 OK
r-devel-osx-x86_64-clang 2.0-5 161.55 OK
r-devel-windows-ix86+x86_64 2.0-5 37.00 130.00 167.00 OK
r-patched-linux-x86_64 2.0-5 19.02 61.86 80.88 OK
r-patched-solaris-sparc 2.0-5 1181.50 OK
r-patched-solaris-x86 2.0-5 167.00 ERROR
r-release-linux-x86_64 2.0-5 18.79 61.86 80.66 OK
r-release-osx-x86_64-mavericks 2.0-5 OK
r-release-windows-ix86+x86_64 2.0-5 55.00 142.00 197.00 OK
r-oldrel-windows-ix86+x86_64 2.0-5 40.00 150.00 190.00 OK

Check Details

Version: 2.0-5
Check: examples
Result: ERROR
    Running examples in ‘glmnet-Ex.R’ failed
    The error most likely occurred in:
    
    > ### Name: plot.cv.glmnet
    > ### Title: plot the cross-validation curve produced by cv.glmnet
    > ### Aliases: plot.cv.glmnet
    > ### Keywords: models regression
    >
    > ### ** Examples
    >
    > set.seed(1010)
    > n=1000;p=100
    > nzc=trunc(p/10)
    > x=matrix(rnorm(n*p),n,p)
    > beta=rnorm(nzc)
    > fx= (x[,seq(nzc)] %*% beta)
    > eps=rnorm(n)*5
    > y=drop(fx+eps)
    > px=exp(fx)
    > px=px/(1+px)
    > ly=rbinom(n=length(px),prob=px,size=1)
    > cvob1=cv.glmnet(x,y)
    Error in intI(j, n = x@Dim[2], dn[[2]], give.dn = FALSE) :
     'NA' indices are not (yet?) supported for sparse Matrices
    Calls: cv.glmnet ... NextMethod -> predict.glmnet -> [ -> [ -> subCsp_cols -> intI
    Execution halted
Flavor: r-patched-solaris-x86