CRAN Package Check Results for Package glmnet

Last updated on 2015-04-01 13:48:15.

Flavor Version Tinstall Tcheck Ttotal Status Flags
r-devel-linux-x86_64-debian-clang 1.9-8 17.83 50.02 67.84 NOTE
r-devel-linux-x86_64-debian-gcc 1.9-8 17.97 50.48 68.45 NOTE
r-devel-linux-x86_64-fedora-clang 1.9-8 132.11 NOTE
r-devel-linux-x86_64-fedora-gcc 1.9-8 137.03 NOTE
r-devel-osx-x86_64-clang 1.9-8 121.00 NOTE
r-prerel-windows-ix86+x86_64 1.9-8 48.00 98.00 146.00 NOTE
r-prerel-linux-x86_64 1.9-8 17.74 49.76 67.49 NOTE
r-prerel-solaris-sparc 1.9-8 995.10 NOTE
r-prerel-solaris-x86 1.9-8 165.40 NOTE
r-release-linux-x86_64 1.9-8 19.60 58.68 78.28 NOTE
r-release-osx-x86_64-mavericks 1.9-8 WARN
r-release-osx-x86_64-snowleopard 1.9-8 OK
r-release-windows-ix86+x86_64 1.9-8 44.00 111.00 155.00 NOTE
r-oldrel-windows-ix86+x86_64 1.9-8 37.00 112.00 149.00 OK

Check Details

Version: 1.9-8
Check: dependencies in R code
Result: NOTE
    'library' or 'require' call to ‘foreach’ in package code.
     Please use :: or requireNamespace() instead.
     See section 'Suggested packages' in the 'Writing R Extensions' manual.
Flavors: r-devel-linux-x86_64-debian-clang, r-devel-linux-x86_64-debian-gcc, r-devel-linux-x86_64-fedora-clang, r-devel-linux-x86_64-fedora-gcc, r-devel-osx-x86_64-clang, r-prerel-windows-ix86+x86_64, r-prerel-linux-x86_64, r-prerel-solaris-sparc, r-prerel-solaris-x86, r-release-linux-x86_64, r-release-windows-ix86+x86_64

Version: 1.9-8
Check: S3 generic/method consistency
Result: NOTE
    Found the following apparent S3 methods exported but not registered:
     predict.coxnet predict.elnet predict.fishnet predict.lognet
     predict.mrelnet predict.multnet
    See section ‘Registering S3 methods’ in the ‘Writing R Extensions’
    manual.
Flavors: r-devel-linux-x86_64-debian-clang, r-devel-linux-x86_64-debian-gcc, r-devel-linux-x86_64-fedora-clang, r-devel-linux-x86_64-fedora-gcc, r-devel-osx-x86_64-clang, r-prerel-linux-x86_64

Version: 1.9-8
Check: R code for possible problems
Result: NOTE
    cv.glmnet: no visible global function definition for ‘%dopar%’
    cv.glmnet: no visible global function definition for ‘foreach’
Flavors: r-devel-linux-x86_64-debian-clang, r-devel-linux-x86_64-debian-gcc, r-devel-linux-x86_64-fedora-clang, r-devel-linux-x86_64-fedora-gcc, r-devel-osx-x86_64-clang, r-prerel-windows-ix86+x86_64, r-prerel-linux-x86_64, r-prerel-solaris-sparc, r-prerel-solaris-x86, r-release-linux-x86_64, r-release-osx-x86_64-mavericks, r-release-windows-ix86+x86_64

Version: 1.9-8
Check: whether package can be installed
Result: WARN
    Found the following significant warnings:
     glmnet5.f90:2519:0: warning: control reaches end of non-void function [-Wreturn-type]
     glmnet5.f90:6130:0: warning: ‘__result_master.1.bnorm’ is used uninitialized in this function [-Wuninitialized]
     glmnet5.f90:6126:0: warning: ‘__result_master.1.bnorm’ is used uninitialized in this function [-Wuninitialized]
Flavor: r-release-osx-x86_64-mavericks