CRAN Package Check Results for Package glmnet

Last updated on 2015-03-01 08:48:51.

Flavor Version Tinstall Tcheck Ttotal Status Flags
r-devel-linux-x86_64-debian-clang 1.9-8 17.92 50.96 68.87 NOTE
r-devel-linux-x86_64-debian-gcc 1.9-8 17.82 49.55 67.37 NOTE
r-devel-linux-x86_64-fedora-clang 1.9-8 132.62 NOTE
r-devel-linux-x86_64-fedora-gcc 1.9-8 129.87 NOTE
r-devel-osx-x86_64-clang 1.9-8 116.80 NOTE
r-devel-windows-ix86+x86_64 1.9-8 46.00 98.00 144.00 NOTE
r-patched-linux-x86_64 1.9-8 18.86 60.22 79.08 NOTE
r-patched-solaris-sparc 1.9-8 1169.50 NOTE
r-patched-solaris-x86 1.9-8 210.20 NOTE
r-release-linux-ix86 1.9-8 25.14 77.27 102.41 NOTE
r-release-linux-x86_64 1.9-8 19.13 58.20 77.33 NOTE
r-release-osx-x86_64-mavericks 1.9-8 WARN
r-release-osx-x86_64-snowleopard 1.9-8 OK
r-release-windows-ix86+x86_64 1.9-8 39.00 120.00 159.00 NOTE
r-oldrel-windows-ix86+x86_64 1.9-8 36.00 129.00 165.00 OK

Check Details

Version: 1.9-8
Check: dependencies in R code
Result: NOTE
    'library' or 'require' call to ‘foreach’ in package code.
     Please use :: or requireNamespace() instead.
     See section 'Suggested packages' in the 'Writing R Extensions' manual.
Flavors: r-devel-linux-x86_64-debian-clang, r-devel-linux-x86_64-debian-gcc, r-devel-linux-x86_64-fedora-clang, r-devel-linux-x86_64-fedora-gcc, r-devel-osx-x86_64-clang, r-devel-windows-ix86+x86_64, r-patched-linux-x86_64, r-patched-solaris-sparc, r-patched-solaris-x86

Version: 1.9-8
Check: S3 generic/method consistency
Result: NOTE
    Found the following apparent S3 methods exported but not registered:
     predict.coxnet predict.elnet predict.fishnet predict.lognet
     predict.mrelnet predict.multnet
    See section ‘Registering S3 methods’ in the ‘Writing R Extensions’
    manual.
Flavors: r-devel-linux-x86_64-debian-clang, r-devel-linux-x86_64-debian-gcc, r-devel-linux-x86_64-fedora-clang, r-devel-linux-x86_64-fedora-gcc, r-devel-osx-x86_64-clang

Version: 1.9-8
Check: R code for possible problems
Result: NOTE
    cv.glmnet: no visible global function definition for ‘%dopar%’
    cv.glmnet: no visible global function definition for ‘foreach’
Flavors: r-devel-linux-x86_64-debian-clang, r-devel-linux-x86_64-debian-gcc, r-devel-linux-x86_64-fedora-clang, r-devel-linux-x86_64-fedora-gcc, r-devel-osx-x86_64-clang, r-devel-windows-ix86+x86_64, r-patched-linux-x86_64, r-patched-solaris-sparc, r-patched-solaris-x86, r-release-linux-ix86, r-release-linux-x86_64, r-release-osx-x86_64-mavericks, r-release-windows-ix86+x86_64

Version: 1.9-8
Check: whether package can be installed
Result: WARN
    Found the following significant warnings:
     glmnet5.f90:2519:0: warning: control reaches end of non-void function [-Wreturn-type]
     glmnet5.f90:6130:0: warning: ‘__result_master.1.bnorm’ is used uninitialized in this function [-Wuninitialized]
     glmnet5.f90:6126:0: warning: ‘__result_master.1.bnorm’ is used uninitialized in this function [-Wuninitialized]
Flavor: r-release-osx-x86_64-mavericks