CRAN Package Check Results for Package glmnet

Last updated on 2014-11-23 03:48:00.

Flavor Version Tinstall Tcheck Ttotal Status Flags
r-devel-linux-x86_64-debian-clang 1.9-8 18.68 56.26 74.94 NOTE
r-devel-linux-x86_64-debian-gcc 1.9-8 21.29 58.91 80.20 NOTE
r-devel-linux-x86_64-fedora-clang 1.9-8 163.72 NOTE
r-devel-linux-x86_64-fedora-gcc 1.9-8 156.50 NOTE
r-devel-osx-x86_64-clang 1.9-8 139.26 NOTE
r-devel-windows-ix86+x86_64 1.9-8 39.00 113.00 152.00 NOTE
r-patched-linux-x86_64 1.9-8 20.10 57.03 77.13 NOTE
r-patched-solaris-sparc 1.9-8 1143.10 NOTE
r-patched-solaris-x86 1.9-8 208.50 NOTE
r-release-linux-ix86 1.9-8 24.80 71.23 96.03 NOTE
r-release-linux-x86_64 1.9-8 18.72 57.80 76.51 NOTE
r-release-osx-x86_64-mavericks 1.9-8 WARN
r-release-osx-x86_64-snowleopard 1.9-8 OK
r-release-windows-ix86+x86_64 1.9-8 50.00 112.00 162.00 NOTE
r-oldrel-windows-ix86+x86_64 1.9-8 35.00 111.00 146.00 OK

Check Details

Version: 1.9-8
Check: R code for possible problems
Result: NOTE
    cv.glmnet: no visible global function definition for ‘%dopar%’
    cv.glmnet: no visible global function definition for ‘foreach’
Flavors: r-devel-linux-x86_64-debian-clang, r-devel-linux-x86_64-debian-gcc, r-devel-linux-x86_64-fedora-clang, r-devel-linux-x86_64-fedora-gcc, r-devel-osx-x86_64-clang, r-devel-windows-ix86+x86_64, r-patched-linux-x86_64, r-patched-solaris-sparc, r-patched-solaris-x86, r-release-linux-ix86, r-release-linux-x86_64, r-release-windows-ix86+x86_64

Version: 1.9-8
Check: whether package can be installed
Result: WARN
    Found the following significant warnings:
     glmnet5.f90:2519:0: warning: control reaches end of non-void function [-Wreturn-type]
     glmnet5.f90:6130:0: warning: ‘__result_master.1.bnorm’ is used uninitialized in this function [-Wuninitialized]
     glmnet5.f90:6126:0: warning: ‘__result_master.1.bnorm’ is used uninitialized in this function [-Wuninitialized]
Flavor: r-release-osx-x86_64-mavericks