CRAN Package Check Results for Package glmnet

Last updated on 2015-07-28 15:48:06.

Flavor Version Tinstall Tcheck Ttotal Status Flags
r-devel-linux-x86_64-debian-clang 2.0-2 20.62 62.48 83.10 NOTE
r-devel-linux-x86_64-debian-gcc 2.0-2 19.26 60.09 79.34 NOTE
r-devel-linux-x86_64-fedora-clang 2.0-2 151.25 NOTE
r-devel-linux-x86_64-fedora-gcc 2.0-2 147.94 NOTE
r-devel-osx-x86_64-clang 2.0-2 115.54 OK
r-devel-windows-ix86+x86_64 2.0-2 38.00 122.00 160.00 NOTE
r-patched-linux-x86_64 2.0-2 19.96 62.09 82.05 OK
r-patched-solaris-sparc 2.0-2 1287.50 OK
r-patched-solaris-x86 2.0-2 196.80 OK
r-release-linux-x86_64 2.0-2 19.84 61.12 80.97 OK
r-release-osx-x86_64-mavericks 2.0-2 WARN
r-release-windows-ix86+x86_64 2.0-2 48.00 178.00 226.00 OK
r-oldrel-windows-ix86+x86_64 2.0-2 39.00 146.00 185.00 OK

Check Details

Version: 2.0-2
Check: R code for possible problems
Result: NOTE
    auc: no visible global function definition for ‘runif’
    coef.cv.glmnet: no visible global function definition for ‘coef’
    coef.glmnet: no visible global function definition for ‘predict’
    cv.coxnet: no visible global function definition for ‘predict’
    cv.coxnet: no visible binding for global variable ‘weighted.mean’
    cv.elnet: no visible global function definition for ‘predict’
    cv.elnet: no visible binding for global variable ‘weighted.mean’
    cv.fishnet: no visible global function definition for ‘predict’
    cv.fishnet: no visible binding for global variable ‘weighted.mean’
    cv.glmnet: no visible global function definition for ‘predict’
    cv.glmnet: no visible binding for global variable ‘median’
    cv.lognet: no visible global function definition for ‘predict’
    cv.lognet: no visible binding for global variable ‘weighted.mean’
    cv.mrelnet: no visible global function definition for ‘predict’
    cv.mrelnet: no visible binding for global variable ‘weighted.mean’
    cv.multnet: no visible global function definition for ‘predict’
    cv.multnet: no visible binding for global variable ‘weighted.mean’
    cvcompute: no visible binding for global variable ‘weighted.mean’
    elnet: no visible global function definition for ‘weighted.mean’
    error.bars: no visible global function definition for ‘segments’
    getcoef: no visible global function definition for ‘new’
    getcoef.multinomial: no visible global function definition for ‘new’
    glmnet: no visible global function definition for ‘as’
    lambda.interp: no visible global function definition for ‘approx’
    mrelnet: no visible global function definition for ‘weighted.mean’
    plot.cv.glmnet: no visible global function definition for ‘points’
    plot.cv.glmnet: no visible global function definition for ‘axis’
    plot.cv.glmnet: no visible global function definition for ‘abline’
    plotCoef: no visible global function definition for ‘matplot’
    plotCoef: no visible global function definition for ‘approx’
    plotCoef: no visible global function definition for ‘axis’
    plotCoef: no visible global function definition for ‘text’
    predict.cv.glmnet: no visible global function definition for ‘predict’
    predict.glmnet: no visible global function definition for ‘as’
    predict.multnet: no visible global function definition for ‘as’
    rmult : <anonymous>: no visible global function definition for
     ‘rmultinom’
    zeromat: no visible global function definition for ‘new’
    Undefined global functions or variables:
     abline approx as axis coef matplot median new points predict
     rmultinom runif segments text weighted.mean
    Consider adding
     importFrom("graphics", "abline", "axis", "matplot", "points",
     "segments", "text")
     importFrom("methods", "as", "new")
     importFrom("stats", "approx", "coef", "median", "predict", "rmultinom",
     "runif", "weighted.mean")
    to your NAMESPACE.
Flavors: r-devel-linux-x86_64-debian-clang, r-devel-linux-x86_64-debian-gcc, r-devel-linux-x86_64-fedora-clang, r-devel-linux-x86_64-fedora-gcc, r-devel-windows-ix86+x86_64

Version: 2.0-2
Check: whether package can be installed
Result: WARN
    Found the following significant warnings:
     glmnet5.f90:2519:0: warning: control reaches end of non-void function [-Wreturn-type]
     glmnet5.f90:6130:0: warning: ‘__result_master.1.bnorm’ is used uninitialized in this function [-Wuninitialized]
     glmnet5.f90:6126:0: warning: ‘__result_master.1.bnorm’ is used uninitialized in this function [-Wuninitialized]
Flavor: r-release-osx-x86_64-mavericks