CRAN Package Check Results for Package glmnet

Last updated on 2014-07-24 03:48:48.

Flavor Version Tinstall Tcheck Ttotal Status Flags
r-devel-linux-x86_64-debian-clang 1.9-8 18.60 58.90 77.50 OK
r-devel-linux-x86_64-debian-gcc 1.9-8 18.62 57.77 76.39 OK
r-devel-linux-x86_64-fedora-clang 1.9-8 169.97 OK
r-devel-linux-x86_64-fedora-gcc 1.9-8 156.94 OK
r-devel-osx-x86_64-clang 1.9-8 134.15 OK
r-devel-windows-ix86+x86_64 1.9-8 39.00 109.00 148.00 OK
r-patched-linux-x86_64 1.9-8 18.66 58.05 76.71 OK
r-patched-solaris-sparc 1.9-8 1012.50 OK
r-patched-solaris-x86 1.9-8 211.10 OK
r-release-linux-ix86 1.9-8 26.38 72.96 99.34 OK
r-release-linux-x86_64 1.9-8 20.79 57.88 78.67 OK
r-release-osx-x86_64-mavericks 1.9-8 WARN
r-release-osx-x86_64-snowleopard 1.9-8 OK
r-release-windows-ix86+x86_64 1.9-8 37.00 114.00 151.00 OK
r-oldrel-windows-ix86+x86_64 1.9-8 39.00 117.00 156.00 OK

Check Details

Version: 1.9-8
Check: whether package can be installed
Result: WARNING
    Found the following significant warnings:
     glmnet5.f90:2519:0: warning: control reaches end of non-void function [-Wreturn-type]
     glmnet5.f90:6130:0: warning: ‘__result_master.1.bnorm’ is used uninitialized in this function [-Wuninitialized]
     glmnet5.f90:6126:0: warning: ‘__result_master.1.bnorm’ is used uninitialized in this function [-Wuninitialized]
    See ‘/Builds/CRAN-QA-Simon/packages/mavericks-x86_64/results/3.1/glmnet.Rcheck/00install.out’ for details.
Flavor: r-release-osx-x86_64-mavericks