CRAN Package Check Results for Package glmnet

Last updated on 2015-01-27 11:49:51.

Flavor Version Tinstall Tcheck Ttotal Status Flags
r-devel-linux-x86_64-debian-clang 1.9-8 18.49 54.70 73.19 NOTE
r-devel-linux-x86_64-debian-gcc 1.9-8 18.76 52.30 71.06 NOTE
r-devel-linux-x86_64-fedora-clang 1.9-8 156.59 NOTE
r-devel-linux-x86_64-fedora-gcc 1.9-8 154.33 NOTE
r-devel-osx-x86_64-clang 1.9-8 136.34 NOTE
r-devel-windows-ix86+x86_64 1.9-8 38.00 99.00 137.00 NOTE
r-patched-linux-x86_64 1.9-8 19.00 59.66 78.66 NOTE
r-patched-solaris-sparc 1.9-8 1169.30 NOTE
r-patched-solaris-x86 1.9-8 210.70 NOTE
r-release-linux-ix86 1.9-8 24.94 70.61 95.54 NOTE
r-release-linux-x86_64 1.9-8 19.00 58.99 77.99 NOTE
r-release-osx-x86_64-mavericks 1.9-8 WARN
r-release-osx-x86_64-snowleopard 1.9-8 OK
r-release-windows-ix86+x86_64 1.9-8 38.00 119.00 157.00 NOTE
r-oldrel-windows-ix86+x86_64 1.9-8 51.00 157.00 208.00 OK

Check Details

Version: 1.9-8
Check: dependencies in R code
Result: NOTE
    'library' or 'require' call to ‘foreach’ in package code.
     Please use :: or requireNamespace() instead.
     See section 'Suggested packages' in the 'Writing R Extensions' manual.
Flavors: r-devel-linux-x86_64-debian-clang, r-devel-linux-x86_64-debian-gcc, r-devel-linux-x86_64-fedora-clang, r-devel-linux-x86_64-fedora-gcc, r-devel-osx-x86_64-clang, r-devel-windows-ix86+x86_64

Version: 1.9-8
Check: R code for possible problems
Result: NOTE
    cv.glmnet: no visible global function definition for ‘%dopar%’
    cv.glmnet: no visible global function definition for ‘foreach’
Flavors: r-devel-linux-x86_64-debian-clang, r-devel-linux-x86_64-debian-gcc, r-devel-linux-x86_64-fedora-clang, r-devel-linux-x86_64-fedora-gcc, r-devel-osx-x86_64-clang, r-devel-windows-ix86+x86_64, r-patched-linux-x86_64, r-patched-solaris-sparc, r-patched-solaris-x86, r-release-linux-ix86, r-release-linux-x86_64, r-release-osx-x86_64-mavericks, r-release-windows-ix86+x86_64

Version: 1.9-8
Check: S3 generic/method consistency
Result: NOTE
    Found the following apparent S3 methods exported but not registered:
     predict.coxnet predict.elnet predict.fishnet predict.lognet
     predict.mrelnet predict.multnet
    See section ‘Registering S3 methods’ in the ‘Writing R Extensions’
    manual.
Flavors: r-devel-linux-x86_64-debian-gcc, r-devel-linux-x86_64-fedora-clang, r-devel-linux-x86_64-fedora-gcc, r-devel-osx-x86_64-clang

Version: 1.9-8
Check: whether package can be installed
Result: WARN
    Found the following significant warnings:
     glmnet5.f90:2519:0: warning: control reaches end of non-void function [-Wreturn-type]
     glmnet5.f90:6130:0: warning: ‘__result_master.1.bnorm’ is used uninitialized in this function [-Wuninitialized]
     glmnet5.f90:6126:0: warning: ‘__result_master.1.bnorm’ is used uninitialized in this function [-Wuninitialized]
Flavor: r-release-osx-x86_64-mavericks