CRAN Package Check Results for Package glmnet

Last updated on 2014-04-23 20:47:13.

Flavor Version Tinstall Tcheck Ttotal Status Flags
r-devel-linux-x86_64-debian-clang 1.9-5 20.18 61.21 81.39 OK
r-devel-linux-x86_64-debian-gcc 1.9-5 19.98 59.49 79.46 OK
r-devel-linux-x86_64-fedora-clang 1.9-5 165.58 OK
r-devel-linux-x86_64-fedora-gcc 1.9-5 159.74 OK
r-devel-osx-x86_64-clang 1.9-5 125.31 OK
r-devel-osx-x86_64-gcc 1.9-5 NOTE
r-devel-windows-ix86+x86_64 1.9-5 39.00 108.00 147.00 OK
r-patched-linux-x86_64 1.9-5 20.29 58.89 79.18 OK
r-patched-solaris-sparc 1.9-5 1137.60 OK
r-patched-solaris-x86 1.9-5 209.30 OK
r-release-linux-ix86 1.9-5 34.00 96.00 130.00 OK
r-release-linux-x86_64 1.9-5 21.41 60.39 81.80 OK
r-release-osx-x86_64-mavericks 1.9-5 WARN
r-release-windows-ix86+x86_64 1.9-5 36.00 108.00 144.00 OK
r-oldrel-windows-ix86+x86_64 1.9-5 38.00 116.00 154.00 OK

Memtest notes: valgrind

Check Details

Version: 1.9-5
Check: package dependencies
Result: NOTE
    Package suggested but not available for checking: ‘foreach’
Flavors: r-devel-osx-x86_64-gcc, r-release-osx-x86_64-mavericks

Version: 1.9-5
Check: R code for possible problems
Result: NOTE
    cv.glmnet: no visible global function definition for ‘%dopar%’
    cv.glmnet: no visible global function definition for ‘foreach’
Flavors: r-devel-osx-x86_64-gcc, r-release-osx-x86_64-mavericks

Version: 1.9-5
Check: whether package can be installed
Result: WARNING
    Found the following significant warnings:
     glmnet3.f90:6128:0: warning: ‘__result_master.1.bnorm’ is used uninitialized in this function [-Wuninitialized]
     glmnet3.f90:6124:0: warning: ‘__result_master.1.bnorm’ is used uninitialized in this function [-Wuninitialized]
    See ‘/Builds/CRAN-QA-Simon/packages/mavericks-x86_64/results/3.1/glmnet.Rcheck/00install.out’ for details.
Flavor: r-release-osx-x86_64-mavericks

Version: 1.9-5
Check: PDF version of manual
Result: WARNING
    LaTeX errors when creating PDF version.
    This typically indicates Rd problems.
    LaTeX errors found:
    ! LaTeX Error: File `upquote.sty' not found.
    
    Type X to quit or <RETURN> to proceed,
    or enter new name. (Default extension: sty)
    
    08af9e7/Rd2.tex:8: ==> Fatal error occurred, no output PDF file produced!
Flavor: r-release-osx-x86_64-mavericks