Last updated on 2023-12-08 19:51:37 CET.
Flavor | Version | Tinstall | Tcheck | Ttotal | Status | Flags |
---|---|---|---|---|---|---|
r-devel-linux-x86_64-debian-clang | 4.1-8 | 141.36 | 282.47 | 423.83 | OK | |
r-devel-linux-x86_64-debian-gcc | 4.1-8 | 113.56 | 223.01 | 336.57 | OK | |
r-devel-linux-x86_64-fedora-clang | 4.1-8 | 541.92 | OK | |||
r-devel-linux-x86_64-fedora-gcc | 4.1-8 | 582.12 | OK | |||
r-devel-windows-x86_64 | 4.1-8 | 100.00 | 383.00 | 483.00 | OK | |
r-patched-linux-x86_64 | 4.1-8 | 123.09 | 286.99 | 410.08 | OK | |
r-release-linux-x86_64 | 4.1-8 | 123.50 | 285.37 | 408.87 | OK | |
r-release-macos-arm64 | 4.1-8 | 173.00 | NOTE | |||
r-release-macos-x86_64 | 4.1-8 | 318.00 | NOTE | |||
r-release-windows-x86_64 | 4.1-8 | 128.00 | 318.00 | 446.00 | OK | |
r-oldrel-macos-arm64 | 4.1-8 | 131.00 | NOTE | |||
r-oldrel-macos-x86_64 | 4.1-8 | 185.00 | NOTE | |||
r-oldrel-windows-x86_64 | 4.1-8 | 118.00 | 310.00 | 428.00 | OK |
Version: 4.1-8
Check: installed package size
Result: NOTE
installed size is 33.8Mb
sub-directories of 1Mb or more:
libs 31.8Mb
Flavors: r-release-macos-arm64, r-release-macos-x86_64, r-oldrel-macos-arm64, r-oldrel-macos-x86_64