CRAN Package Check Results for Package glmnet

Last updated on 2014-09-03 05:47:43.

Flavor Version Tinstall Tcheck Ttotal Status Flags
r-devel-linux-x86_64-debian-clang 1.9-8 18.60 56.27 74.86 NOTE
r-devel-linux-x86_64-debian-gcc 1.9-8 19.82 55.37 75.19 NOTE
r-devel-linux-x86_64-fedora-clang 1.9-8 165.00 NOTE
r-devel-linux-x86_64-fedora-gcc 1.9-8 154.72 NOTE
r-devel-osx-x86_64-clang 1.9-8 130.68 NOTE
r-devel-windows-ix86+x86_64 1.9-8 39.00 112.00 151.00 NOTE
r-patched-linux-x86_64 1.9-8 18.88 53.16 72.04 ERROR
r-patched-solaris-sparc 1.9-8 1148.50 OK
r-patched-solaris-x86 1.9-8 213.60 OK
r-release-linux-ix86 1.9-8 26.45 72.96 99.41 OK
r-release-linux-x86_64 1.9-8 18.85 61.65 80.50 OK
r-release-osx-x86_64-mavericks 1.9-8 WARN
r-release-osx-x86_64-snowleopard 1.9-8 OK
r-release-windows-ix86+x86_64 1.9-8 38.00 114.00 152.00 OK
r-oldrel-windows-ix86+x86_64 1.9-8 40.00 112.00 152.00 OK

Check Details

Version: 1.9-8
Check: R code for possible problems
Result: NOTE
    cv.glmnet: no visible global function definition for ‘%dopar%’
    cv.glmnet: no visible global function definition for ‘foreach’
Flavors: r-devel-linux-x86_64-debian-clang, r-devel-linux-x86_64-debian-gcc, r-devel-linux-x86_64-fedora-clang, r-devel-linux-x86_64-fedora-gcc, r-devel-osx-x86_64-clang, r-devel-windows-ix86+x86_64

Version: 1.9-8
Check: running R code from vignettes
Result: ERROR
    Errors in running code in vignettes:
    when running code in ‘Coxnet.rnw’
     ...
    
    > fit <- glmnet(x, Surv(time, status), family = "cox",
    + maxit = 1000)
    Warning: from glmnet Fortran code (error code -42); Convergence for 42th lambda value not reached after maxit=1000 iterations; solutions for larger lambdas returned
    
    > plot(cv.fit)
    
     When sourcing ‘Coxnet.R’:
    Error: need finite 'ylim' values
    Execution halted
Flavor: r-patched-linux-x86_64

Version: 1.9-8
Check: whether package can be installed
Result: WARN
    Found the following significant warnings:
     glmnet5.f90:2519:0: warning: control reaches end of non-void function [-Wreturn-type]
     glmnet5.f90:6130:0: warning: ‘__result_master.1.bnorm’ is used uninitialized in this function [-Wuninitialized]
     glmnet5.f90:6126:0: warning: ‘__result_master.1.bnorm’ is used uninitialized in this function [-Wuninitialized]
Flavor: r-release-osx-x86_64-mavericks