CRAN Package Check Results for Package glmnetcr

Last updated on 2018-02-18 22:47:35 CET.

Flavor Version Tinstall Tcheck Ttotal Status Flags
r-devel-linux-x86_64-debian-clang 1.0.3 7.33 144.21 151.54 OK
r-devel-linux-x86_64-debian-gcc 1.0.3 7.35 107.42 114.77 OK
r-devel-linux-x86_64-fedora-clang 1.0.3 180.22 OK
r-devel-linux-x86_64-fedora-gcc 1.0.3 171.93 OK
r-devel-windows-ix86+x86_64 1.0.3 10.00 154.00 164.00 OK
r-patched-linux-x86_64 1.0.3 7.34 145.97 153.31 OK
r-patched-solaris-x86 1.0.3 263.30 OK
r-release-linux-x86_64 1.0.3 7.70 138.33 146.03 OK
r-release-windows-ix86+x86_64 1.0.3 18.00 213.00 231.00 OK
r-release-osx-x86_64 1.0.3 NOTE
r-oldrel-windows-ix86+x86_64 1.0.3 10.00 203.00 213.00 OK
r-oldrel-osx-x86_64 1.0.3 OK

Check Details

Version: 1.0.3
Check: re-building of vignette outputs
Result: NOTE
    Error in re-building vignettes:
     ...
    Loading required package: glmnet
    Loading required package: Matrix
    Loading required package: foreach
    Loaded glmnet 2.0-10
    
    Warning: from glmnet Fortran code (error code -26); Convergence for 26th lambda value not reached after maxit=100 iterations; solutions for larger lambdas returned
    Warning: from glmnet Fortran code (error code -26); Convergence for 26th lambda value not reached after maxit=100 iterations; solutions for larger lambdas returned
    Error in texi2dvi(file = file, pdf = TRUE, clean = clean, quiet = quiet, :
     Running 'texi2dvi' on 'glmnetcr.tex' failed.
    LaTeX errors:
    ! LaTeX Error: File `a4wide.sty' not found.
    
    Type X to quit or <RETURN> to proceed,
    or enter new name. (Default extension: sty)
    
    ! Emergency stop.
    <read *>
    
    l.31 ^^M
    
    ! ==> Fatal error occurred, no output PDF file produced!
    Calls: buildVignettes -> texi2pdf -> texi2dvi
    Execution halted
Flavor: r-release-osx-x86_64