CRAN Package Check Results for Package glmnetcr

Last updated on 2016-07-31 10:46:52.

Flavor Version Tinstall Tcheck Ttotal Status Flags
r-devel-linux-x86_64-debian-clang 1.0.2 5.17 84.48 89.65 NOTE
r-devel-linux-x86_64-debian-gcc 1.0.2 5.74 82.42 88.16 NOTE
r-devel-linux-x86_64-fedora-clang 1.0.2 186.04 NOTE
r-devel-linux-x86_64-fedora-gcc 1.0.2 170.58 NOTE
r-devel-osx-x86_64-clang 1.0.2 150.81 NOTE
r-devel-windows-ix86+x86_64 1.0.2 12.00 143.00 155.00 NOTE
r-patched-linux-x86_64 1.0.2 6.40 82.38 88.78 NOTE
r-patched-solaris-sparc 1.0.2 1111.90 NOTE
r-patched-solaris-x86 1.0.2 240.70 NOTE
r-release-linux-x86_64 1.0.2 7.38 92.18 99.56 NOTE
r-release-osx-x86_64-mavericks 1.0.2 NOTE
r-release-windows-ix86+x86_64 1.0.2 15.00 209.00 224.00 NOTE
r-oldrel-windows-ix86+x86_64 1.0.2 16.00 218.00 234.00 NOTE

Check Details

Version: 1.0.2
Check: dependencies in R code
Result: NOTE
    Package in Depends field not imported from: ‘glmnet’
     These packages need to be imported from (in the NAMESPACE file)
     for when this namespace is loaded but not attached.
Flavors: r-devel-linux-x86_64-debian-clang, r-devel-linux-x86_64-debian-gcc, r-devel-linux-x86_64-fedora-clang, r-devel-linux-x86_64-fedora-gcc, r-devel-osx-x86_64-clang, r-devel-windows-ix86+x86_64, r-patched-linux-x86_64, r-patched-solaris-sparc, r-patched-solaris-x86, r-release-linux-x86_64, r-release-osx-x86_64-mavericks, r-release-windows-ix86+x86_64, r-oldrel-windows-ix86+x86_64

Version: 1.0.2
Check: R code for possible problems
Result: NOTE
    glmnet.cr: no visible global function definition for ‘glmnet’
    plot.glmnet.cr: no visible binding for global variable ‘sd’
    plot.glmnet.cr: no visible global function definition for ‘predict’
    plot.glmnet.cr: no visible global function definition for ‘plot’
    plot.glmnet.cr: no visible global function definition for ‘title’
    plot.glmnet.cr: no visible global function definition for ‘matplot’
    plot.glmnet.cr: no visible global function definition for ‘abline’
    plot.glmnet.cr: no visible global function definition for ‘axis’
    Undefined global functions or variables:
     abline axis glmnet matplot plot predict sd title
    Consider adding
     importFrom("graphics", "abline", "axis", "matplot", "plot", "title")
     importFrom("stats", "predict", "sd")
    to your NAMESPACE file.
Flavors: r-devel-linux-x86_64-debian-clang, r-devel-linux-x86_64-debian-gcc, r-devel-linux-x86_64-fedora-clang, r-devel-linux-x86_64-fedora-gcc, r-devel-osx-x86_64-clang, r-devel-windows-ix86+x86_64, r-patched-linux-x86_64, r-patched-solaris-sparc, r-patched-solaris-x86, r-release-linux-x86_64, r-release-osx-x86_64-mavericks, r-release-windows-ix86+x86_64

Version: 1.0.2
Check: R code for possible problems
Result: NOTE
    glmnet.cr: no visible global function definition for 'glmnet'
Flavor: r-oldrel-windows-ix86+x86_64