CRAN Package Check Results for Package glmnetcr

Last updated on 2015-01-30 09:54:20.

Flavor Version Tinstall Tcheck Ttotal Status Flags
r-devel-linux-x86_64-debian-clang 1.0.2 6.46 98.88 105.34 NOTE
r-devel-linux-x86_64-debian-gcc 1.0.2 6.20 96.93 103.13 NOTE
r-devel-linux-x86_64-fedora-clang 1.0.2 241.65 NOTE
r-devel-linux-x86_64-fedora-gcc 1.0.2 233.70 NOTE
r-devel-osx-x86_64-clang 1.0.2 215.27 NOTE
r-devel-windows-ix86+x86_64 1.0.2 17.00 157.00 174.00 NOTE
r-patched-linux-x86_64 1.0.2 6.12 107.48 113.60 NOTE
r-patched-solaris-sparc 1.0.2 1432.20 NOTE
r-patched-solaris-x86 1.0.2 334.60 NOTE
r-release-linux-ix86 1.0.2 7.07 118.82 125.90 NOTE
r-release-linux-x86_64 1.0.2 76.35 105.62 181.98 NOTE
r-release-osx-x86_64-mavericks 1.0.2 NOTE
r-release-osx-x86_64-snowleopard 1.0.2 OK
r-release-windows-ix86+x86_64 1.0.2 14.00 164.00 178.00 NOTE
r-oldrel-windows-ix86+x86_64 1.0.2 14.00 152.00 166.00 NOTE

Check Details

Version: 1.0.2
Check: dependencies in R code
Result: NOTE
    Package in Depends field not imported from: ‘glmnet’
     These packages need to be imported from (in the NAMESPACE file)
     for when this namespace is loaded but not attached.
Flavors: r-devel-linux-x86_64-debian-clang, r-devel-linux-x86_64-debian-gcc, r-devel-linux-x86_64-fedora-clang, r-devel-linux-x86_64-fedora-gcc, r-devel-osx-x86_64-clang, r-devel-windows-ix86+x86_64

Version: 1.0.2
Check: R code for possible problems
Result: NOTE
    glmnet.cr: no visible global function definition for ‘glmnet’
Flavors: r-devel-linux-x86_64-debian-clang, r-devel-linux-x86_64-debian-gcc, r-devel-linux-x86_64-fedora-clang, r-devel-linux-x86_64-fedora-gcc, r-devel-osx-x86_64-clang, r-devel-windows-ix86+x86_64, r-patched-linux-x86_64, r-patched-solaris-sparc, r-patched-solaris-x86, r-release-linux-ix86, r-release-linux-x86_64, r-release-osx-x86_64-mavericks, r-release-windows-ix86+x86_64

Version: 1.0.2
Check: dependencies in R code
Result: NOTE
    Package in Depends field not imported from: ‘glmnet’
     These packages need to be imported from (in the NAMESPACE file)
     for when this namespace is loaded but not attached.
    See the information on DESCRIPTION files in the chapter ‘Creating R
    packages’ of the ‘Writing R Extensions’ manual.
Flavors: r-patched-linux-x86_64, r-patched-solaris-sparc, r-patched-solaris-x86, r-release-linux-ix86, r-release-linux-x86_64, r-release-osx-x86_64-mavericks, r-release-windows-ix86+x86_64, r-oldrel-windows-ix86+x86_64