CRAN Package Check Results for Package glmnetcr

Last updated on 2014-12-19 08:48:31.

Flavor Version Tinstall Tcheck Ttotal Status Flags
r-devel-linux-x86_64-debian-clang 1.0.2 6.50 105.73 112.23 NOTE
r-devel-linux-x86_64-debian-gcc 1.0.2 5.90 99.10 105.00 NOTE
r-devel-linux-x86_64-fedora-clang 1.0.2 247.84 NOTE
r-devel-linux-x86_64-fedora-gcc 1.0.2 214.36 NOTE
r-devel-osx-x86_64-clang 1.0.2 215.27 NOTE
r-devel-windows-ix86+x86_64 1.0.2 13.00 159.00 172.00 NOTE
r-patched-linux-x86_64 1.0.2 6.63 105.70 112.33 NOTE
r-patched-solaris-sparc 1.0.2 1414.40 NOTE
r-patched-solaris-x86 1.0.2 332.30 NOTE
r-release-linux-ix86 1.0.2 7.20 117.11 124.32 NOTE
r-release-linux-x86_64 1.0.2 6.29 105.19 111.48 NOTE
r-release-osx-x86_64-mavericks 1.0.2 NOTE
r-release-osx-x86_64-snowleopard 1.0.2 OK
r-release-windows-ix86+x86_64 1.0.2 14.00 174.00 188.00 NOTE
r-oldrel-windows-ix86+x86_64 1.0.2 14.00 150.00 164.00 NOTE

Check Details

Version: 1.0.2
Check: dependencies in R code
Result: NOTE
    Package in Depends field not imported from: ‘glmnet’
     These packages need to be imported from (in the NAMESPACE file)
     for when this namespace is loaded but not attached.
    See the information on DESCRIPTION files in the chapter ‘Creating R
    packages’ of the ‘Writing R Extensions’ manual.
Flavors: r-devel-linux-x86_64-debian-clang, r-devel-linux-x86_64-debian-gcc, r-devel-linux-x86_64-fedora-clang, r-devel-linux-x86_64-fedora-gcc, r-devel-osx-x86_64-clang, r-devel-windows-ix86+x86_64, r-patched-linux-x86_64, r-patched-solaris-sparc, r-patched-solaris-x86, r-release-linux-ix86, r-release-linux-x86_64, r-release-osx-x86_64-mavericks, r-release-windows-ix86+x86_64, r-oldrel-windows-ix86+x86_64

Version: 1.0.2
Check: R code for possible problems
Result: NOTE
    glmnet.cr: no visible global function definition for ‘glmnet’
Flavors: r-devel-linux-x86_64-debian-clang, r-devel-linux-x86_64-debian-gcc, r-devel-linux-x86_64-fedora-clang, r-devel-linux-x86_64-fedora-gcc, r-devel-osx-x86_64-clang, r-devel-windows-ix86+x86_64, r-patched-linux-x86_64, r-patched-solaris-sparc, r-patched-solaris-x86, r-release-linux-ix86, r-release-linux-x86_64, r-release-windows-ix86+x86_64

Version: 1.0.2
Check: re-building of vignette outputs
Result: NOTE
    Error in re-building vignettes:
     ...
    Loading required package: glmnet
    Loading required package: Matrix
    Loaded glmnet 1.9-5
    
    Warning: from glmnet Fortran code (error code -26); Convergence for 26th lambda value not reached after maxit=100 iterations; solutions for larger lambdas returned
    Warning: from glmnet Fortran code (error code -26); Convergence for 26th lambda value not reached after maxit=100 iterations; solutions for larger lambdas returned
    Error in texi2dvi(file = file, pdf = TRUE, clean = clean, quiet = quiet, :
     Running 'texi2dvi' on 'glmnetcr.tex' failed.
    LaTeX errors:
    ! LaTeX Error: File `a4wide.sty' not found.
    
    Type X to quit or <RETURN> to proceed,
    or enter new name. (Default extension: sty)
    
    n_test/glmnetcr/vignettes/glmnetcr.tex:30: ==> Fatal error occurred, no output
     PDF file produced!
    Calls: buildVignettes -> texi2pdf -> texi2dvi
    Execution halted
Flavor: r-release-osx-x86_64-mavericks