CRAN Package Check Results for Package glmnetcr

Last updated on 2017-01-24 06:53:33.

Flavor Version Tinstall Tcheck Ttotal Status Flags
r-devel-linux-x86_64-debian-clang 1.0.2 5.08 85.96 91.04 NOTE
r-devel-linux-x86_64-debian-gcc 1.0.2 5.64 82.20 87.84 NOTE
r-devel-linux-x86_64-fedora-clang 1.0.2 190.12 NOTE --no-stop-on-test-error
r-devel-linux-x86_64-fedora-gcc 1.0.2 182.93 NOTE --no-stop-on-test-error
r-devel-macos-x86_64-clang 1.0.2 146.99 NOTE --no-stop-on-test-error
r-devel-windows-ix86+x86_64 1.0.2 17.00 217.00 234.00 NOTE
r-patched-linux-x86_64 1.0.2 5.49 79.50 84.98 NOTE
r-patched-solaris-sparc 1.0.2 1132.80 NOTE
r-patched-solaris-x86 1.0.2 226.40 NOTE
r-release-linux-x86_64 1.0.2 5.71 84.07 89.78 NOTE
r-release-osx-x86_64-mavericks 1.0.2 NOTE
r-release-windows-ix86+x86_64 1.0.2 19.00 183.00 202.00 NOTE
r-oldrel-windows-ix86+x86_64 1.0.2 22.00 248.00 270.00 NOTE

Check Details

Version: 1.0.2
Check: dependencies in R code
Result: NOTE
    Package in Depends field not imported from: ‘glmnet’
     These packages need to be imported from (in the NAMESPACE file)
     for when this namespace is loaded but not attached.
Flavors: r-devel-linux-x86_64-debian-clang, r-devel-linux-x86_64-debian-gcc, r-devel-windows-ix86+x86_64, r-patched-linux-x86_64, r-patched-solaris-sparc, r-patched-solaris-x86, r-release-linux-x86_64, r-release-osx-x86_64-mavericks, r-release-windows-ix86+x86_64, r-oldrel-windows-ix86+x86_64

Version: 1.0.2
Check: R code for possible problems
Result: NOTE
    glmnet.cr: no visible global function definition for ‘glmnet’
    plot.glmnet.cr: no visible binding for global variable ‘sd’
    plot.glmnet.cr: no visible global function definition for ‘predict’
    plot.glmnet.cr: no visible global function definition for ‘plot’
    plot.glmnet.cr: no visible global function definition for ‘title’
    plot.glmnet.cr: no visible global function definition for ‘matplot’
    plot.glmnet.cr: no visible global function definition for ‘abline’
    plot.glmnet.cr: no visible global function definition for ‘axis’
    Undefined global functions or variables:
     abline axis glmnet matplot plot predict sd title
    Consider adding
     importFrom("graphics", "abline", "axis", "matplot", "plot", "title")
     importFrom("stats", "predict", "sd")
    to your NAMESPACE file.
Flavors: r-devel-linux-x86_64-debian-clang, r-devel-linux-x86_64-debian-gcc, r-devel-windows-ix86+x86_64, r-patched-linux-x86_64, r-patched-solaris-sparc, r-patched-solaris-x86, r-release-linux-x86_64, r-release-osx-x86_64-mavericks, r-release-windows-ix86+x86_64

Version: 1.0.2
Flags: --no-stop-on-test-error
Check: dependencies in R code
Result: NOTE
    Package in Depends field not imported from: ‘glmnet’
     These packages need to be imported from (in the NAMESPACE file)
     for when this namespace is loaded but not attached.
Flavors: r-devel-linux-x86_64-fedora-clang, r-devel-linux-x86_64-fedora-gcc, r-devel-macos-x86_64-clang

Version: 1.0.2
Flags: --no-stop-on-test-error
Check: R code for possible problems
Result: NOTE
    glmnet.cr: no visible global function definition for ‘glmnet’
    plot.glmnet.cr: no visible binding for global variable ‘sd’
    plot.glmnet.cr: no visible global function definition for ‘predict’
    plot.glmnet.cr: no visible global function definition for ‘plot’
    plot.glmnet.cr: no visible global function definition for ‘title’
    plot.glmnet.cr: no visible global function definition for ‘matplot’
    plot.glmnet.cr: no visible global function definition for ‘abline’
    plot.glmnet.cr: no visible global function definition for ‘axis’
    Undefined global functions or variables:
     abline axis glmnet matplot plot predict sd title
    Consider adding
     importFrom("graphics", "abline", "axis", "matplot", "plot", "title")
     importFrom("stats", "predict", "sd")
    to your NAMESPACE file.
Flavors: r-devel-linux-x86_64-fedora-clang, r-devel-linux-x86_64-fedora-gcc, r-devel-macos-x86_64-clang

Version: 1.0.2
Check: R code for possible problems
Result: NOTE
    glmnet.cr: no visible global function definition for 'glmnet'
Flavor: r-oldrel-windows-ix86+x86_64