CRAN Package Check Results for Package glmnetcr

Last updated on 2015-09-01 09:47:50.

Flavor Version Tinstall Tcheck Ttotal Status Flags
r-devel-linux-x86_64-debian-clang 1.0.2 5.25 87.04 92.30 NOTE
r-devel-linux-x86_64-debian-gcc 1.0.2 5.23 81.72 86.96 NOTE
r-devel-linux-x86_64-fedora-clang 1.0.2 188.89 NOTE
r-devel-linux-x86_64-fedora-gcc 1.0.2 188.78 NOTE
r-devel-osx-x86_64-clang 1.0.2 175.19 NOTE
r-devel-windows-ix86+x86_64 1.0.2 18.00 165.00 183.00 NOTE
r-patched-linux-x86_64 1.0.2 5.80 86.93 92.73 NOTE
r-patched-solaris-sparc 1.0.2 1239.40 NOTE
r-patched-solaris-x86 1.0.2 276.90 NOTE
r-release-linux-x86_64 1.0.2 5.74 89.29 95.02 NOTE
r-release-osx-x86_64-mavericks 1.0.2 NOTE
r-release-windows-ix86+x86_64 1.0.2 17.00 172.00 189.00 NOTE
r-oldrel-windows-ix86+x86_64 1.0.2 21.00 179.00 200.00 NOTE

Check Details

Version: 1.0.2
Check: dependencies in R code
Result: NOTE
    Package in Depends field not imported from: ‘glmnet’
     These packages need to be imported from (in the NAMESPACE file)
     for when this namespace is loaded but not attached.
Flavors: r-devel-linux-x86_64-debian-clang, r-devel-linux-x86_64-debian-gcc, r-devel-linux-x86_64-fedora-clang, r-devel-linux-x86_64-fedora-gcc, r-devel-osx-x86_64-clang, r-devel-windows-ix86+x86_64, r-patched-linux-x86_64, r-patched-solaris-sparc, r-patched-solaris-x86, r-release-linux-x86_64, r-release-osx-x86_64-mavericks, r-release-windows-ix86+x86_64, r-oldrel-windows-ix86+x86_64

Version: 1.0.2
Check: R code for possible problems
Result: NOTE
    glmnet.cr: no visible global function definition for ‘glmnet’
    plot.glmnet.cr: no visible binding for global variable ‘sd’
    plot.glmnet.cr: no visible global function definition for ‘predict’
    plot.glmnet.cr: no visible global function definition for ‘plot’
    plot.glmnet.cr: no visible global function definition for ‘title’
    plot.glmnet.cr: no visible global function definition for ‘matplot’
    plot.glmnet.cr: no visible global function definition for ‘abline’
    plot.glmnet.cr: no visible global function definition for ‘axis’
    Undefined global functions or variables:
     abline axis glmnet matplot plot predict sd title
    Consider adding
     importFrom("graphics", "abline", "axis", "matplot", "plot", "title")
     importFrom("stats", "predict", "sd")
    to your NAMESPACE.
Flavors: r-devel-linux-x86_64-debian-clang, r-devel-linux-x86_64-debian-gcc, r-devel-linux-x86_64-fedora-clang, r-devel-linux-x86_64-fedora-gcc, r-devel-windows-ix86+x86_64

Version: 1.0.2
Check: R code for possible problems
Result: NOTE
    glmnet.cr: no visible global function definition for ‘glmnet’
    Undefined global functions or variables:
     glmnet
Flavor: r-devel-osx-x86_64-clang

Version: 1.0.2
Check: R code for possible problems
Result: NOTE
    glmnet.cr: no visible global function definition for ‘glmnet’
Flavors: r-patched-linux-x86_64, r-patched-solaris-sparc, r-patched-solaris-x86, r-release-linux-x86_64, r-release-osx-x86_64-mavericks, r-release-windows-ix86+x86_64, r-oldrel-windows-ix86+x86_64