CRAN Package Check Results for Package glmnetcr

Last updated on 2016-08-24 09:47:03.

Flavor Version Tinstall Tcheck Ttotal Status Flags
r-devel-linux-x86_64-debian-clang 1.0.2 5.64 86.97 92.60 NOTE
r-devel-linux-x86_64-debian-gcc 1.0.2 5.60 81.01 86.61 NOTE
r-devel-linux-x86_64-fedora-clang 1.0.2 189.63 NOTE
r-devel-linux-x86_64-fedora-gcc 1.0.2 178.04 NOTE
r-devel-osx-x86_64-clang 1.0.2 152.17 NOTE
r-devel-windows-ix86+x86_64 1.0.2 15.00 191.00 206.00 NOTE
r-patched-linux-x86_64 1.0.2 5.63 83.75 89.38 NOTE
r-patched-solaris-sparc 1.0.2 1111.90 NOTE
r-patched-solaris-x86 1.0.2 237.80 NOTE
r-release-linux-x86_64 1.0.2 6.32 81.31 87.63 NOTE
r-release-osx-x86_64-mavericks 1.0.2 NOTE
r-release-windows-ix86+x86_64 1.0.2 16.00 191.00 207.00 NOTE
r-oldrel-windows-ix86+x86_64 1.0.2 17.00 146.00 163.00 NOTE

Check Details

Version: 1.0.2
Check: dependencies in R code
Result: NOTE
    Package in Depends field not imported from: ‘glmnet’
     These packages need to be imported from (in the NAMESPACE file)
     for when this namespace is loaded but not attached.
Flavors: r-devel-linux-x86_64-debian-clang, r-devel-linux-x86_64-debian-gcc, r-devel-linux-x86_64-fedora-clang, r-devel-linux-x86_64-fedora-gcc, r-devel-osx-x86_64-clang, r-devel-windows-ix86+x86_64, r-patched-linux-x86_64, r-patched-solaris-sparc, r-patched-solaris-x86, r-release-linux-x86_64, r-release-osx-x86_64-mavericks, r-release-windows-ix86+x86_64, r-oldrel-windows-ix86+x86_64

Version: 1.0.2
Check: R code for possible problems
Result: NOTE
    glmnet.cr: no visible global function definition for ‘glmnet’
    plot.glmnet.cr: no visible binding for global variable ‘sd’
    plot.glmnet.cr: no visible global function definition for ‘predict’
    plot.glmnet.cr: no visible global function definition for ‘plot’
    plot.glmnet.cr: no visible global function definition for ‘title’
    plot.glmnet.cr: no visible global function definition for ‘matplot’
    plot.glmnet.cr: no visible global function definition for ‘abline’
    plot.glmnet.cr: no visible global function definition for ‘axis’
    Undefined global functions or variables:
     abline axis glmnet matplot plot predict sd title
    Consider adding
     importFrom("graphics", "abline", "axis", "matplot", "plot", "title")
     importFrom("stats", "predict", "sd")
    to your NAMESPACE file.
Flavors: r-devel-linux-x86_64-debian-clang, r-devel-linux-x86_64-debian-gcc, r-devel-linux-x86_64-fedora-clang, r-devel-linux-x86_64-fedora-gcc, r-devel-osx-x86_64-clang, r-devel-windows-ix86+x86_64, r-patched-linux-x86_64, r-patched-solaris-sparc, r-patched-solaris-x86, r-release-linux-x86_64, r-release-osx-x86_64-mavericks, r-release-windows-ix86+x86_64

Version: 1.0.2
Check: R code for possible problems
Result: NOTE
    glmnet.cr: no visible global function definition for 'glmnet'
Flavor: r-oldrel-windows-ix86+x86_64