CRAN Package Check Results for Package glmnetcr

Last updated on 2015-03-27 08:49:01.

Flavor Version Tinstall Tcheck Ttotal Status Flags
r-devel-linux-x86_64-debian-clang 1.0.2 6.05 94.34 100.38 NOTE
r-devel-linux-x86_64-debian-gcc 1.0.2 4.95 87.27 92.22 NOTE
r-devel-linux-x86_64-fedora-clang 1.0.2 206.31 NOTE
r-devel-linux-x86_64-fedora-gcc 1.0.2 191.79 NOTE
r-devel-osx-x86_64-clang 1.0.2 194.83 NOTE
r-prerel-windows-ix86+x86_64 1.0.2 11.00 148.00 159.00 NOTE
r-prerel-linux-x86_64 1.0.2 5.64 86.84 92.48 NOTE
r-prerel-solaris-sparc 1.0.2 1210.70 NOTE
r-prerel-solaris-x86 1.0.2 267.70 NOTE
r-release-linux-x86_64 1.0.2 6.15 105.34 111.49 NOTE
r-release-osx-x86_64-mavericks 1.0.2 NOTE
r-release-osx-x86_64-snowleopard 1.0.2 OK
r-release-windows-ix86+x86_64 1.0.2 12.00 171.00 183.00 NOTE
r-oldrel-windows-ix86+x86_64 1.0.2 12.00 205.00 217.00 NOTE

Check Details

Version: 1.0.2
Check: dependencies in R code
Result: NOTE
    Package in Depends field not imported from: ‘glmnet’
     These packages need to be imported from (in the NAMESPACE file)
     for when this namespace is loaded but not attached.
Flavors: r-devel-linux-x86_64-debian-clang, r-devel-linux-x86_64-debian-gcc, r-devel-linux-x86_64-fedora-clang, r-devel-linux-x86_64-fedora-gcc, r-devel-osx-x86_64-clang, r-prerel-windows-ix86+x86_64, r-prerel-linux-x86_64, r-prerel-solaris-sparc, r-prerel-solaris-x86, r-release-linux-x86_64, r-release-windows-ix86+x86_64

Version: 1.0.2
Check: R code for possible problems
Result: NOTE
    glmnet.cr: no visible global function definition for ‘glmnet’
Flavors: r-devel-linux-x86_64-debian-clang, r-devel-linux-x86_64-debian-gcc, r-devel-linux-x86_64-fedora-clang, r-devel-linux-x86_64-fedora-gcc, r-devel-osx-x86_64-clang, r-prerel-windows-ix86+x86_64, r-prerel-linux-x86_64, r-prerel-solaris-sparc, r-prerel-solaris-x86, r-release-linux-x86_64, r-release-osx-x86_64-mavericks, r-release-windows-ix86+x86_64

Version: 1.0.2
Check: dependencies in R code
Result: NOTE
    Package in Depends field not imported from: ‘glmnet’
     These packages need to be imported from (in the NAMESPACE file)
     for when this namespace is loaded but not attached.
    See the information on DESCRIPTION files in the chapter ‘Creating R
    packages’ of the ‘Writing R Extensions’ manual.
Flavors: r-release-osx-x86_64-mavericks, r-oldrel-windows-ix86+x86_64