CRAN Package Check Results for Package glmnetcr

Last updated on 2015-05-27 19:47:09.

Flavor Version Tinstall Tcheck Ttotal Status Flags
r-devel-linux-x86_64-debian-clang 1.0.2 5.48 94.15 99.62 NOTE
r-devel-linux-x86_64-debian-gcc 1.0.2 7.62 88.42 96.03 NOTE
r-devel-linux-x86_64-fedora-clang 1.0.2 206.48 NOTE
r-devel-linux-x86_64-fedora-gcc 1.0.2 199.97 NOTE
r-devel-osx-x86_64-clang 1.0.2 179.37 NOTE
r-devel-windows-ix86+x86_64 1.0.2 11.00 163.00 174.00 NOTE
r-patched-linux-x86_64 1.0.2 5.58 88.34 93.92 NOTE
r-patched-solaris-sparc 1.0.2 1241.70 NOTE
r-patched-solaris-x86 1.0.2 272.40 NOTE
r-release-linux-x86_64 1.0.2 5.35 88.30 93.65 NOTE
r-release-osx-x86_64-mavericks 1.0.2 NOTE
r-release-osx-x86_64-snowleopard 1.0.2 NOTE
r-release-windows-ix86+x86_64 1.0.2 12.00 161.00 173.00 NOTE
r-oldrel-windows-ix86+x86_64 1.0.2 13.00 134.00 147.00 NOTE

Check Details

Version: 1.0.2
Check: dependencies in R code
Result: NOTE
    Package in Depends field not imported from: ‘glmnet’
     These packages need to be imported from (in the NAMESPACE file)
     for when this namespace is loaded but not attached.
Flavors: r-devel-linux-x86_64-debian-clang, r-devel-linux-x86_64-debian-gcc, r-devel-linux-x86_64-fedora-clang, r-devel-linux-x86_64-fedora-gcc, r-devel-osx-x86_64-clang, r-devel-windows-ix86+x86_64, r-patched-linux-x86_64, r-patched-solaris-sparc, r-patched-solaris-x86, r-release-linux-x86_64, r-release-osx-x86_64-mavericks, r-release-osx-x86_64-snowleopard, r-release-windows-ix86+x86_64, r-oldrel-windows-ix86+x86_64

Version: 1.0.2
Check: R code for possible problems
Result: NOTE
    glmnet.cr: no visible global function definition for ‘glmnet’
Flavors: r-devel-linux-x86_64-debian-clang, r-devel-linux-x86_64-debian-gcc, r-devel-linux-x86_64-fedora-clang, r-devel-linux-x86_64-fedora-gcc, r-devel-osx-x86_64-clang, r-devel-windows-ix86+x86_64, r-patched-linux-x86_64, r-patched-solaris-sparc, r-patched-solaris-x86, r-release-linux-x86_64, r-release-osx-x86_64-mavericks, r-release-osx-x86_64-snowleopard, r-release-windows-ix86+x86_64, r-oldrel-windows-ix86+x86_64