CRAN Package Check Results for Package glmnetcr

Last updated on 2018-04-25 15:47:56 CEST.

Flavor Version Tinstall Tcheck Ttotal Status Flags
r-devel-linux-x86_64-debian-clang 1.0.3 7.56 137.61 145.17 OK
r-devel-linux-x86_64-debian-gcc 1.0.3 6.65 106.13 112.78 OK
r-devel-linux-x86_64-fedora-clang 1.0.3 181.74 OK
r-devel-linux-x86_64-fedora-gcc 1.0.3 171.98 OK
r-devel-windows-ix86+x86_64 1.0.3 15.00 146.00 161.00 OK
r-patched-linux-x86_64 1.0.3 8.45 134.47 142.92 OK
r-patched-solaris-x86 1.0.3 313.60 OK
r-release-linux-x86_64 1.0.3 7.20 133.40 140.60 OK
r-release-windows-ix86+x86_64 1.0.3 15.00 146.00 161.00 OK
r-release-osx-x86_64 1.0.3 OK
r-oldrel-windows-ix86+x86_64 1.0.3 11.00 210.00 221.00 OK
r-oldrel-osx-x86_64 1.0.3 NOTE

Check Details

Version: 1.0.3
Check: re-building of vignette outputs
Result: NOTE
    Error in re-building vignettes:
     ...
    Loading required package: glmnet
    Loading required package: Matrix
    Loading required package: foreach
    Loaded glmnet 2.0-10
    
    Warning: from glmnet Fortran code (error code -26); Convergence for 26th lambda value not reached after maxit=100 iterations; solutions for larger lambdas returned
    Warning: from glmnet Fortran code (error code -26); Convergence for 26th lambda value not reached after maxit=100 iterations; solutions for larger lambdas returned
    Error in texi2dvi(file = file, pdf = TRUE, clean = clean, quiet = quiet, :
     Running 'texi2dvi' on 'glmnetcr.tex' failed.
    LaTeX errors:
    ! LaTeX Error: File `a4wide.sty' not found.
    
    Type X to quit or <RETURN> to proceed,
    or enter new name. (Default extension: sty)
    
    ! Emergency stop.
    <read *>
    
    l.31 ^^M
    
    ! ==> Fatal error occurred, no output PDF file produced!
    Calls: buildVignettes -> texi2pdf -> texi2dvi
    Execution halted
Flavor: r-oldrel-osx-x86_64