CRAN Package Check Results for Package glmnetcr

Last updated on 2017-05-24 07:49:46.

Flavor Version Tinstall Tcheck Ttotal Status Flags
r-devel-linux-x86_64-debian-clang 1.0.2 6.06 94.14 100.20 NOTE
r-devel-linux-x86_64-debian-gcc 1.0.2 6.12 87.47 93.58 NOTE
r-devel-linux-x86_64-fedora-clang 1.0.2 198.56 NOTE --no-stop-on-test-error
r-devel-linux-x86_64-fedora-gcc 1.0.2 186.00 NOTE --no-stop-on-test-error
r-devel-windows-ix86+x86_64 1.0.2 11.00 169.00 180.00 NOTE
r-patched-linux-x86_64 1.0.2 6.22 84.12 90.34 NOTE
r-patched-solaris-sparc 1.0.2 1151.90 NOTE
r-patched-solaris-x86 1.0.2 245.40 NOTE
r-release-linux-x86_64 1.0.2 6.14 82.94 89.08 NOTE
r-release-windows-ix86+x86_64 1.0.2 12.00 206.00 218.00 NOTE
r-release-osx-x86_64 1.0.2 NOTE
r-oldrel-windows-ix86+x86_64 1.0.2 16.00 212.00 228.00 NOTE
r-oldrel-osx-x86_64 1.0.2 NOTE

Check Details

Version: 1.0.2
Check: dependencies in R code
Result: NOTE
    Package in Depends field not imported from: ‘glmnet’
     These packages need to be imported from (in the NAMESPACE file)
     for when this namespace is loaded but not attached.
Flavors: r-devel-linux-x86_64-debian-clang, r-devel-linux-x86_64-debian-gcc, r-devel-windows-ix86+x86_64, r-patched-linux-x86_64, r-patched-solaris-sparc, r-patched-solaris-x86, r-release-linux-x86_64, r-release-windows-ix86+x86_64, r-release-osx-x86_64, r-oldrel-windows-ix86+x86_64, r-oldrel-osx-x86_64

Version: 1.0.2
Check: R code for possible problems
Result: NOTE
    glmnet.cr: no visible global function definition for ‘glmnet’
    plot.glmnet.cr: no visible binding for global variable ‘sd’
    plot.glmnet.cr: no visible global function definition for ‘predict’
    plot.glmnet.cr: no visible global function definition for ‘plot’
    plot.glmnet.cr: no visible global function definition for ‘title’
    plot.glmnet.cr: no visible global function definition for ‘matplot’
    plot.glmnet.cr: no visible global function definition for ‘abline’
    plot.glmnet.cr: no visible global function definition for ‘axis’
    Undefined global functions or variables:
     abline axis glmnet matplot plot predict sd title
    Consider adding
     importFrom("graphics", "abline", "axis", "matplot", "plot", "title")
     importFrom("stats", "predict", "sd")
    to your NAMESPACE file.
Flavors: r-devel-linux-x86_64-debian-clang, r-devel-linux-x86_64-debian-gcc, r-devel-windows-ix86+x86_64, r-patched-linux-x86_64, r-patched-solaris-sparc, r-patched-solaris-x86, r-release-linux-x86_64, r-release-windows-ix86+x86_64, r-release-osx-x86_64, r-oldrel-windows-ix86+x86_64, r-oldrel-osx-x86_64

Version: 1.0.2
Flags: --no-stop-on-test-error
Check: dependencies in R code
Result: NOTE
    Package in Depends field not imported from: ‘glmnet’
     These packages need to be imported from (in the NAMESPACE file)
     for when this namespace is loaded but not attached.
Flavors: r-devel-linux-x86_64-fedora-clang, r-devel-linux-x86_64-fedora-gcc

Version: 1.0.2
Flags: --no-stop-on-test-error
Check: R code for possible problems
Result: NOTE
    glmnet.cr: no visible global function definition for ‘glmnet’
    plot.glmnet.cr: no visible binding for global variable ‘sd’
    plot.glmnet.cr: no visible global function definition for ‘predict’
    plot.glmnet.cr: no visible global function definition for ‘plot’
    plot.glmnet.cr: no visible global function definition for ‘title’
    plot.glmnet.cr: no visible global function definition for ‘matplot’
    plot.glmnet.cr: no visible global function definition for ‘abline’
    plot.glmnet.cr: no visible global function definition for ‘axis’
    Undefined global functions or variables:
     abline axis glmnet matplot plot predict sd title
    Consider adding
     importFrom("graphics", "abline", "axis", "matplot", "plot", "title")
     importFrom("stats", "predict", "sd")
    to your NAMESPACE file.
Flavors: r-devel-linux-x86_64-fedora-clang, r-devel-linux-x86_64-fedora-gcc

Version: 1.0.2
Check: re-building of vignette outputs
Result: NOTE
    Error in re-building vignettes:
     ...
    Loading required package: glmnet
    Loading required package: Matrix
    Loading required package: foreach
    Loaded glmnet 2.0-5
    
    Warning: from glmnet Fortran code (error code -26); Convergence for 26th lambda value not reached after maxit=100 iterations; solutions for larger lambdas returned
    Warning: from glmnet Fortran code (error code -26); Convergence for 26th lambda value not reached after maxit=100 iterations; solutions for larger lambdas returned
    Error in texi2dvi(file = file, pdf = TRUE, clean = clean, quiet = quiet, :
     Running 'texi2dvi' on 'glmnetcr.tex' failed.
    LaTeX errors:
    ! LaTeX Error: File `a4wide.sty' not found.
    
    Type X to quit or <RETURN> to proceed,
    or enter new name. (Default extension: sty)
    
    ! Emergency stop.
    <read *>
    
    l.30 ^^M
    
    ! ==> Fatal error occurred, no output PDF file produced!
    Calls: buildVignettes -> texi2pdf -> texi2dvi
    Execution halted
Flavor: r-release-osx-x86_64