CRAN Package Check Results for Package glmnetcr

Last updated on 2015-04-27 19:47:15.

Flavor Version Tinstall Tcheck Ttotal Status Flags
r-devel-linux-x86_64-debian-clang 1.0.2 5.38 93.97 99.35 NOTE
r-devel-linux-x86_64-debian-gcc 1.0.2 5.43 90.17 95.60 NOTE
r-devel-linux-x86_64-fedora-clang 1.0.2 203.19 NOTE
r-devel-linux-x86_64-fedora-gcc 1.0.2 195.96 NOTE
r-devel-osx-x86_64-clang 1.0.2 180.09 NOTE
r-devel-windows-ix86+x86_64 1.0.2 12.00 201.00 213.00 NOTE
r-patched-linux-x86_64 1.0.2 5.46 89.00 94.46 NOTE
r-patched-solaris-sparc 1.0.2 1210.70 NOTE
r-patched-solaris-x86 1.0.2 273.10 NOTE
r-release-linux-x86_64 1.0.2 5.26 89.75 95.01 NOTE
r-release-osx-x86_64-mavericks 1.0.2 NOTE
r-release-osx-x86_64-snowleopard 1.0.2 NOTE
r-release-windows-ix86+x86_64 1.0.2 17.00 200.00 217.00 NOTE
r-oldrel-windows-ix86+x86_64 1.0.2 13.00 145.00 158.00 NOTE

Check Details

Version: 1.0.2
Check: dependencies in R code
Result: NOTE
    Package in Depends field not imported from: ‘glmnet’
     These packages need to be imported from (in the NAMESPACE file)
     for when this namespace is loaded but not attached.
Flavors: r-devel-linux-x86_64-debian-clang, r-devel-linux-x86_64-debian-gcc, r-devel-linux-x86_64-fedora-clang, r-devel-linux-x86_64-fedora-gcc, r-devel-osx-x86_64-clang, r-devel-windows-ix86+x86_64, r-patched-solaris-sparc, r-patched-solaris-x86, r-release-linux-x86_64, r-release-osx-x86_64-mavericks, r-release-osx-x86_64-snowleopard, r-release-windows-ix86+x86_64, r-oldrel-windows-ix86+x86_64

Version: 1.0.2
Check: R code for possible problems
Result: NOTE
    glmnet.cr: no visible global function definition for ‘glmnet’
Flavors: r-devel-linux-x86_64-debian-clang, r-devel-linux-x86_64-debian-gcc, r-devel-linux-x86_64-fedora-clang, r-devel-linux-x86_64-fedora-gcc, r-devel-osx-x86_64-clang, r-devel-windows-ix86+x86_64, r-patched-solaris-sparc, r-patched-solaris-x86, r-release-linux-x86_64, r-release-osx-x86_64-mavericks, r-release-osx-x86_64-snowleopard, r-release-windows-ix86+x86_64, r-oldrel-windows-ix86+x86_64