CRAN Package Check Results for Package glmnetcr

Last updated on 2014-04-20 09:48:15.

Flavor Version Tinstall Tcheck Ttotal Status Flags
r-devel-linux-x86_64-debian-clang 1.0.2 7.68 106.38 114.05 NOTE
r-devel-linux-x86_64-debian-gcc 1.0.2 7.11 103.15 110.26 NOTE
r-devel-linux-x86_64-fedora-clang 1.0.2 265.56 NOTE
r-devel-linux-x86_64-fedora-gcc 1.0.2 252.60 NOTE
r-devel-macosx-x86_64-clang 1.0.2 196.77 NOTE
r-devel-macosx-x86_64-gcc 1.0.2 NOTE
r-devel-windows-ix86+x86_64 1.0.2 14.00 161.00 175.00 NOTE
r-patched-linux-x86_64 1.0.2 7.06 103.82 110.89 NOTE
r-patched-solaris-sparc 1.0.2 1406.60 NOTE
r-patched-solaris-x86 1.0.2 335.50 NOTE
r-release-linux-ix86 NOTE
r-release-linux-x86_64 1.0.2 7.26 105.09 112.35 NOTE
r-release-macosx-x86_64 1.0.2 OK
r-release-windows-ix86+x86_64 1.0.2 18.00 160.00 178.00 NOTE
r-oldrel-windows-ix86+x86_64 1.0.2 15.00 153.00 168.00 NOTE

Check Details

Version: 1.0.2
Check: dependencies in R code
Result: NOTE
    Package in Depends field not imported from: ‘glmnet’
     These packages need to be imported from (in the NAMESPACE file)
     for when this namespace is loaded but not attached.
    See the information on DESCRIPTION files in the chapter ‘Creating R
    packages’ of the ‘Writing R Extensions’ manual.
Flavors: r-devel-linux-x86_64-debian-clang, r-devel-linux-x86_64-debian-gcc, r-devel-linux-x86_64-fedora-clang, r-devel-linux-x86_64-fedora-gcc, r-devel-macosx-x86_64-clang, r-devel-macosx-x86_64-gcc, r-devel-windows-ix86+x86_64, r-patched-linux-x86_64, r-patched-solaris-sparc, r-patched-solaris-x86, r-release-linux-ix86, r-release-linux-x86_64, r-release-windows-ix86+x86_64, r-oldrel-windows-ix86+x86_64