CRAN Package Check Results for Package glmpath

Last updated on 2014-10-30 14:47:24.

Flavor Version Tinstall Tcheck Ttotal Status Flags
r-devel-linux-x86_64-debian-clang 0.97 2.12 23.15 25.27 NOTE
r-devel-linux-x86_64-debian-gcc 0.97 2.55 22.53 25.08 NOTE
r-devel-linux-x86_64-fedora-clang 0.97 48.92 NOTE
r-devel-linux-x86_64-fedora-gcc 0.97 45.98 NOTE
r-devel-osx-x86_64-clang 0.97 44.13 NOTE
r-devel-windows-ix86+x86_64 0.97 10.00 45.00 55.00 NOTE
r-patched-linux-x86_64 0.97 2.55 22.19 24.74 NOTE
r-patched-solaris-sparc 0.97 280.90 NOTE
r-patched-solaris-x86 0.97 73.20 NOTE
r-release-linux-ix86 0.97 3.23 29.57 32.80 NOTE
r-release-linux-x86_64 0.97 2.84 22.94 25.78 NOTE
r-release-osx-x86_64-mavericks 0.97 NOTE
r-release-windows-ix86+x86_64 0.97 16.00 64.00 80.00 NOTE
r-oldrel-windows-ix86+x86_64 0.97 11.00 48.00 59.00 NOTE

Check Details

Version: 0.97
Check: dependencies in R code
Result: NOTE
    Package in Depends field not imported from: ‘survival’
     These packages need to be imported from (in the NAMESPACE file)
     for when this namespace is loaded but not attached.
    See the information on DESCRIPTION files in the chapter ‘Creating R
    packages’ of the ‘Writing R Extensions’ manual.
Flavors: r-devel-linux-x86_64-debian-clang, r-devel-linux-x86_64-debian-gcc, r-devel-linux-x86_64-fedora-clang, r-devel-linux-x86_64-fedora-gcc, r-devel-osx-x86_64-clang, r-devel-windows-ix86+x86_64, r-patched-linux-x86_64, r-patched-solaris-sparc, r-patched-solaris-x86, r-release-linux-ix86, r-release-linux-x86_64, r-release-osx-x86_64-mavericks, r-release-windows-ix86+x86_64, r-oldrel-windows-ix86+x86_64

Version: 0.97
Check: R code for possible problems
Result: NOTE
    predict.coxpath: no visible global function definition for ‘coxph’
Flavors: r-devel-linux-x86_64-debian-clang, r-devel-linux-x86_64-debian-gcc, r-devel-linux-x86_64-fedora-clang, r-devel-linux-x86_64-fedora-gcc, r-devel-osx-x86_64-clang, r-devel-windows-ix86+x86_64, r-patched-linux-x86_64, r-patched-solaris-sparc, r-patched-solaris-x86