CRAN Package Check Results for Package glmpath

Last updated on 2015-07-01 23:46:54.

Flavor Version Tinstall Tcheck Ttotal Status Flags
r-devel-linux-x86_64-debian-clang 0.97 2.06 19.67 21.73 NOTE
r-devel-linux-x86_64-debian-gcc 0.97 2.47 19.46 21.92 NOTE
r-devel-linux-x86_64-fedora-clang 0.97 42.26 NOTE
r-devel-linux-x86_64-fedora-gcc 0.97 39.94 NOTE
r-devel-osx-x86_64-clang 0.97 39.68 NOTE
r-devel-windows-ix86+x86_64 0.97 16.00 72.00 88.00 NOTE
r-patched-linux-x86_64 0.97 2.56 21.21 23.77 NOTE
r-patched-solaris-sparc 0.97 260.40 NOTE
r-patched-solaris-x86 0.97 65.30 NOTE
r-release-linux-x86_64 0.97 2.55 20.98 23.53 NOTE
r-release-osx-x86_64-mavericks 0.97 NOTE
r-release-windows-ix86+x86_64 0.97 11.00 46.00 57.00 NOTE
r-oldrel-windows-ix86+x86_64 0.97 11.00 63.00 74.00 NOTE

Check Details

Version: 0.97
Check: DESCRIPTION meta-information
Result: NOTE
    Malformed Description field: should contain one or more complete sentences.
Flavors: r-devel-linux-x86_64-debian-clang, r-devel-linux-x86_64-debian-gcc, r-devel-linux-x86_64-fedora-clang, r-devel-linux-x86_64-fedora-gcc, r-devel-osx-x86_64-clang, r-devel-windows-ix86+x86_64, r-patched-linux-x86_64, r-patched-solaris-sparc, r-patched-solaris-x86, r-release-linux-x86_64, r-release-osx-x86_64-mavericks, r-release-windows-ix86+x86_64

Version: 0.97
Check: dependencies in R code
Result: NOTE
    Package in Depends field not imported from: ‘survival’
     These packages need to be imported from (in the NAMESPACE file)
     for when this namespace is loaded but not attached.
Flavors: r-devel-linux-x86_64-debian-clang, r-devel-linux-x86_64-debian-gcc, r-devel-linux-x86_64-fedora-clang, r-devel-linux-x86_64-fedora-gcc, r-devel-osx-x86_64-clang, r-devel-windows-ix86+x86_64, r-patched-linux-x86_64, r-patched-solaris-sparc, r-patched-solaris-x86, r-release-linux-x86_64, r-release-osx-x86_64-mavericks, r-release-windows-ix86+x86_64, r-oldrel-windows-ix86+x86_64

Version: 0.97
Check: S3 generic/method consistency
Result: NOTE
    Found the following apparent S3 methods exported but not registered:
     plot.bootpath plot.coxpath plot.glmpath predict.coxpath
     predict.glmpath print.coxpath print.glmpath summary.coxpath
     summary.glmpath
    See section ‘Registering S3 methods’ in the ‘Writing R Extensions’
    manual.
Flavors: r-devel-linux-x86_64-debian-clang, r-devel-linux-x86_64-debian-gcc, r-devel-linux-x86_64-fedora-clang, r-devel-linux-x86_64-fedora-gcc, r-devel-osx-x86_64-clang, r-patched-linux-x86_64, r-patched-solaris-sparc, r-patched-solaris-x86, r-release-linux-x86_64

Version: 0.97
Check: R code for possible problems
Result: NOTE
    cv.coxpath: no visible global function definition for ‘predict’
    cv.coxpath: no visible binding for global variable ‘var’
    cv.coxpath: no visible global function definition for ‘plot’
    cv.coxpath: no visible global function definition for ‘segments’
    cv.glmpath: no visible binding for global variable ‘binomial’
    cv.glmpath: Error while checking: invalid ‘envir’ argument
    glmpath: no visible binding for global variable ‘binomial’
    glmpath: Error while checking: invalid ‘envir’ argument
    plot.bootpath: no visible global function definition for ‘par’
    plot.bootpath: no visible global function definition for ‘hist’
    plot.bootpath: no visible global function definition for ‘segments’
    plot.bootpath: no visible global function definition for ‘abline’
    plot.bootpath : bpanel: no visible global function definition for
     ‘abline’
    plot.bootpath : bpanel: no visible global function definition for
     ‘points’
    plot.bootpath: no visible global function definition for ‘pairs’
    plot.coxpath: no visible global function definition for ‘par’
    plot.coxpath: no visible global function definition for ‘plot’
    plot.coxpath: no visible global function definition for ‘title’
    plot.coxpath: no visible global function definition for ‘matplot’
    plot.coxpath: no visible global function definition for ‘abline’
    plot.coxpath: no visible global function definition for ‘axis’
    plot.coxpath: no visible global function definition for ‘segments’
    plot.glmpath: no visible global function definition for ‘par’
    plot.glmpath: no visible global function definition for ‘plot’
    plot.glmpath: no visible global function definition for ‘title’
    plot.glmpath: no visible global function definition for ‘matplot’
    plot.glmpath: no visible global function definition for ‘abline’
    plot.glmpath: no visible global function definition for ‘axis’
    plot.glmpath: no visible global function definition for ‘segments’
    predict.coxpath: no visible global function definition for ‘step’
    predict.coxpath: no visible global function definition for ‘approx’
    predict.coxpath: no visible global function definition for ‘coxph’
    predict.glmpath: no visible global function definition for ‘step’
    predict.glmpath: no visible global function definition for ‘approx’
Flavors: r-devel-linux-x86_64-debian-clang, r-devel-linux-x86_64-debian-gcc, r-devel-linux-x86_64-fedora-clang, r-devel-linux-x86_64-fedora-gcc

Version: 0.97
Check: R code for possible problems
Result: NOTE
    predict.coxpath: no visible global function definition for ‘coxph’
Flavors: r-devel-osx-x86_64-clang, r-devel-windows-ix86+x86_64, r-patched-linux-x86_64, r-patched-solaris-sparc, r-patched-solaris-x86, r-release-linux-x86_64, r-release-osx-x86_64-mavericks, r-release-windows-ix86+x86_64, r-oldrel-windows-ix86+x86_64