CRAN Package Check Results for Package glmpath

Last updated on 2014-11-27 09:47:54.

Flavor Version Tinstall Tcheck Ttotal Status Flags
r-devel-linux-x86_64-debian-clang 0.97 2.21 22.35 24.56 NOTE
r-devel-linux-x86_64-debian-gcc 0.97 2.53 21.87 24.40 NOTE
r-devel-linux-x86_64-fedora-clang 0.97 51.37 NOTE
r-devel-linux-x86_64-fedora-gcc 0.97 53.23 NOTE
r-devel-osx-x86_64-clang 0.97 45.55 NOTE
r-devel-windows-ix86+x86_64 0.97 10.00 47.00 57.00 NOTE
r-patched-linux-x86_64 0.97 2.58 22.42 25.00 NOTE
r-patched-solaris-sparc 0.97 280.90 NOTE
r-patched-solaris-x86 0.97 74.10 NOTE
r-release-linux-ix86 0.97 3.16 28.79 31.95 NOTE
r-release-linux-x86_64 0.97 2.63 22.20 24.83 NOTE
r-release-osx-x86_64-mavericks 0.97 NOTE
r-release-windows-ix86+x86_64 0.97 11.00 65.00 76.00 NOTE
r-oldrel-windows-ix86+x86_64 0.97 11.00 48.00 59.00 NOTE

Check Details

Version: 0.97
Check: dependencies in R code
Result: NOTE
    Package in Depends field not imported from: ‘survival’
     These packages need to be imported from (in the NAMESPACE file)
     for when this namespace is loaded but not attached.
    See the information on DESCRIPTION files in the chapter ‘Creating R
    packages’ of the ‘Writing R Extensions’ manual.
Flavors: r-devel-linux-x86_64-debian-clang, r-devel-linux-x86_64-debian-gcc, r-devel-linux-x86_64-fedora-clang, r-devel-linux-x86_64-fedora-gcc, r-devel-osx-x86_64-clang, r-devel-windows-ix86+x86_64, r-patched-linux-x86_64, r-patched-solaris-sparc, r-patched-solaris-x86, r-release-linux-ix86, r-release-linux-x86_64, r-release-osx-x86_64-mavericks, r-release-windows-ix86+x86_64, r-oldrel-windows-ix86+x86_64

Version: 0.97
Check: R code for possible problems
Result: NOTE
    predict.coxpath: no visible global function definition for ‘coxph’
Flavors: r-devel-linux-x86_64-debian-clang, r-devel-linux-x86_64-debian-gcc, r-devel-linux-x86_64-fedora-clang, r-devel-linux-x86_64-fedora-gcc, r-devel-osx-x86_64-clang, r-devel-windows-ix86+x86_64, r-patched-linux-x86_64, r-patched-solaris-sparc, r-patched-solaris-x86, r-release-linux-ix86, r-release-linux-x86_64, r-release-windows-ix86+x86_64