CRAN Package Check Results for Package glmpath

Last updated on 2014-08-22 18:48:33.

Flavor Version Tinstall Tcheck Ttotal Status Flags
r-devel-linux-x86_64-debian-clang 0.97 1.86 22.06 23.92 NOTE
r-devel-linux-x86_64-debian-gcc 0.97 2.47 21.58 24.05 NOTE
r-devel-linux-x86_64-fedora-clang 0.97 46.72 NOTE
r-devel-linux-x86_64-fedora-gcc 0.97 47.03 NOTE
r-devel-osx-x86_64-clang 0.97 43.42 NOTE
r-devel-windows-ix86+x86_64 0.97 10.00 43.00 53.00 NOTE
r-patched-linux-x86_64 0.97 2.52 23.42 25.94 NOTE
r-patched-solaris-sparc 0.97 297.30 NOTE
r-patched-solaris-x86 0.97 72.20 NOTE
r-release-linux-ix86 0.97 3.19 29.24 32.43 NOTE
r-release-linux-x86_64 0.97 2.53 22.50 25.03 NOTE
r-release-osx-x86_64-mavericks 0.97 NOTE
r-release-windows-ix86+x86_64 0.97 16.00 64.00 80.00 NOTE
r-oldrel-windows-ix86+x86_64 0.97 11.00 48.00 59.00 NOTE

Check Details

Version: 0.97
Check: dependencies in R code
Result: NOTE
    Package in Depends field not imported from: ‘survival’
     These packages need to be imported from (in the NAMESPACE file)
     for when this namespace is loaded but not attached.
    See the information on DESCRIPTION files in the chapter ‘Creating R
    packages’ of the ‘Writing R Extensions’ manual.
Flavors: r-devel-linux-x86_64-debian-clang, r-devel-linux-x86_64-debian-gcc, r-devel-linux-x86_64-fedora-clang, r-devel-linux-x86_64-fedora-gcc, r-devel-osx-x86_64-clang, r-devel-windows-ix86+x86_64, r-patched-linux-x86_64, r-patched-solaris-sparc, r-patched-solaris-x86, r-release-linux-ix86, r-release-linux-x86_64, r-release-osx-x86_64-mavericks, r-release-windows-ix86+x86_64, r-oldrel-windows-ix86+x86_64

Version: 0.97
Check: R code for possible problems
Result: NOTE
    predict.coxpath: no visible global function definition for ‘coxph’
Flavors: r-devel-linux-x86_64-debian-clang, r-devel-linux-x86_64-fedora-clang, r-devel-linux-x86_64-fedora-gcc, r-devel-osx-x86_64-clang