CRAN Package Check Results for Package glmpath

Last updated on 2015-01-31 23:47:56.

Flavor Version Tinstall Tcheck Ttotal Status Flags
r-devel-linux-x86_64-debian-clang 0.97 2.09 20.97 23.06 NOTE
r-devel-linux-x86_64-debian-gcc 0.97 2.54 20.66 23.20 NOTE
r-devel-linux-x86_64-fedora-clang 0.97 47.43 NOTE
r-devel-linux-x86_64-fedora-gcc 0.97 44.08 NOTE
r-devel-osx-x86_64-clang 0.97 44.96 NOTE
r-devel-windows-ix86+x86_64 0.97 12.00 47.00 59.00 NOTE
r-patched-linux-x86_64 0.97 2.60 22.65 25.26 NOTE
r-patched-solaris-sparc 0.97 278.50 NOTE
r-patched-solaris-x86 0.97 71.90 NOTE
r-release-linux-ix86 0.97 3.27 29.49 32.76 NOTE
r-release-linux-x86_64 0.97 2.75 22.40 25.16 NOTE
r-release-osx-x86_64-mavericks 0.97 NOTE
r-release-windows-ix86+x86_64 0.97 11.00 65.00 76.00 NOTE
r-oldrel-windows-ix86+x86_64 0.97 11.00 48.00 59.00 NOTE

Check Details

Version: 0.97
Check: dependencies in R code
Result: NOTE
    Package in Depends field not imported from: ‘survival’
     These packages need to be imported from (in the NAMESPACE file)
     for when this namespace is loaded but not attached.
Flavors: r-devel-linux-x86_64-debian-clang, r-devel-linux-x86_64-debian-gcc, r-devel-linux-x86_64-fedora-clang, r-devel-linux-x86_64-fedora-gcc, r-devel-osx-x86_64-clang, r-devel-windows-ix86+x86_64

Version: 0.97
Check: S3 generic/method consistency
Result: NOTE
    Found the following apparent S3 methods exported but not registered:
     print.coxpath print.glmpath summary.coxpath summary.glmpath
     plot.bootpath plot.coxpath plot.glmpath predict.coxpath
     predict.glmpath
    See section ‘Registering S3 methods’ in the ‘Writing R Extensions’
    manual.
Flavors: r-devel-linux-x86_64-debian-clang, r-devel-linux-x86_64-debian-gcc, r-devel-linux-x86_64-fedora-clang, r-devel-linux-x86_64-fedora-gcc, r-devel-osx-x86_64-clang

Version: 0.97
Check: R code for possible problems
Result: NOTE
    predict.coxpath: no visible global function definition for ‘coxph’
Flavors: r-devel-linux-x86_64-debian-clang, r-devel-linux-x86_64-debian-gcc, r-devel-linux-x86_64-fedora-clang, r-devel-linux-x86_64-fedora-gcc, r-devel-osx-x86_64-clang, r-devel-windows-ix86+x86_64, r-patched-linux-x86_64, r-patched-solaris-sparc, r-patched-solaris-x86, r-release-linux-ix86, r-release-linux-x86_64, r-release-osx-x86_64-mavericks, r-release-windows-ix86+x86_64

Version: 0.97
Check: dependencies in R code
Result: NOTE
    Package in Depends field not imported from: ‘survival’
     These packages need to be imported from (in the NAMESPACE file)
     for when this namespace is loaded but not attached.
    See the information on DESCRIPTION files in the chapter ‘Creating R
    packages’ of the ‘Writing R Extensions’ manual.
Flavors: r-patched-linux-x86_64, r-patched-solaris-sparc, r-patched-solaris-x86, r-release-linux-ix86, r-release-linux-x86_64, r-release-osx-x86_64-mavericks, r-release-windows-ix86+x86_64, r-oldrel-windows-ix86+x86_64