CRAN Package Check Results for Package glmpath

Last updated on 2016-12-09 03:51:35.

Flavor Version Tinstall Tcheck Ttotal Status Flags
r-devel-linux-x86_64-debian-clang 0.97 4.98 36.20 41.17 NOTE
r-devel-linux-x86_64-debian-gcc 0.97 4.29 37.12 41.41 NOTE
r-devel-linux-x86_64-fedora-clang 0.97 89.02 NOTE --no-stop-on-test-error
r-devel-linux-x86_64-fedora-gcc 0.97 85.57 NOTE --no-stop-on-test-error
r-devel-macos-x86_64-clang 0.97 65.30 NOTE
r-devel-windows-ix86+x86_64 0.97 12.00 106.00 118.00 NOTE
r-patched-linux-x86_64 0.97 4.05 33.72 37.77 NOTE
r-patched-solaris-sparc 0.97 471.30 NOTE
r-patched-solaris-x86 0.97 107.70 NOTE
r-release-linux-x86_64 0.97 4.08 33.19 37.27 NOTE
r-release-osx-x86_64-mavericks 0.97 NOTE
r-release-windows-ix86+x86_64 0.97 13.00 110.00 123.00 NOTE
r-oldrel-windows-ix86+x86_64 0.97 17.00 82.00 99.00 NOTE

Check Details

Version: 0.97
Check: DESCRIPTION meta-information
Result: NOTE
    Malformed Description field: should contain one or more complete sentences.
Flavors: r-devel-linux-x86_64-debian-clang, r-devel-linux-x86_64-debian-gcc, r-devel-macos-x86_64-clang, r-devel-windows-ix86+x86_64, r-patched-linux-x86_64, r-patched-solaris-sparc, r-patched-solaris-x86, r-release-linux-x86_64, r-release-osx-x86_64-mavericks, r-release-windows-ix86+x86_64, r-oldrel-windows-ix86+x86_64

Version: 0.97
Check: dependencies in R code
Result: NOTE
    Package in Depends field not imported from: ‘survival’
     These packages need to be imported from (in the NAMESPACE file)
     for when this namespace is loaded but not attached.
Flavors: r-devel-linux-x86_64-debian-clang, r-devel-linux-x86_64-debian-gcc, r-devel-macos-x86_64-clang, r-devel-windows-ix86+x86_64, r-patched-linux-x86_64, r-patched-solaris-sparc, r-patched-solaris-x86, r-release-linux-x86_64, r-release-osx-x86_64-mavericks, r-release-windows-ix86+x86_64, r-oldrel-windows-ix86+x86_64

Version: 0.97
Check: S3 generic/method consistency
Result: NOTE
    Found the following apparent S3 methods exported but not registered:
     plot.bootpath plot.coxpath plot.glmpath predict.coxpath
     predict.glmpath print.coxpath print.glmpath summary.coxpath
     summary.glmpath
    See section ‘Registering S3 methods’ in the ‘Writing R Extensions’
    manual.
Flavors: r-devel-linux-x86_64-debian-clang, r-devel-linux-x86_64-debian-gcc, r-devel-macos-x86_64-clang, r-patched-linux-x86_64, r-patched-solaris-sparc, r-patched-solaris-x86, r-release-linux-x86_64

Version: 0.97
Check: R code for possible problems
Result: NOTE
    cv.coxpath: no visible global function definition for ‘predict’
    cv.coxpath: no visible binding for global variable ‘var’
    cv.coxpath: no visible global function definition for ‘plot’
    cv.coxpath: no visible global function definition for ‘segments’
    cv.glmpath: no visible binding for global variable ‘binomial’
    cv.glmpath: no visible global function definition for ‘gaussian’
    cv.glmpath: no visible global function definition for ‘binomial’
    cv.glmpath: no visible global function definition for ‘poisson’
    cv.glmpath: no visible global function definition for ‘predict’
    cv.glmpath: no visible binding for global variable ‘var’
    cv.glmpath: no visible global function definition for ‘plot’
    cv.glmpath: no visible global function definition for ‘segments’
    glmpath: no visible binding for global variable ‘binomial’
    glmpath: no visible global function definition for ‘gaussian’
    glmpath: no visible global function definition for ‘binomial’
    glmpath: no visible global function definition for ‘poisson’
    plot.bootpath: no visible global function definition for ‘par’
    plot.bootpath: no visible global function definition for ‘hist’
    plot.bootpath: no visible global function definition for ‘segments’
    plot.bootpath: no visible global function definition for ‘abline’
    plot.bootpath : bpanel: no visible global function definition for
     ‘abline’
    plot.bootpath : bpanel: no visible global function definition for
     ‘points’
    plot.bootpath: no visible global function definition for ‘pairs’
    plot.coxpath: no visible global function definition for ‘par’
    plot.coxpath: no visible global function definition for ‘plot’
    plot.coxpath: no visible global function definition for ‘title’
    plot.coxpath: no visible global function definition for ‘matplot’
    plot.coxpath: no visible global function definition for ‘abline’
    plot.coxpath: no visible global function definition for ‘axis’
    plot.coxpath: no visible global function definition for ‘segments’
    plot.glmpath: no visible global function definition for ‘par’
    plot.glmpath: no visible global function definition for ‘plot’
    plot.glmpath: no visible global function definition for ‘title’
    plot.glmpath: no visible global function definition for ‘matplot’
    plot.glmpath: no visible global function definition for ‘abline’
    plot.glmpath: no visible global function definition for ‘axis’
    plot.glmpath: no visible global function definition for ‘segments’
    predict.coxpath: no visible global function definition for ‘step’
    predict.coxpath: no visible global function definition for ‘approx’
    predict.coxpath: no visible global function definition for ‘coxph’
    predict.glmpath: no visible global function definition for ‘step’
    predict.glmpath: no visible global function definition for ‘approx’
    Undefined global functions or variables:
     abline approx axis binomial coxph gaussian hist matplot pairs par
     plot points poisson predict segments step title var
    Consider adding
     importFrom("graphics", "abline", "axis", "hist", "matplot", "pairs",
     "par", "plot", "points", "segments", "title")
     importFrom("stats", "approx", "binomial", "gaussian", "poisson",
     "predict", "step", "var")
    to your NAMESPACE file.
Flavors: r-devel-linux-x86_64-debian-clang, r-devel-linux-x86_64-debian-gcc, r-devel-macos-x86_64-clang, r-devel-windows-ix86+x86_64, r-patched-linux-x86_64, r-patched-solaris-sparc, r-patched-solaris-x86, r-release-linux-x86_64, r-release-osx-x86_64-mavericks, r-release-windows-ix86+x86_64

Version: 0.97
Flags: --no-stop-on-test-error
Check: DESCRIPTION meta-information
Result: NOTE
    Malformed Description field: should contain one or more complete sentences.
Flavors: r-devel-linux-x86_64-fedora-clang, r-devel-linux-x86_64-fedora-gcc

Version: 0.97
Flags: --no-stop-on-test-error
Check: dependencies in R code
Result: NOTE
    Package in Depends field not imported from: ‘survival’
     These packages need to be imported from (in the NAMESPACE file)
     for when this namespace is loaded but not attached.
Flavors: r-devel-linux-x86_64-fedora-clang, r-devel-linux-x86_64-fedora-gcc

Version: 0.97
Flags: --no-stop-on-test-error
Check: S3 generic/method consistency
Result: NOTE
    Found the following apparent S3 methods exported but not registered:
     plot.bootpath plot.coxpath plot.glmpath predict.coxpath
     predict.glmpath print.coxpath print.glmpath summary.coxpath
     summary.glmpath
    See section ‘Registering S3 methods’ in the ‘Writing R Extensions’
    manual.
Flavors: r-devel-linux-x86_64-fedora-clang, r-devel-linux-x86_64-fedora-gcc

Version: 0.97
Flags: --no-stop-on-test-error
Check: R code for possible problems
Result: NOTE
    cv.coxpath: no visible global function definition for ‘predict’
    cv.coxpath: no visible binding for global variable ‘var’
    cv.coxpath: no visible global function definition for ‘plot’
    cv.coxpath: no visible global function definition for ‘segments’
    cv.glmpath: no visible binding for global variable ‘binomial’
    cv.glmpath: no visible global function definition for ‘gaussian’
    cv.glmpath: no visible global function definition for ‘binomial’
    cv.glmpath: no visible global function definition for ‘poisson’
    cv.glmpath: no visible global function definition for ‘predict’
    cv.glmpath: no visible binding for global variable ‘var’
    cv.glmpath: no visible global function definition for ‘plot’
    cv.glmpath: no visible global function definition for ‘segments’
    glmpath: no visible binding for global variable ‘binomial’
    glmpath: no visible global function definition for ‘gaussian’
    glmpath: no visible global function definition for ‘binomial’
    glmpath: no visible global function definition for ‘poisson’
    plot.bootpath: no visible global function definition for ‘par’
    plot.bootpath: no visible global function definition for ‘hist’
    plot.bootpath: no visible global function definition for ‘segments’
    plot.bootpath: no visible global function definition for ‘abline’
    plot.bootpath : bpanel: no visible global function definition for
     ‘abline’
    plot.bootpath : bpanel: no visible global function definition for
     ‘points’
    plot.bootpath: no visible global function definition for ‘pairs’
    plot.coxpath: no visible global function definition for ‘par’
    plot.coxpath: no visible global function definition for ‘plot’
    plot.coxpath: no visible global function definition for ‘title’
    plot.coxpath: no visible global function definition for ‘matplot’
    plot.coxpath: no visible global function definition for ‘abline’
    plot.coxpath: no visible global function definition for ‘axis’
    plot.coxpath: no visible global function definition for ‘segments’
    plot.glmpath: no visible global function definition for ‘par’
    plot.glmpath: no visible global function definition for ‘plot’
    plot.glmpath: no visible global function definition for ‘title’
    plot.glmpath: no visible global function definition for ‘matplot’
    plot.glmpath: no visible global function definition for ‘abline’
    plot.glmpath: no visible global function definition for ‘axis’
    plot.glmpath: no visible global function definition for ‘segments’
    predict.coxpath: no visible global function definition for ‘step’
    predict.coxpath: no visible global function definition for ‘approx’
    predict.coxpath: no visible global function definition for ‘coxph’
    predict.glmpath: no visible global function definition for ‘step’
    predict.glmpath: no visible global function definition for ‘approx’
    Undefined global functions or variables:
     abline approx axis binomial coxph gaussian hist matplot pairs par
     plot points poisson predict segments step title var
    Consider adding
     importFrom("graphics", "abline", "axis", "hist", "matplot", "pairs",
     "par", "plot", "points", "segments", "title")
     importFrom("stats", "approx", "binomial", "gaussian", "poisson",
     "predict", "step", "var")
    to your NAMESPACE file.
Flavors: r-devel-linux-x86_64-fedora-clang, r-devel-linux-x86_64-fedora-gcc

Version: 0.97
Check: R code for possible problems
Result: NOTE
    predict.coxpath: no visible global function definition for 'coxph'
Flavor: r-oldrel-windows-ix86+x86_64