CRAN Package Check Results for Package glmpath

Last updated on 2014-04-18 09:49:19.

Flavor Version Tinstall Tcheck Ttotal Status Flags
r-devel-linux-x86_64-debian-clang 0.97 2.02 22.66 24.68 NOTE
r-devel-linux-x86_64-debian-gcc NOTE
r-devel-linux-x86_64-fedora-clang 0.97 49.59 NOTE
r-devel-linux-x86_64-fedora-gcc 0.97 47.49 NOTE
r-devel-macosx-x86_64-clang 0.97 44.75 NOTE
r-devel-macosx-x86_64-gcc 0.97 NOTE
r-devel-windows-ix86+x86_64 0.97 11.00 49.00 60.00 NOTE
r-patched-linux-x86_64 0.97 2.57 23.37 25.94 NOTE
r-patched-solaris-sparc 0.97 277.40 NOTE
r-patched-solaris-x86 0.97 72.60 NOTE
r-release-linux-ix86 0.97 5.00 41.00 46.00 NOTE
r-release-linux-x86_64 0.97 2.50 22.69 25.19 NOTE
r-release-windows-ix86+x86_64 0.97 20.00 64.00 84.00 NOTE
r-oldrel-windows-ix86+x86_64 0.97 11.00 48.00 59.00 NOTE

Check Details

Version: 0.97
Check: dependencies in R code
Result: NOTE
    Package in Depends field not imported from: ‘survival’
     These packages need to be imported from (in the NAMESPACE file)
     for when this namespace is loaded but not attached.
    See the information on DESCRIPTION files in the chapter ‘Creating R
    packages’ of the ‘Writing R Extensions’ manual.
Flavors: r-devel-linux-x86_64-debian-clang, r-devel-linux-x86_64-debian-gcc, r-devel-linux-x86_64-fedora-clang, r-devel-linux-x86_64-fedora-gcc, r-devel-macosx-x86_64-clang, r-devel-macosx-x86_64-gcc, r-devel-windows-ix86+x86_64, r-patched-linux-x86_64, r-patched-solaris-sparc, r-patched-solaris-x86, r-release-linux-ix86, r-release-linux-x86_64, r-release-windows-ix86+x86_64, r-oldrel-windows-ix86+x86_64