CRAN Package Check Results for Package glmpath

Last updated on 2014-07-22 15:51:50.

Flavor Version Tinstall Tcheck Ttotal Status Flags
r-devel-linux-x86_64-debian-clang 0.97 1.86 21.76 23.62 NOTE
r-devel-linux-x86_64-debian-gcc 0.97 2.52 21.72 24.25 NOTE
r-devel-linux-x86_64-fedora-clang 0.97 50.45 NOTE
r-devel-linux-x86_64-fedora-gcc 0.97 47.42 NOTE
r-devel-osx-x86_64-clang 0.97 44.61 NOTE
r-devel-windows-ix86+x86_64 0.97 10.00 45.00 55.00 NOTE
r-patched-linux-x86_64 0.97 2.51 22.07 24.58 NOTE
r-patched-solaris-sparc 0.97 277.40 NOTE
r-patched-solaris-x86 0.97 70.00 NOTE
r-release-linux-ix86 0.97 3.28 29.09 32.38 NOTE
r-release-linux-x86_64 0.97 2.59 22.06 24.66 NOTE
r-release-osx-x86_64-mavericks 0.97 NOTE
r-release-windows-ix86+x86_64 0.97 16.00 64.00 80.00 NOTE
r-oldrel-windows-ix86+x86_64 0.97 11.00 48.00 59.00 NOTE

Check Details

Version: 0.97
Check: dependencies in R code
Result: NOTE
    Package in Depends field not imported from: ‘survival’
     These packages need to be imported from (in the NAMESPACE file)
     for when this namespace is loaded but not attached.
    See the information on DESCRIPTION files in the chapter ‘Creating R
    packages’ of the ‘Writing R Extensions’ manual.
Flavors: r-devel-linux-x86_64-debian-clang, r-devel-linux-x86_64-debian-gcc, r-devel-linux-x86_64-fedora-clang, r-devel-linux-x86_64-fedora-gcc, r-devel-osx-x86_64-clang, r-devel-windows-ix86+x86_64, r-patched-linux-x86_64, r-patched-solaris-sparc, r-patched-solaris-x86, r-release-linux-ix86, r-release-linux-x86_64, r-release-osx-x86_64-mavericks, r-release-windows-ix86+x86_64, r-oldrel-windows-ix86+x86_64