CRAN Package Check Results for Package glmpathcr

Last updated on 2015-03-04 00:47:08.

Flavor Version Tinstall Tcheck Ttotal Status Flags
r-devel-linux-x86_64-debian-clang 1.0.3 3.68 125.37 129.05 NOTE
r-devel-linux-x86_64-debian-gcc 1.0.3 3.21 117.95 121.16 NOTE
r-devel-linux-x86_64-fedora-clang 1.0.3 243.14 NOTE
r-devel-linux-x86_64-fedora-gcc 1.0.3 232.98 NOTE
r-devel-osx-x86_64-clang 1.0.3 246.78 NOTE
r-devel-windows-ix86+x86_64 1.0.3 9.00 186.00 195.00 NOTE
r-patched-linux-x86_64 1.0.3 3.53 131.82 135.34 NOTE
r-patched-solaris-sparc 1.0.3 1921.80 NOTE
r-patched-solaris-x86 1.0.3 496.80 NOTE
r-release-linux-ix86 1.0.3 4.09 194.88 198.96 NOTE
r-release-linux-x86_64 1.0.3 3.56 123.87 127.43 NOTE
r-release-osx-x86_64-mavericks 1.0.3 NOTE
r-release-osx-x86_64-snowleopard 1.0.3 OK
r-release-windows-ix86+x86_64 1.0.3 9.00 186.00 195.00 NOTE
r-oldrel-windows-ix86+x86_64 1.0.3 10.00 193.00 203.00 NOTE

Check Details

Version: 1.0.3
Check: DESCRIPTION meta-information
Result: NOTE
    Malformed Title field: should not end in a period.
Flavors: r-devel-linux-x86_64-debian-clang, r-devel-linux-x86_64-debian-gcc, r-devel-linux-x86_64-fedora-clang, r-devel-linux-x86_64-fedora-gcc, r-devel-osx-x86_64-clang, r-devel-windows-ix86+x86_64

Version: 1.0.3
Check: dependencies in R code
Result: NOTE
    Packages in Depends field not imported from:
     ‘glmpath’ ‘mvtnorm’
     These packages need to be imported from (in the NAMESPACE file)
     for when this namespace is loaded but not attached.
Flavors: r-devel-linux-x86_64-debian-clang, r-devel-linux-x86_64-debian-gcc, r-devel-linux-x86_64-fedora-clang, r-devel-linux-x86_64-fedora-gcc, r-devel-osx-x86_64-clang, r-devel-windows-ix86+x86_64, r-patched-linux-x86_64, r-patched-solaris-sparc, r-patched-solaris-x86

Version: 1.0.3
Check: R code for possible problems
Result: NOTE
    glmpath.cr: no visible global function definition for ‘glmpath’
Flavors: r-devel-linux-x86_64-debian-clang, r-devel-linux-x86_64-debian-gcc, r-devel-linux-x86_64-fedora-clang, r-devel-linux-x86_64-fedora-gcc, r-devel-osx-x86_64-clang, r-devel-windows-ix86+x86_64, r-patched-linux-x86_64, r-patched-solaris-sparc, r-patched-solaris-x86, r-release-linux-ix86, r-release-linux-x86_64, r-release-osx-x86_64-mavericks, r-release-windows-ix86+x86_64

Version: 1.0.3
Check: dependencies in R code
Result: NOTE
    Packages in Depends field not imported from:
     ‘glmpath’ ‘mvtnorm’
     These packages need to be imported from (in the NAMESPACE file)
     for when this namespace is loaded but not attached.
    See the information on DESCRIPTION files in the chapter ‘Creating R
    packages’ of the ‘Writing R Extensions’ manual.
Flavors: r-release-linux-ix86, r-release-linux-x86_64, r-release-osx-x86_64-mavericks, r-release-windows-ix86+x86_64, r-oldrel-windows-ix86+x86_64