CRAN Package Check Results for Package glmpathcr

Last updated on 2015-05-25 22:47:07.

Flavor Version Tinstall Tcheck Ttotal Status Flags
r-devel-linux-x86_64-debian-clang 1.0.3 3.24 130.73 133.97 NOTE
r-devel-linux-x86_64-debian-gcc 1.0.3 3.09 113.92 117.01 NOTE
r-devel-linux-x86_64-fedora-clang 1.0.3 243.82 NOTE
r-devel-linux-x86_64-fedora-gcc 1.0.3 227.54 NOTE
r-devel-osx-x86_64-clang 1.0.3 239.34 NOTE
r-devel-windows-ix86+x86_64 1.0.3 8.00 182.00 190.00 NOTE
r-patched-linux-x86_64 1.0.3 3.52 117.02 120.54 NOTE
r-patched-solaris-sparc 1.0.3 1821.80 NOTE
r-patched-solaris-x86 1.0.3 467.70 NOTE
r-release-linux-x86_64 1.0.3 3.48 116.12 119.60 NOTE
r-release-osx-x86_64-mavericks 1.0.3 NOTE
r-release-osx-x86_64-snowleopard 1.0.3 NOTE
r-release-windows-ix86+x86_64 1.0.3 8.00 217.00 225.00 NOTE
r-oldrel-windows-ix86+x86_64 1.0.3 13.00 205.00 218.00 NOTE

Check Details

Version: 1.0.3
Check: DESCRIPTION meta-information
Result: NOTE
    Malformed Title field: should not end in a period.
Flavors: r-devel-linux-x86_64-debian-clang, r-devel-linux-x86_64-debian-gcc, r-devel-linux-x86_64-fedora-clang, r-devel-linux-x86_64-fedora-gcc, r-devel-osx-x86_64-clang, r-devel-windows-ix86+x86_64, r-patched-linux-x86_64, r-patched-solaris-sparc, r-patched-solaris-x86, r-release-linux-x86_64, r-release-osx-x86_64-mavericks, r-release-osx-x86_64-snowleopard, r-release-windows-ix86+x86_64

Version: 1.0.3
Check: dependencies in R code
Result: NOTE
    Packages in Depends field not imported from:
     ‘glmpath’ ‘mvtnorm’
     These packages need to be imported from (in the NAMESPACE file)
     for when this namespace is loaded but not attached.
Flavors: r-devel-linux-x86_64-debian-clang, r-devel-linux-x86_64-debian-gcc, r-devel-linux-x86_64-fedora-clang, r-devel-linux-x86_64-fedora-gcc, r-devel-osx-x86_64-clang, r-devel-windows-ix86+x86_64, r-patched-linux-x86_64, r-patched-solaris-sparc, r-patched-solaris-x86, r-release-linux-x86_64, r-release-osx-x86_64-mavericks, r-release-osx-x86_64-snowleopard, r-release-windows-ix86+x86_64, r-oldrel-windows-ix86+x86_64

Version: 1.0.3
Check: R code for possible problems
Result: NOTE
    glmpath.cr: no visible global function definition for ‘glmpath’
Flavors: r-devel-linux-x86_64-debian-clang, r-devel-linux-x86_64-debian-gcc, r-devel-linux-x86_64-fedora-clang, r-devel-linux-x86_64-fedora-gcc, r-devel-osx-x86_64-clang, r-devel-windows-ix86+x86_64, r-patched-linux-x86_64, r-patched-solaris-sparc, r-patched-solaris-x86, r-release-linux-x86_64, r-release-osx-x86_64-mavericks, r-release-osx-x86_64-snowleopard, r-release-windows-ix86+x86_64, r-oldrel-windows-ix86+x86_64