CRAN Package Check Results for Package glmpathcr

Last updated on 2019-06-26 09:49:15 CEST.

Flavor Version Tinstall Tcheck Ttotal Status Flags
r-devel-linux-x86_64-debian-clang 1.0.7 10.74 168.83 179.57 ERROR
r-devel-linux-x86_64-debian-gcc 1.0.7 10.16 142.44 152.60 OK
r-devel-linux-x86_64-fedora-clang 1.0.7 229.06 OK
r-devel-linux-x86_64-fedora-gcc 1.0.7 224.24 OK
r-devel-windows-ix86+x86_64 1.0.7 23.00 192.00 215.00 OK
r-patched-linux-x86_64 1.0.7 10.22 167.98 178.20 ERROR
r-patched-solaris-x86 1.0.7 540.30 OK
r-release-linux-x86_64 1.0.7 10.12 166.50 176.62 ERROR
r-release-windows-ix86+x86_64 1.0.7 18.00 248.00 266.00 OK
r-release-osx-x86_64 1.0.7 OK
r-oldrel-windows-ix86+x86_64 1.0.7 11.00 183.00 194.00 OK
r-oldrel-osx-x86_64 1.0.7 OK

Additional issues

OpenBLAS

Check Details

Version: 1.0.7
Check: examples
Result: ERROR
    Running examples in 'glmpathcr-Ex.R' failed
    The error most likely occurred in:
    
    > base::assign(".ptime", proc.time(), pos = "CheckExEnv")
    > ### Name: plot.glmpathcr
    > ### Title: Plots the Regularization Path Computed from glmpathcr
    > ### Aliases: plot.glmpathcr
    > ### Keywords: methods
    >
    > ### ** Examples
    >
    > data(diabetes)
    > x <- diabetes[, 2:dim(diabetes)[2]]
    > y <- diabetes$y
    > fit <- glmpathcr(x, y)
    > plot(fit, xvar="step")
    Error in plot.glmpathcr(fit, xvar = "step") :
     dimension of coefficient matrix must match the number of steps
    Calls: plot -> plot.glmpathcr
    Execution halted
Flavors: r-devel-linux-x86_64-debian-clang, r-patched-linux-x86_64, r-release-linux-x86_64