CRAN Package Check Results for Package glmpathcr

Last updated on 2016-02-10 02:49:07.

Flavor Version Tinstall Tcheck Ttotal Status Flags
r-devel-linux-x86_64-debian-gcc 1.0.3 3.58 103.78 107.36 NOTE
r-devel-linux-x86_64-fedora-clang 1.0.3 208.79 NOTE
r-devel-linux-x86_64-fedora-gcc 1.0.3 205.06 NOTE
r-devel-osx-x86_64-clang 1.0.3 257.43 NOTE
r-devel-windows-ix86+x86_64 1.0.3 11.00 167.00 178.00 NOTE
r-patched-linux-x86_64 1.0.3 4.04 117.93 121.97 NOTE
r-patched-solaris-sparc 1.0.3 1799.50 NOTE
r-patched-solaris-x86 1.0.3 405.00 NOTE
r-release-linux-x86_64 1.0.3 3.64 119.33 122.97 NOTE
r-release-osx-x86_64-mavericks 1.0.3 NOTE
r-release-windows-ix86+x86_64 1.0.3 11.00 220.00 231.00 NOTE
r-oldrel-windows-ix86+x86_64 1.0.3 14.00 206.00 220.00 NOTE

Check Details

Version: 1.0.3
Check: DESCRIPTION meta-information
Result: NOTE
    Malformed Title field: should not end in a period.
Flavors: r-devel-linux-x86_64-debian-gcc, r-devel-linux-x86_64-fedora-clang, r-devel-linux-x86_64-fedora-gcc, r-devel-osx-x86_64-clang, r-devel-windows-ix86+x86_64, r-patched-linux-x86_64, r-patched-solaris-sparc, r-patched-solaris-x86, r-release-linux-x86_64, r-release-osx-x86_64-mavericks, r-release-windows-ix86+x86_64

Version: 1.0.3
Check: dependencies in R code
Result: NOTE
    Packages in Depends field not imported from:
     ‘glmpath’ ‘mvtnorm’
     These packages need to be imported from (in the NAMESPACE file)
     for when this namespace is loaded but not attached.
Flavors: r-devel-linux-x86_64-debian-gcc, r-devel-linux-x86_64-fedora-clang, r-devel-linux-x86_64-fedora-gcc, r-devel-osx-x86_64-clang, r-devel-windows-ix86+x86_64, r-patched-linux-x86_64, r-patched-solaris-sparc, r-patched-solaris-x86, r-release-linux-x86_64, r-release-osx-x86_64-mavericks, r-release-windows-ix86+x86_64, r-oldrel-windows-ix86+x86_64

Version: 1.0.3
Check: R code for possible problems
Result: NOTE
    coef.glmpath.cr: no visible global function definition for ‘approx’
    fitted.glmpath.cr: no visible global function definition for ‘coef’
    glmpath.cr: no visible global function definition for ‘glmpath’
    glmpath.cr: no visible binding for global variable ‘binomial’
    nonzero.coef: no visible global function definition for ‘coef’
    plot.glmpath.cr: no visible global function definition for ‘par’
    plot.glmpath.cr: no visible global function definition for ‘plot’
    plot.glmpath.cr: no visible global function definition for ‘title’
    plot.glmpath.cr: no visible global function definition for ‘matplot’
    plot.glmpath.cr: no visible global function definition for ‘abline’
    plot.glmpath.cr: no visible global function definition for ‘axis’
    plot.glmpath.cr: no visible global function definition for ‘segments’
    predict.glmpath.cr: no visible global function definition for ‘coef’
    summary.glmpath.cr: no visible global function definition for ‘coef’
    Undefined global functions or variables:
     abline approx axis binomial coef glmpath matplot par plot segments
     title
    Consider adding
     importFrom("graphics", "abline", "axis", "matplot", "par", "plot",
     "segments", "title")
     importFrom("stats", "approx", "binomial", "coef")
    to your NAMESPACE file.
Flavors: r-devel-linux-x86_64-debian-gcc, r-devel-linux-x86_64-fedora-clang, r-devel-linux-x86_64-fedora-gcc, r-devel-osx-x86_64-clang, r-devel-windows-ix86+x86_64

Version: 1.0.3
Check: R code for possible problems
Result: NOTE
    glmpath.cr: no visible global function definition for ‘glmpath’
Flavors: r-patched-linux-x86_64, r-patched-solaris-sparc, r-patched-solaris-x86, r-release-linux-x86_64, r-release-osx-x86_64-mavericks, r-release-windows-ix86+x86_64, r-oldrel-windows-ix86+x86_64