CRAN Package Check Results for Package glmpathcr

Last updated on 2015-07-05 03:47:26.

Flavor Version Tinstall Tcheck Ttotal Status Flags
r-devel-linux-x86_64-debian-clang 1.0.3 3.56 120.83 124.39 NOTE
r-devel-linux-x86_64-debian-gcc 1.0.3 3.10 116.60 119.70 NOTE
r-devel-linux-x86_64-fedora-clang 1.0.3 240.76 NOTE
r-devel-linux-x86_64-fedora-gcc 1.0.3 230.62 NOTE
r-devel-osx-x86_64-clang 1.0.3 239.37 NOTE
r-devel-windows-ix86+x86_64 1.0.3 8.00 257.00 265.00 NOTE
r-patched-linux-x86_64 1.0.3 3.60 117.22 120.82 NOTE
r-patched-solaris-sparc 1.0.3 1821.80 NOTE
r-patched-solaris-x86 1.0.3 478.50 NOTE
r-release-linux-x86_64 1.0.3 4.36 117.50 121.86 NOTE
r-release-osx-x86_64-mavericks 1.0.3 NOTE
r-release-windows-ix86+x86_64 1.0.3 11.00 180.00 191.00 NOTE
r-oldrel-windows-ix86+x86_64 1.0.3 9.00 185.00 194.00 NOTE

Check Details

Version: 1.0.3
Check: DESCRIPTION meta-information
Result: NOTE
    Malformed Title field: should not end in a period.
Flavors: r-devel-linux-x86_64-debian-clang, r-devel-linux-x86_64-debian-gcc, r-devel-linux-x86_64-fedora-clang, r-devel-linux-x86_64-fedora-gcc, r-devel-osx-x86_64-clang, r-devel-windows-ix86+x86_64, r-patched-linux-x86_64, r-patched-solaris-sparc, r-patched-solaris-x86, r-release-linux-x86_64, r-release-osx-x86_64-mavericks, r-release-windows-ix86+x86_64

Version: 1.0.3
Check: dependencies in R code
Result: NOTE
    Packages in Depends field not imported from:
     ‘glmpath’ ‘mvtnorm’
     These packages need to be imported from (in the NAMESPACE file)
     for when this namespace is loaded but not attached.
Flavors: r-devel-linux-x86_64-debian-clang, r-devel-linux-x86_64-debian-gcc, r-devel-linux-x86_64-fedora-clang, r-devel-linux-x86_64-fedora-gcc, r-devel-osx-x86_64-clang, r-devel-windows-ix86+x86_64, r-patched-linux-x86_64, r-patched-solaris-sparc, r-patched-solaris-x86, r-release-linux-x86_64, r-release-osx-x86_64-mavericks, r-release-windows-ix86+x86_64, r-oldrel-windows-ix86+x86_64

Version: 1.0.3
Check: R code for possible problems
Result: NOTE
    coef.glmpath.cr: no visible global function definition for ‘approx’
    fitted.glmpath.cr: no visible global function definition for ‘coef’
    glmpath.cr: no visible global function definition for ‘glmpath’
    glmpath.cr: no visible binding for global variable ‘binomial’
    nonzero.coef: no visible global function definition for ‘coef’
    plot.glmpath.cr: no visible global function definition for ‘par’
    plot.glmpath.cr: no visible global function definition for ‘plot’
    plot.glmpath.cr: no visible global function definition for ‘title’
    plot.glmpath.cr: no visible global function definition for ‘matplot’
    plot.glmpath.cr: no visible global function definition for ‘abline’
    plot.glmpath.cr: no visible global function definition for ‘axis’
    plot.glmpath.cr: no visible global function definition for ‘segments’
    predict.glmpath.cr: no visible global function definition for ‘coef’
    summary.glmpath.cr: no visible global function definition for ‘coef’
    Undefined global functions or variables:
     abline approx axis binomial coef glmpath matplot par plot segments
     title
Flavors: r-devel-linux-x86_64-debian-clang, r-devel-linux-x86_64-debian-gcc, r-devel-linux-x86_64-fedora-clang, r-devel-linux-x86_64-fedora-gcc, r-devel-windows-ix86+x86_64

Version: 1.0.3
Check: R code for possible problems
Result: NOTE
    glmpath.cr: no visible global function definition for ‘glmpath’
    Undefined global functions or variables:
     glmpath
Flavor: r-devel-osx-x86_64-clang

Version: 1.0.3
Check: R code for possible problems
Result: NOTE
    glmpath.cr: no visible global function definition for ‘glmpath’
Flavors: r-patched-linux-x86_64, r-patched-solaris-sparc, r-patched-solaris-x86, r-release-linux-x86_64, r-release-osx-x86_64-mavericks, r-release-windows-ix86+x86_64, r-oldrel-windows-ix86+x86_64