CRAN Package Check Results for Package glmperm

Last updated on 2014-04-16 23:46:57.

Flavor Version Tinstall Tcheck Ttotal Status Flags
r-devel-linux-x86_64-debian-clang 1.0-5 0.65 16.84 17.49 NOTE
r-devel-linux-x86_64-debian-gcc 1.0-5 0.62 16.25 16.88 NOTE
r-devel-linux-x86_64-fedora-clang 1.0-5 35.57 NOTE
r-devel-linux-x86_64-fedora-gcc 1.0-5 32.92 NOTE
r-devel-macosx-x86_64-clang 1.0-5 36.34 NOTE
r-devel-macosx-x86_64-gcc 1.0-5 NOTE
r-devel-windows-ix86+x86_64 1.0-5 2.00 25.00 27.00 NOTE
r-patched-linux-x86_64 1.0-5 0.62 16.60 17.22 NOTE
r-patched-solaris-sparc 1.0-5 202.50 NOTE
r-patched-solaris-x86 1.0-5 46.10 NOTE
r-release-linux-ix86 1.0-5 2.00 32.00 34.00 NOTE
r-release-linux-x86_64 1.0-5 0.62 16.38 17.00 NOTE
r-release-macosx-x86_64 1.0-5 NOTE
r-release-windows-ix86+x86_64 1.0-5 2.00 26.00 28.00 NOTE
r-oldrel-windows-ix86+x86_64 1.0-5 3.00 29.00 32.00 NOTE

Check Details

Version: 1.0-5
Check: dependencies in R code
Result: NOTE
    'library' or 'require' call to ‘survival’ which was already attached by Depends.
     Please remove these calls from your code.
    See the information on DESCRIPTION files in the chapter ‘Creating R
    packages’ of the ‘Writing R Extensions’ manual.
Flavors: r-devel-linux-x86_64-debian-clang, r-devel-linux-x86_64-debian-gcc, r-devel-linux-x86_64-fedora-clang, r-devel-linux-x86_64-fedora-gcc, r-devel-macosx-x86_64-clang, r-devel-macosx-x86_64-gcc, r-devel-windows-ix86+x86_64, r-patched-linux-x86_64, r-patched-solaris-sparc, r-patched-solaris-x86, r-release-linux-ix86, r-release-linux-x86_64, r-release-macosx-x86_64, r-release-windows-ix86+x86_64, r-oldrel-windows-ix86+x86_64

Version: 1.0-5
Check: Rd line widths
Result: NOTE
    Rd file 'prr.test.Rd':
     \usage lines wider than 90 characters:
     prr.test(formula, var, family=gaussian, data, nrep = 1000, seed=12345, Silent=TRUE, weights, subset, na.action, start = NULL, etastart ... [TRUNCATED]
     \examples lines wider than 100 characters:
     LRtest3 <- prr.test(counts ~ cbpiles + coverstorey, var="cbpiles", data=treepipit, family=quasipoisson())
    
    These lines will be truncated in the PDF manual.
Flavors: r-devel-linux-x86_64-fedora-clang, r-devel-linux-x86_64-fedora-gcc