CRAN Package Check Results for Package glmperm

Last updated on 2014-08-02 08:48:36.

Flavor Version Tinstall Tcheck Ttotal Status Flags
r-devel-linux-x86_64-debian-clang 1.0-5 0.58 15.92 16.49 NOTE
r-devel-linux-x86_64-debian-gcc 1.0-5 0.58 15.82 16.40 NOTE
r-devel-linux-x86_64-fedora-clang 1.0-5 35.57 NOTE
r-devel-linux-x86_64-fedora-gcc 1.0-5 32.09 NOTE
r-devel-osx-x86_64-clang 1.0-5 33.89 NOTE
r-devel-windows-ix86+x86_64 1.0-5 2.00 26.00 28.00 NOTE
r-patched-linux-x86_64 1.0-5 0.62 15.92 16.54 NOTE
r-patched-solaris-sparc 1.0-5 189.70 NOTE
r-patched-solaris-x86 1.0-5 46.00 NOTE
r-release-linux-ix86 1.0-5 0.88 23.64 24.52 NOTE
r-release-linux-x86_64 1.0-5 0.64 16.33 16.97 NOTE
r-release-osx-x86_64-mavericks 1.0-5 NOTE
r-release-osx-x86_64-snowleopard 1.0-5 NOTE
r-release-windows-ix86+x86_64 1.0-5 2.00 26.00 28.00 NOTE
r-oldrel-windows-ix86+x86_64 1.0-5 5.00 37.00 42.00 NOTE

Check Details

Version: 1.0-5
Check: dependencies in R code
Result: NOTE
    'library' or 'require' call to survival which was already attached by Depends.
     Please remove these calls from your code.
    See the information on DESCRIPTION files in the chapter Creating R
    packages of the Writing R Extensions manual.
Flavors: r-devel-linux-x86_64-debian-clang, r-devel-linux-x86_64-debian-gcc, r-devel-linux-x86_64-fedora-clang, r-devel-linux-x86_64-fedora-gcc, r-devel-osx-x86_64-clang, r-devel-windows-ix86+x86_64, r-patched-linux-x86_64, r-patched-solaris-sparc, r-patched-solaris-x86, r-release-linux-ix86, r-release-linux-x86_64, r-release-osx-x86_64-mavericks, r-release-osx-x86_64-snowleopard, r-release-windows-ix86+x86_64, r-oldrel-windows-ix86+x86_64

Version: 1.0-5
Check: Rd line widths
Result: NOTE
    Rd file 'prr.test.Rd':
     \usage lines wider than 90 characters:
     prr.test(formula, var, family=gaussian, data, nrep = 1000, seed=12345, Silent=TRUE, weights, subset, na.action, start = NULL, etastart ... [TRUNCATED]
     \examples lines wider than 100 characters:
     LRtest3 <- prr.test(counts ~ cbpiles + coverstorey, var="cbpiles", data=treepipit, family=quasipoisson())
    
    These lines will be truncated in the PDF manual.
Flavors: r-devel-linux-x86_64-fedora-clang, r-devel-linux-x86_64-fedora-gcc