CRAN Package Check Results for Package glmperm

Last updated on 2014-10-24 23:47:49.

Flavor Version Tinstall Tcheck Ttotal Status Flags
r-devel-linux-x86_64-debian-clang 1.0-5 0.78 16.22 17.00 NOTE
r-devel-linux-x86_64-debian-gcc 1.0-5 0.61 16.39 17.00 NOTE
r-devel-linux-x86_64-fedora-clang 1.0-5 33.60 NOTE
r-devel-linux-x86_64-fedora-gcc 1.0-5 33.13 NOTE
r-devel-osx-x86_64-clang 1.0-5 36.88 NOTE
r-devel-windows-ix86+x86_64 1.0-5 2.00 27.00 29.00 NOTE
r-patched-linux-x86_64 1.0-5 0.66 16.46 17.13 NOTE
r-patched-solaris-sparc 1.0-5 189.70 NOTE
r-patched-solaris-x86 1.0-5 48.20 NOTE
r-release-linux-ix86 1.0-5 0.89 23.98 24.87 NOTE
r-release-linux-x86_64 1.0-5 0.61 16.74 17.36 NOTE
r-release-osx-x86_64-mavericks 1.0-5 NOTE
r-release-osx-x86_64-snowleopard 1.0-5 NOTE
r-release-windows-ix86+x86_64 1.0-5 3.00 25.00 28.00 NOTE
r-oldrel-windows-ix86+x86_64 1.0-5 3.00 27.00 30.00 NOTE

Check Details

Version: 1.0-5
Check: dependencies in R code
Result: NOTE
    'library' or 'require' call to ‘survival’ which was already attached by Depends.
     Please remove these calls from your code.
    See the information on DESCRIPTION files in the chapter ‘Creating R
    packages’ of the ‘Writing R Extensions’ manual.
Flavors: r-devel-linux-x86_64-debian-clang, r-devel-linux-x86_64-debian-gcc, r-devel-linux-x86_64-fedora-clang, r-devel-linux-x86_64-fedora-gcc, r-devel-osx-x86_64-clang, r-devel-windows-ix86+x86_64, r-patched-linux-x86_64, r-patched-solaris-sparc, r-patched-solaris-x86, r-release-linux-ix86, r-release-linux-x86_64, r-release-osx-x86_64-mavericks, r-release-osx-x86_64-snowleopard, r-release-windows-ix86+x86_64, r-oldrel-windows-ix86+x86_64

Version: 1.0-5
Check: Rd line widths
Result: NOTE
    Rd file 'prr.test.Rd':
     \usage lines wider than 90 characters:
     prr.test(formula, var, family=gaussian, data, nrep = 1000, seed=12345, Silent=TRUE, weights, subset, na.action, start = NULL, etastart ... [TRUNCATED]
     \examples lines wider than 100 characters:
     LRtest3 <- prr.test(counts ~ cbpiles + coverstorey, var="cbpiles", data=treepipit, family=quasipoisson())
    
    These lines will be truncated in the PDF manual.
Flavors: r-devel-linux-x86_64-debian-clang, r-devel-linux-x86_64-debian-gcc, r-devel-linux-x86_64-fedora-clang, r-devel-linux-x86_64-fedora-gcc, r-patched-linux-x86_64, r-release-linux-x86_64