CRAN Package Check Results for Package glmulti

Last updated on 2014-11-24 18:49:15.

Flavor Version Tinstall Tcheck Ttotal Status Flags
r-devel-linux-x86_64-debian-clang 1.0.7 1.89 25.50 27.40 NOTE
r-devel-linux-x86_64-debian-gcc 1.0.7 1.75 24.54 26.29 NOTE
r-devel-linux-x86_64-fedora-clang 1.0.7 58.00 NOTE
r-devel-linux-x86_64-fedora-gcc 1.0.7 53.49 NOTE
r-devel-osx-x86_64-clang 1.0.7 57.33 NOTE
r-devel-windows-ix86+x86_64 1.0.7 5.00 36.00 41.00 NOTE
r-patched-linux-x86_64 1.0.7 1.85 26.30 28.16 NOTE
r-patched-solaris-sparc 1.0.7 335.50 NOTE
r-patched-solaris-x86 1.0.7 81.10 NOTE
r-release-linux-ix86 1.0.7 2.25 32.60 34.85 NOTE
r-release-linux-x86_64 1.0.7 1.83 25.94 27.78 NOTE
r-release-osx-x86_64-mavericks 1.0.7 NOTE
r-release-osx-x86_64-snowleopard 1.0.7 NOTE
r-release-windows-ix86+x86_64 1.0.7 6.00 37.00 43.00 NOTE
r-oldrel-windows-ix86+x86_64 1.0.7 6.00 38.00 44.00 NOTE

Check Details

Version: 1.0.7
Check: dependencies in R code
Result: NOTE
    Package in Depends field not imported from: ‘methods’
     These packages need to be imported from (in the NAMESPACE file)
     for when this namespace is loaded but not attached.
    See the information on DESCRIPTION files in the chapter ‘Creating R
    packages’ of the ‘Writing R Extensions’ manual.
Flavors: r-devel-linux-x86_64-debian-clang, r-devel-linux-x86_64-debian-gcc, r-devel-linux-x86_64-fedora-clang, r-devel-linux-x86_64-fedora-gcc, r-devel-osx-x86_64-clang, r-devel-windows-ix86+x86_64, r-patched-linux-x86_64, r-patched-solaris-sparc, r-patched-solaris-x86, r-release-linux-ix86, r-release-linux-x86_64, r-release-osx-x86_64-mavericks, r-release-windows-ix86+x86_64, r-oldrel-windows-ix86+x86_64

Version: 1.0.7
Check: R code for possible problems
Result: NOTE
    Found an obsolete/platform-specific call in the following function:
     ‘plot.glmulti’
    Found the platform-specific device:
     ‘windows’
    dev.new() is the preferred way to open a new device, in the unlikely
    event one is needed.
    glmulti,character-character-ANY-ANY: no visible global function
     definition for ‘regsubsets’
Flavors: r-devel-linux-x86_64-debian-clang, r-devel-linux-x86_64-debian-gcc, r-devel-linux-x86_64-fedora-clang, r-devel-linux-x86_64-fedora-gcc, r-devel-osx-x86_64-clang, r-patched-linux-x86_64, r-patched-solaris-sparc, r-patched-solaris-x86, r-release-linux-ix86, r-release-linux-x86_64

Version: 1.0.7
Check: Rd line widths
Result: NOTE
    Rd file 'glmulti.Rd':
     \usage lines wider than 90 characters:
     glmulti(y, xr, data, exclude = c(), name = "glmulti.analysis", intercept = TRUE, marginality = FALSE, bunch=30, chunk = 1, chunks = 1,
     level = 2, minsize = 0, maxsize = -1, minK = 0, maxK = -1, method = "h", crit = "aic", confsetsize = 100, popsize = 100 ... [TRUNCATED]
     \examples lines wider than 100 characters:
     # It explains the general approach and shows how to use glmulti with mixed models from the lme4 package.
     # this procedure allows support of arbitrarily any fitting function, or the use of sophisticated constraints on the model structure
    
    Rd file 'write.Rd':
     \usage lines wider than 90 characters:
     write(x, file = "data", ncolumns = if (is.character(x)) 1 else 5, append = FALSE, sep = " ")
    
    These lines will be truncated in the PDF manual.
Flavors: r-devel-linux-x86_64-debian-clang, r-devel-linux-x86_64-debian-gcc, r-devel-linux-x86_64-fedora-clang, r-devel-linux-x86_64-fedora-gcc, r-patched-linux-x86_64, r-release-linux-x86_64

Version: 1.0.7
Check: R code for possible problems
Result: NOTE
    glmulti,character-character-ANY-ANY: no visible global function
     definition for 'regsubsets'
Flavors: r-devel-windows-ix86+x86_64, r-release-windows-ix86+x86_64

Version: 1.0.7
Check: dependencies in R code
Result: NOTE
    Package in Depends field not imported from: 'methods'
     These packages need to be imported from for the case when
     this namespace is loaded but not attached.
    See the information on DESCRIPTION files in the chapter 'Creating R
    packages' of the 'Writing R Extensions' manual.
Flavor: r-release-osx-x86_64-snowleopard