CRAN Package Check Results for Package glmulti

Last updated on 2014-04-16 23:46:57.

Flavor Version Tinstall Tcheck Ttotal Status Flags
r-devel-linux-x86_64-debian-clang 1.0.7 1.93 28.94 30.87 NOTE
r-devel-linux-x86_64-debian-gcc 1.0.7 1.93 28.97 30.90 NOTE
r-devel-linux-x86_64-fedora-clang 1.0.7 66.83 NOTE
r-devel-linux-x86_64-fedora-gcc 1.0.7 62.77 NOTE
r-devel-macosx-x86_64-clang 1.0.7 62.64 NOTE
r-devel-macosx-x86_64-gcc 1.0.7 NOTE
r-devel-windows-ix86+x86_64 1.0.7 6.00 40.00 46.00 NOTE
r-patched-linux-x86_64 1.0.7 1.99 29.23 31.22 NOTE
r-patched-solaris-sparc 1.0.7 369.20 NOTE
r-patched-solaris-x86 1.0.7 87.20 NOTE
r-release-linux-ix86 1.0.7 5.00 50.00 55.00 NOTE
r-release-linux-x86_64 1.0.7 1.93 29.34 31.27 NOTE
r-release-macosx-x86_64 1.0.7 NOTE
r-release-windows-ix86+x86_64 1.0.7 6.00 43.00 49.00 NOTE
r-oldrel-windows-ix86+x86_64 1.0.7 6.00 38.00 44.00 NOTE

Check Details

Version: 1.0.7
Check: dependencies in R code
Result: NOTE
    Package in Depends field not imported from: ‘methods’
     These packages need to be imported from (in the NAMESPACE file)
     for when this namespace is loaded but not attached.
    See the information on DESCRIPTION files in the chapter ‘Creating R
    packages’ of the ‘Writing R Extensions’ manual.
Flavors: r-devel-linux-x86_64-debian-clang, r-devel-linux-x86_64-debian-gcc, r-devel-linux-x86_64-fedora-clang, r-devel-linux-x86_64-fedora-gcc, r-devel-macosx-x86_64-clang, r-devel-macosx-x86_64-gcc, r-devel-windows-ix86+x86_64, r-patched-linux-x86_64, r-patched-solaris-sparc, r-patched-solaris-x86, r-release-linux-ix86, r-release-linux-x86_64, r-release-windows-ix86+x86_64, r-oldrel-windows-ix86+x86_64

Version: 1.0.7
Check: R code for possible problems
Result: NOTE
    Found an obsolete/platform-specific call in the following function:
     ‘plot.glmulti’
    Found the platform-specific device:
     ‘windows’
    dev.new() is the preferred way to open a new device, in the unlikely
    event one is needed.
Flavors: r-devel-linux-x86_64-debian-clang, r-devel-linux-x86_64-debian-gcc, r-devel-linux-x86_64-fedora-clang, r-devel-linux-x86_64-fedora-gcc, r-devel-macosx-x86_64-clang, r-patched-linux-x86_64, r-patched-solaris-sparc, r-patched-solaris-x86, r-release-linux-ix86, r-release-linux-x86_64

Version: 1.0.7
Check: Rd line widths
Result: NOTE
    Rd file 'glmulti.Rd':
     \usage lines wider than 90 characters:
     glmulti(y, xr, data, exclude = c(), name = "glmulti.analysis", intercept = TRUE, marginality = FALSE, bunch=30, chunk = 1, chunks = 1,
     level = 2, minsize = 0, maxsize = -1, minK = 0, maxK = -1, method = "h", crit = "aic", confsetsize = 100, popsize = 100 ... [TRUNCATED]
     \examples lines wider than 100 characters:
     # It explains the general approach and shows how to use glmulti with mixed models from the lme4 package.
     # this procedure allows support of arbitrarily any fitting function, or the use of sophisticated constraints on the model structure
    
    Rd file 'write.Rd':
     \usage lines wider than 90 characters:
     write(x, file = "data", ncolumns = if (is.character(x)) 1 else 5, append = FALSE, sep = " ")
    
    These lines will be truncated in the PDF manual.
Flavors: r-devel-linux-x86_64-fedora-clang, r-devel-linux-x86_64-fedora-gcc

Version: 1.0.7
Check: package dependencies
Result: NOTE
    Packages suggested but not available for checking: ‘aod’ ‘lme4’
Flavor: r-devel-macosx-x86_64-gcc

Version: 1.0.7
Check: dependencies in R code
Result: NOTE
    Package in Depends field not imported from: 'methods'
     These packages need to be imported from for the case when
     this namespace is loaded but not attached.
    See the information on DESCRIPTION files in the chapter 'Creating R
    packages' of the 'Writing R Extensions' manual.
Flavor: r-release-macosx-x86_64