CRAN Package Check Results for Package globalboosttest

Last updated on 2014-12-20 03:49:32.

Flavor Version Tinstall Tcheck Ttotal Status Flags
r-devel-linux-x86_64-debian-clang 1.1-0 3.30 58.28 61.58 NOTE
r-devel-linux-x86_64-debian-gcc 1.1-0 3.19 59.33 62.52 NOTE
r-devel-linux-x86_64-fedora-clang 1.1-0 146.89 NOTE
r-devel-linux-x86_64-fedora-gcc 1.1-0 135.67 NOTE
r-devel-osx-x86_64-clang 1.1-0 119.81 NOTE
r-devel-windows-ix86+x86_64 1.1-0 10.00 82.00 92.00 NOTE
r-patched-linux-x86_64 1.1-0 3.42 62.43 65.85 NOTE
r-patched-solaris-sparc 1.1-0 829.70 NOTE
r-patched-solaris-x86 1.1-0 191.40 NOTE
r-release-linux-ix86 1.1-0 4.12 72.46 76.59 NOTE
r-release-linux-x86_64 1.1-0 3.47 64.26 67.74 NOTE
r-release-osx-x86_64-mavericks 1.1-0 NOTE
r-release-osx-x86_64-snowleopard 1.1-0 NOTE
r-release-windows-ix86+x86_64 1.1-0 10.00 89.00 99.00 NOTE
r-oldrel-windows-ix86+x86_64 1.1-0 10.00 88.00 98.00 NOTE

Check Details

Version: 1.1-0
Check: Rd files
Result: NOTE
    prepare_Rd: globalboosttest.Rd:56: Dropping empty section \seealso
Flavors: r-devel-linux-x86_64-debian-clang, r-devel-linux-x86_64-debian-gcc, r-devel-linux-x86_64-fedora-clang, r-devel-linux-x86_64-fedora-gcc, r-devel-osx-x86_64-clang, r-devel-windows-ix86+x86_64, r-patched-linux-x86_64, r-patched-solaris-sparc, r-patched-solaris-x86, r-release-linux-ix86, r-release-linux-x86_64, r-release-osx-x86_64-mavericks, r-release-osx-x86_64-snowleopard, r-release-windows-ix86+x86_64, r-oldrel-windows-ix86+x86_64

Version: 1.1-0
Check: Rd line widths
Result: NOTE
    Rd file 'globalboosttest.Rd':
     \usage lines wider than 90 characters:
     globalboosttest(X,Y,Z=NULL,nperm=1000,mstop=1000,mstopAIC=FALSE,pvalueonly=TRUE,plot=FALSE,...)
    
    These lines will be truncated in the PDF manual.
Flavors: r-devel-linux-x86_64-debian-clang, r-devel-linux-x86_64-debian-gcc, r-devel-linux-x86_64-fedora-clang, r-devel-linux-x86_64-fedora-gcc, r-patched-linux-x86_64, r-release-linux-x86_64