CRAN Package Check Results for Package globalboosttest

Last updated on 2015-08-02 09:47:00.

Flavor Version Tinstall Tcheck Ttotal Status Flags
r-devel-linux-x86_64-debian-clang 1.1-0 3.16 51.42 54.59 NOTE
r-devel-linux-x86_64-debian-gcc 1.1-0 3.21 53.44 56.65 NOTE
r-devel-linux-x86_64-fedora-clang 1.1-0 108.62 NOTE
r-devel-linux-x86_64-fedora-gcc 1.1-0 102.68 NOTE
r-devel-osx-x86_64-clang 1.1-0 88.72 NOTE
r-devel-windows-ix86+x86_64 1.1-0 7.00 83.00 90.00 NOTE
r-patched-linux-x86_64 1.1-0 2.64 51.16 53.79 NOTE
r-patched-solaris-sparc 1.1-0 678.20 NOTE
r-patched-solaris-x86 1.1-0 147.00 NOTE
r-release-linux-x86_64 1.1-0 2.98 49.96 52.95 NOTE
r-release-osx-x86_64-mavericks 1.1-0 NOTE
r-release-windows-ix86+x86_64 1.1-0 10.00 111.00 121.00 NOTE
r-oldrel-windows-ix86+x86_64 1.1-0 15.00 98.00 113.00 NOTE

Check Details

Version: 1.1-0
Check: R code for possible problems
Result: NOTE
    globalboosttest: no visible global function definition for ‘predict’
    globalboosttest: no visible global function definition for ‘lm’
    globalboosttest: no visible global function definition for ‘glm’
    globalboosttest: no visible binding for global variable ‘binomial’
    globalboosttest: no visible global function definition for ‘points’
    globalboosttest: no visible global function definition for ‘AIC’
    Undefined global functions or variables:
     AIC binomial glm lm points predict
    Consider adding
     importFrom("graphics", "points")
     importFrom("stats", "AIC", "binomial", "glm", "lm", "predict")
    to your NAMESPACE.
Flavors: r-devel-linux-x86_64-debian-clang, r-devel-linux-x86_64-debian-gcc, r-devel-linux-x86_64-fedora-clang, r-devel-linux-x86_64-fedora-gcc, r-devel-windows-ix86+x86_64

Version: 1.1-0
Check: Rd files
Result: NOTE
    prepare_Rd: globalboosttest.Rd:56: Dropping empty section \seealso
Flavors: r-devel-linux-x86_64-debian-clang, r-devel-linux-x86_64-debian-gcc, r-devel-linux-x86_64-fedora-clang, r-devel-linux-x86_64-fedora-gcc, r-devel-osx-x86_64-clang, r-devel-windows-ix86+x86_64, r-patched-linux-x86_64, r-patched-solaris-sparc, r-patched-solaris-x86, r-release-linux-x86_64, r-release-osx-x86_64-mavericks, r-release-windows-ix86+x86_64, r-oldrel-windows-ix86+x86_64

Version: 1.1-0
Check: Rd line widths
Result: NOTE
    Rd file 'globalboosttest.Rd':
     \usage lines wider than 90 characters:
     globalboosttest(X,Y,Z=NULL,nperm=1000,mstop=1000,mstopAIC=FALSE,pvalueonly=TRUE,plot=FALSE,...)
    
    These lines will be truncated in the PDF manual.
Flavors: r-devel-linux-x86_64-debian-clang, r-devel-linux-x86_64-debian-gcc, r-devel-linux-x86_64-fedora-clang, r-devel-linux-x86_64-fedora-gcc, r-patched-linux-x86_64, r-release-linux-x86_64