CRAN Package Check Results for Package globalboosttest

Last updated on 2014-09-17 19:47:34.

Flavor Version Tinstall Tcheck Ttotal Status Flags
r-devel-linux-x86_64-debian-clang 1.1-0 4.04 56.97 61.01 NOTE
r-devel-linux-x86_64-debian-gcc 1.1-0 4.18 56.42 60.60 NOTE
r-devel-linux-x86_64-fedora-clang 1.1-0 147.24 NOTE
r-devel-linux-x86_64-fedora-gcc 1.1-0 137.25 NOTE
r-devel-osx-x86_64-clang 1.1-0 111.52 NOTE
r-devel-windows-ix86+x86_64 1.1-0 11.00 79.00 90.00 NOTE
r-patched-linux-x86_64 1.1-0 4.64 61.34 65.98 NOTE
r-patched-solaris-sparc 1.1-0 829.70 NOTE
r-patched-solaris-x86 1.1-0 183.70 NOTE
r-release-linux-ix86 1.1-0 4.30 74.89 79.18 NOTE
r-release-linux-x86_64 1.1-0 3.48 63.33 66.81 NOTE
r-release-osx-x86_64-mavericks 1.1-0 NOTE
r-release-osx-x86_64-snowleopard 1.1-0 NOTE
r-release-windows-ix86+x86_64 1.1-0 9.00 94.00 103.00 NOTE
r-oldrel-windows-ix86+x86_64 1.1-0 9.00 90.00 99.00 NOTE

Check Details

Version: 1.1-0
Check: Rd files
Result: NOTE
    prepare_Rd: globalboosttest.Rd:56: Dropping empty section \seealso
Flavors: r-devel-linux-x86_64-debian-clang, r-devel-linux-x86_64-debian-gcc, r-devel-linux-x86_64-fedora-clang, r-devel-linux-x86_64-fedora-gcc, r-devel-osx-x86_64-clang, r-devel-windows-ix86+x86_64, r-patched-linux-x86_64, r-patched-solaris-sparc, r-patched-solaris-x86, r-release-linux-ix86, r-release-linux-x86_64, r-release-osx-x86_64-mavericks, r-release-osx-x86_64-snowleopard, r-release-windows-ix86+x86_64, r-oldrel-windows-ix86+x86_64

Version: 1.1-0
Check: Rd line widths
Result: NOTE
    Rd file 'globalboosttest.Rd':
     \usage lines wider than 90 characters:
     globalboosttest(X,Y,Z=NULL,nperm=1000,mstop=1000,mstopAIC=FALSE,pvalueonly=TRUE,plot=FALSE,...)
    
    These lines will be truncated in the PDF manual.
Flavors: r-devel-linux-x86_64-debian-clang, r-devel-linux-x86_64-debian-gcc, r-devel-linux-x86_64-fedora-clang, r-devel-linux-x86_64-fedora-gcc, r-release-linux-x86_64