CRAN Package Check Results for Package globalboosttest

Last updated on 2015-09-02 13:46:57.

Flavor Version Tinstall Tcheck Ttotal Status Flags
r-devel-linux-x86_64-debian-clang 1.1-0 2.69 49.73 52.42 NOTE
r-devel-linux-x86_64-debian-gcc 1.1-0 3.24 50.33 53.57 NOTE
r-devel-linux-x86_64-fedora-clang 1.1-0 100.63 NOTE
r-devel-linux-x86_64-fedora-gcc 1.1-0 100.68 NOTE
r-devel-osx-x86_64-clang 1.1-0 84.90 NOTE
r-devel-windows-ix86+x86_64 1.1-0 11.00 109.00 120.00 NOTE
r-patched-linux-x86_64 1.1-0 2.93 50.53 53.46 NOTE
r-patched-solaris-sparc 1.1-0 678.20 NOTE
r-patched-solaris-x86 1.1-0 148.80 NOTE
r-release-linux-x86_64 1.1-0 2.80 50.47 53.27 NOTE
r-release-osx-x86_64-mavericks 1.1-0 NOTE
r-release-windows-ix86+x86_64 1.1-0 11.00 114.00 125.00 NOTE
r-oldrel-windows-ix86+x86_64 1.1-0 15.00 112.00 127.00 NOTE

Check Details

Version: 1.1-0
Check: R code for possible problems
Result: NOTE
    globalboosttest: no visible global function definition for ‘predict’
    globalboosttest: no visible global function definition for ‘lm’
    globalboosttest: no visible global function definition for ‘glm’
    globalboosttest: no visible binding for global variable ‘binomial’
    globalboosttest: no visible global function definition for ‘points’
    globalboosttest: no visible global function definition for ‘AIC’
    Undefined global functions or variables:
     AIC binomial glm lm points predict
    Consider adding
     importFrom("graphics", "points")
     importFrom("stats", "AIC", "binomial", "glm", "lm", "predict")
    to your NAMESPACE.
Flavors: r-devel-linux-x86_64-debian-clang, r-devel-linux-x86_64-debian-gcc, r-devel-linux-x86_64-fedora-clang, r-devel-linux-x86_64-fedora-gcc, r-devel-windows-ix86+x86_64

Version: 1.1-0
Check: Rd files
Result: NOTE
    prepare_Rd: globalboosttest.Rd:56: Dropping empty section \seealso
Flavors: r-devel-linux-x86_64-debian-clang, r-devel-linux-x86_64-debian-gcc, r-devel-linux-x86_64-fedora-clang, r-devel-linux-x86_64-fedora-gcc, r-devel-osx-x86_64-clang, r-devel-windows-ix86+x86_64, r-patched-linux-x86_64, r-patched-solaris-sparc, r-patched-solaris-x86, r-release-linux-x86_64, r-release-osx-x86_64-mavericks, r-release-windows-ix86+x86_64, r-oldrel-windows-ix86+x86_64

Version: 1.1-0
Check: Rd line widths
Result: NOTE
    Rd file 'globalboosttest.Rd':
     \usage lines wider than 90 characters:
     globalboosttest(X,Y,Z=NULL,nperm=1000,mstop=1000,mstopAIC=FALSE,pvalueonly=TRUE,plot=FALSE,...)
    
    These lines will be truncated in the PDF manual.
Flavors: r-devel-linux-x86_64-debian-clang, r-devel-linux-x86_64-debian-gcc, r-devel-linux-x86_64-fedora-clang, r-devel-linux-x86_64-fedora-gcc, r-patched-linux-x86_64, r-release-linux-x86_64