CRAN Package Check Results for Package globalboosttest

Last updated on 2014-11-23 19:47:46.

Flavor Version Tinstall Tcheck Ttotal Status Flags
r-devel-linux-x86_64-debian-clang 1.1-0 3.38 58.06 61.44 NOTE
r-devel-linux-x86_64-debian-gcc 1.1-0 3.25 60.27 63.52 NOTE
r-devel-linux-x86_64-fedora-clang 1.1-0 145.69 NOTE
r-devel-linux-x86_64-fedora-gcc 1.1-0 138.09 NOTE
r-devel-osx-x86_64-clang 1.1-0 119.55 NOTE
r-devel-windows-ix86+x86_64 1.1-0 10.00 82.00 92.00 NOTE
r-patched-linux-x86_64 1.1-0 3.48 62.03 65.51 NOTE
r-patched-solaris-sparc 1.1-0 829.70 NOTE
r-patched-solaris-x86 1.1-0 192.10 NOTE
r-release-linux-ix86 1.1-0 4.06 73.60 77.67 NOTE
r-release-linux-x86_64 1.1-0 3.44 64.43 67.88 NOTE
r-release-osx-x86_64-mavericks 1.1-0 NOTE
r-release-osx-x86_64-snowleopard 1.1-0 NOTE
r-release-windows-ix86+x86_64 1.1-0 11.00 90.00 101.00 NOTE
r-oldrel-windows-ix86+x86_64 1.1-0 10.00 90.00 100.00 NOTE

Check Details

Version: 1.1-0
Check: Rd files
Result: NOTE
    prepare_Rd: globalboosttest.Rd:56: Dropping empty section \seealso
Flavors: r-devel-linux-x86_64-debian-clang, r-devel-linux-x86_64-debian-gcc, r-devel-linux-x86_64-fedora-clang, r-devel-linux-x86_64-fedora-gcc, r-devel-osx-x86_64-clang, r-devel-windows-ix86+x86_64, r-patched-linux-x86_64, r-patched-solaris-sparc, r-patched-solaris-x86, r-release-linux-ix86, r-release-linux-x86_64, r-release-osx-x86_64-mavericks, r-release-osx-x86_64-snowleopard, r-release-windows-ix86+x86_64, r-oldrel-windows-ix86+x86_64

Version: 1.1-0
Check: Rd line widths
Result: NOTE
    Rd file 'globalboosttest.Rd':
     \usage lines wider than 90 characters:
     globalboosttest(X,Y,Z=NULL,nperm=1000,mstop=1000,mstopAIC=FALSE,pvalueonly=TRUE,plot=FALSE,...)
    
    These lines will be truncated in the PDF manual.
Flavors: r-devel-linux-x86_64-debian-clang, r-devel-linux-x86_64-debian-gcc, r-devel-linux-x86_64-fedora-clang, r-devel-linux-x86_64-fedora-gcc, r-patched-linux-x86_64, r-release-linux-x86_64