CRAN Package Check Results for Package globalboosttest

Last updated on 2015-05-27 17:47:14.

Flavor Version Tinstall Tcheck Ttotal Status Flags
r-devel-linux-x86_64-debian-clang 1.1-0 2.73 51.23 53.96 NOTE
r-devel-linux-x86_64-debian-gcc 1.1-0 2.64 51.92 54.55 NOTE
r-devel-linux-x86_64-fedora-clang 1.1-0 112.69 NOTE
r-devel-linux-x86_64-fedora-gcc 1.1-0 110.93 NOTE
r-devel-osx-x86_64-clang 1.1-0 89.27 NOTE
r-devel-windows-ix86+x86_64 1.1-0 8.00 76.00 84.00 NOTE
r-patched-linux-x86_64 1.1-0 2.76 52.13 54.89 NOTE
r-patched-solaris-sparc 1.1-0 673.10 NOTE
r-patched-solaris-x86 1.1-0 146.20 NOTE
r-release-linux-x86_64 1.1-0 2.90 50.15 53.05 NOTE
r-release-osx-x86_64-mavericks 1.1-0 NOTE
r-release-osx-x86_64-snowleopard 1.1-0 ERROR
r-release-windows-ix86+x86_64 1.1-0 8.00 74.00 82.00 NOTE
r-oldrel-windows-ix86+x86_64 1.1-0 11.00 92.00 103.00 NOTE

Check Details

Version: 1.1-0
Check: Rd files
Result: NOTE
    prepare_Rd: globalboosttest.Rd:56: Dropping empty section \seealso
Flavors: r-devel-linux-x86_64-debian-clang, r-devel-linux-x86_64-debian-gcc, r-devel-linux-x86_64-fedora-clang, r-devel-linux-x86_64-fedora-gcc, r-devel-osx-x86_64-clang, r-devel-windows-ix86+x86_64, r-patched-linux-x86_64, r-patched-solaris-sparc, r-patched-solaris-x86, r-release-linux-x86_64, r-release-osx-x86_64-mavericks, r-release-windows-ix86+x86_64, r-oldrel-windows-ix86+x86_64

Version: 1.1-0
Check: Rd line widths
Result: NOTE
    Rd file 'globalboosttest.Rd':
     \usage lines wider than 90 characters:
     globalboosttest(X,Y,Z=NULL,nperm=1000,mstop=1000,mstopAIC=FALSE,pvalueonly=TRUE,plot=FALSE,...)
    
    These lines will be truncated in the PDF manual.
Flavors: r-devel-linux-x86_64-debian-clang, r-devel-linux-x86_64-debian-gcc, r-devel-linux-x86_64-fedora-clang, r-devel-linux-x86_64-fedora-gcc, r-patched-linux-x86_64, r-release-linux-x86_64

Version: 1.1-0
Check: package dependencies
Result: ERROR
    Package required but not available: ‘mboost’
    
    See section ‘The DESCRIPTION file’ in the ‘Writing R Extensions’
    manual.
Flavor: r-release-osx-x86_64-snowleopard