CRAN Package Check Results for Package globalboosttest

Last updated on 2016-12-07 17:52:28.

Flavor Version Tinstall Tcheck Ttotal Status Flags
r-devel-linux-x86_64-debian-clang 1.1-0 2.81 54.99 57.80 NOTE
r-devel-linux-x86_64-debian-gcc 1.1-0 3.17 51.19 54.36 NOTE
r-devel-linux-x86_64-fedora-clang 1.1-0 121.45 NOTE --no-stop-on-test-error
r-devel-linux-x86_64-fedora-gcc 1.1-0 122.23 NOTE --no-stop-on-test-error
r-devel-macos-x86_64-clang 1.1-0 88.68 NOTE
r-devel-windows-ix86+x86_64 1.1-0 13.00 121.00 134.00 NOTE
r-patched-linux-x86_64 1.1-0 2.99 54.05 57.04 NOTE
r-patched-solaris-sparc 1.1-0 695.80 NOTE
r-patched-solaris-x86 1.1-0 149.10 NOTE
r-release-linux-x86_64 1.1-0 2.88 51.88 54.76 NOTE
r-release-osx-x86_64-mavericks 1.1-0 NOTE
r-release-windows-ix86+x86_64 1.1-0 7.00 96.00 103.00 NOTE
r-oldrel-windows-ix86+x86_64 1.1-0 13.00 95.00 108.00 NOTE

Check Details

Version: 1.1-0
Check: R code for possible problems
Result: NOTE
    globalboosttest: no visible global function definition for ‘predict’
    globalboosttest: no visible global function definition for ‘lm’
    globalboosttest: no visible global function definition for ‘glm’
    globalboosttest: no visible binding for global variable ‘binomial’
    globalboosttest: no visible global function definition for ‘points’
    globalboosttest: no visible global function definition for ‘AIC’
    Undefined global functions or variables:
     AIC binomial glm lm points predict
    Consider adding
     importFrom("graphics", "points")
     importFrom("stats", "AIC", "binomial", "glm", "lm", "predict")
    to your NAMESPACE file.
Flavors: r-devel-linux-x86_64-debian-clang, r-devel-linux-x86_64-debian-gcc, r-devel-macos-x86_64-clang, r-devel-windows-ix86+x86_64, r-patched-linux-x86_64, r-patched-solaris-sparc, r-patched-solaris-x86, r-release-linux-x86_64, r-release-osx-x86_64-mavericks, r-release-windows-ix86+x86_64

Version: 1.1-0
Check: Rd files
Result: NOTE
    prepare_Rd: globalboosttest.Rd:56: Dropping empty section \seealso
Flavors: r-devel-linux-x86_64-debian-clang, r-devel-linux-x86_64-debian-gcc, r-devel-macos-x86_64-clang, r-devel-windows-ix86+x86_64, r-patched-linux-x86_64, r-patched-solaris-sparc, r-patched-solaris-x86, r-release-linux-x86_64, r-release-osx-x86_64-mavericks, r-release-windows-ix86+x86_64, r-oldrel-windows-ix86+x86_64

Version: 1.1-0
Check: Rd line widths
Result: NOTE
    Rd file 'globalboosttest.Rd':
     \usage lines wider than 90 characters:
     globalboosttest(X,Y,Z=NULL,nperm=1000,mstop=1000,mstopAIC=FALSE,pvalueonly=TRUE,plot=FALSE,...)
    
    These lines will be truncated in the PDF manual.
Flavors: r-devel-linux-x86_64-debian-clang, r-devel-linux-x86_64-debian-gcc, r-patched-linux-x86_64, r-release-linux-x86_64

Version: 1.1-0
Flags: --no-stop-on-test-error
Check: R code for possible problems
Result: NOTE
    globalboosttest: no visible global function definition for ‘predict’
    globalboosttest: no visible global function definition for ‘lm’
    globalboosttest: no visible global function definition for ‘glm’
    globalboosttest: no visible binding for global variable ‘binomial’
    globalboosttest: no visible global function definition for ‘points’
    globalboosttest: no visible global function definition for ‘AIC’
    Undefined global functions or variables:
     AIC binomial glm lm points predict
    Consider adding
     importFrom("graphics", "points")
     importFrom("stats", "AIC", "binomial", "glm", "lm", "predict")
    to your NAMESPACE file.
Flavors: r-devel-linux-x86_64-fedora-clang, r-devel-linux-x86_64-fedora-gcc

Version: 1.1-0
Flags: --no-stop-on-test-error
Check: Rd files
Result: NOTE
    prepare_Rd: globalboosttest.Rd:56: Dropping empty section \seealso
Flavors: r-devel-linux-x86_64-fedora-clang, r-devel-linux-x86_64-fedora-gcc

Version: 1.1-0
Flags: --no-stop-on-test-error
Check: Rd line widths
Result: NOTE
    Rd file 'globalboosttest.Rd':
     \usage lines wider than 90 characters:
     globalboosttest(X,Y,Z=NULL,nperm=1000,mstop=1000,mstopAIC=FALSE,pvalueonly=TRUE,plot=FALSE,...)
    
    These lines will be truncated in the PDF manual.
Flavors: r-devel-linux-x86_64-fedora-clang, r-devel-linux-x86_64-fedora-gcc