CRAN Package Check Results for Package globalboosttest

Last updated on 2014-04-24 15:50:38.

Flavor Version Tinstall Tcheck Ttotal Status Flags
r-devel-linux-x86_64-debian-clang 1.1-0 3.71 62.78 66.50 NOTE
r-devel-linux-x86_64-debian-gcc 1.1-0 3.59 62.81 66.40 NOTE
r-devel-linux-x86_64-fedora-clang 1.1-0 154.27 NOTE
r-devel-linux-x86_64-fedora-gcc 1.1-0 149.65 NOTE
r-devel-osx-x86_64-clang 1.1-0 109.73 NOTE
r-devel-osx-x86_64-gcc 1.1-0 ERROR
r-devel-windows-ix86+x86_64 1.1-0 9.00 90.00 99.00 NOTE
r-patched-linux-x86_64 1.1-0 3.70 61.66 65.36 NOTE
r-patched-solaris-sparc 1.1-0 809.50 NOTE
r-patched-solaris-x86 1.1-0 188.40 NOTE
r-release-linux-ix86 1.1-0 5.00 94.00 99.00 NOTE
r-release-linux-x86_64 1.1-0 3.68 64.35 68.04 NOTE
r-release-osx-x86_64-mavericks 1.1-0 WARN
r-release-osx-x86_64-snowleopard 1.1-0 NOTE
r-release-windows-ix86+x86_64 1.1-0 9.00 93.00 102.00 NOTE
r-oldrel-windows-ix86+x86_64 1.1-0 9.00 83.00 92.00 NOTE

Check Details

Version: 1.1-0
Check: Rd files
Result: NOTE
    prepare_Rd: globalboosttest.Rd:56: Dropping empty section \seealso
Flavors: r-devel-linux-x86_64-debian-clang, r-devel-linux-x86_64-debian-gcc, r-devel-linux-x86_64-fedora-clang, r-devel-linux-x86_64-fedora-gcc, r-devel-osx-x86_64-clang, r-devel-windows-ix86+x86_64, r-patched-linux-x86_64, r-patched-solaris-sparc, r-patched-solaris-x86, r-release-linux-ix86, r-release-linux-x86_64, r-release-osx-x86_64-mavericks, r-release-osx-x86_64-snowleopard, r-release-windows-ix86+x86_64, r-oldrel-windows-ix86+x86_64

Version: 1.1-0
Check: Rd line widths
Result: NOTE
    Rd file 'globalboosttest.Rd':
     \usage lines wider than 90 characters:
     globalboosttest(X,Y,Z=NULL,nperm=1000,mstop=1000,mstopAIC=FALSE,pvalueonly=TRUE,plot=FALSE,...)
    
    These lines will be truncated in the PDF manual.
Flavors: r-devel-linux-x86_64-fedora-clang, r-devel-linux-x86_64-fedora-gcc

Version: 1.1-0
Check: package dependencies
Result: ERROR
    Package required but not available: ‘mboost’
    
    See the information on DESCRIPTION files in the chapter ‘Creating R
    packages’ of the ‘Writing R Extensions’ manual.
Flavor: r-devel-osx-x86_64-gcc

Version: 1.1-0
Check: PDF version of manual
Result: WARNING
    LaTeX errors when creating PDF version.
    This typically indicates Rd problems.
    LaTeX errors found:
    ! LaTeX Error: File `upquote.sty' not found.
    
    Type X to quit or <RETURN> to proceed,
    or enter new name. (Default extension: sty)
    
    c10d974/Rd2.tex:8: ==> Fatal error occurred, no output PDF file produced!
Flavor: r-release-osx-x86_64-mavericks