CRAN Package Check Results for Package globalboosttest

Last updated on 2015-03-31 23:49:32.

Flavor Version Tinstall Tcheck Ttotal Status Flags
r-devel-linux-x86_64-debian-clang 1.1-0 2.70 50.75 53.45 NOTE
r-devel-linux-x86_64-debian-gcc 1.1-0 2.60 49.52 52.12 NOTE
r-devel-linux-x86_64-fedora-clang 1.1-0 109.40 NOTE
r-devel-linux-x86_64-fedora-gcc 1.1-0 112.61 NOTE
r-devel-osx-x86_64-clang 1.1-0 98.44 NOTE
r-prerel-windows-ix86+x86_64 1.1-0 8.00 80.00 88.00 NOTE
r-prerel-linux-x86_64 1.1-0 2.65 49.38 52.02 NOTE
r-prerel-solaris-sparc 1.1-0 633.50 NOTE
r-prerel-solaris-x86 1.1-0 140.30 NOTE
r-release-linux-x86_64 1.1-0 3.61 59.76 63.37 NOTE
r-release-osx-x86_64-mavericks 1.1-0 NOTE
r-release-osx-x86_64-snowleopard 1.1-0 NOTE
r-release-windows-ix86+x86_64 1.1-0 12.00 87.00 99.00 NOTE
r-oldrel-windows-ix86+x86_64 1.1-0 11.00 85.00 96.00 NOTE

Check Details

Version: 1.1-0
Check: Rd files
Result: NOTE
    prepare_Rd: globalboosttest.Rd:56: Dropping empty section \seealso
Flavors: r-devel-linux-x86_64-debian-clang, r-devel-linux-x86_64-debian-gcc, r-devel-linux-x86_64-fedora-clang, r-devel-linux-x86_64-fedora-gcc, r-devel-osx-x86_64-clang, r-prerel-windows-ix86+x86_64, r-prerel-linux-x86_64, r-prerel-solaris-sparc, r-prerel-solaris-x86, r-release-linux-x86_64, r-release-osx-x86_64-mavericks, r-release-osx-x86_64-snowleopard, r-release-windows-ix86+x86_64, r-oldrel-windows-ix86+x86_64

Version: 1.1-0
Check: Rd line widths
Result: NOTE
    Rd file 'globalboosttest.Rd':
     \usage lines wider than 90 characters:
     globalboosttest(X,Y,Z=NULL,nperm=1000,mstop=1000,mstopAIC=FALSE,pvalueonly=TRUE,plot=FALSE,...)
    
    These lines will be truncated in the PDF manual.
Flavors: r-devel-linux-x86_64-debian-clang, r-devel-linux-x86_64-debian-gcc, r-devel-linux-x86_64-fedora-clang, r-devel-linux-x86_64-fedora-gcc, r-prerel-linux-x86_64, r-release-linux-x86_64