CRAN Package Check Results for Package globalboosttest

Last updated on 2015-01-28 22:47:39.

Flavor Version Tinstall Tcheck Ttotal Status Flags
r-devel-linux-x86_64-debian-clang 1.1-0 3.13 53.17 56.30 NOTE
r-devel-linux-x86_64-debian-gcc 1.1-0 3.05 52.34 55.39 NOTE
r-devel-linux-x86_64-fedora-clang 1.1-0 147.10 NOTE
r-devel-linux-x86_64-fedora-gcc 1.1-0 137.57 NOTE
r-devel-osx-x86_64-clang 1.1-0 117.02 NOTE
r-devel-windows-ix86+x86_64 1.1-0 9.00 78.00 87.00 NOTE
r-patched-linux-x86_64 1.1-0 3.49 60.46 63.95 NOTE
r-patched-solaris-sparc 1.1-0 878.60 NOTE
r-patched-solaris-x86 1.1-0 186.00 NOTE
r-release-linux-ix86 1.1-0 4.09 72.59 76.68 NOTE
r-release-linux-x86_64 1.1-0 3.52 62.02 65.54 NOTE
r-release-osx-x86_64-mavericks 1.1-0 NOTE
r-release-osx-x86_64-snowleopard 1.1-0 NOTE
r-release-windows-ix86+x86_64 1.1-0 11.00 88.00 99.00 NOTE
r-oldrel-windows-ix86+x86_64 1.1-0 11.00 91.00 102.00 NOTE

Check Details

Version: 1.1-0
Check: Rd files
Result: NOTE
    prepare_Rd: globalboosttest.Rd:56: Dropping empty section \seealso
Flavors: r-devel-linux-x86_64-debian-clang, r-devel-linux-x86_64-debian-gcc, r-devel-linux-x86_64-fedora-clang, r-devel-linux-x86_64-fedora-gcc, r-devel-osx-x86_64-clang, r-devel-windows-ix86+x86_64, r-patched-linux-x86_64, r-patched-solaris-sparc, r-patched-solaris-x86, r-release-linux-ix86, r-release-linux-x86_64, r-release-osx-x86_64-mavericks, r-release-osx-x86_64-snowleopard, r-release-windows-ix86+x86_64, r-oldrel-windows-ix86+x86_64

Version: 1.1-0
Check: Rd line widths
Result: NOTE
    Rd file 'globalboosttest.Rd':
     \usage lines wider than 90 characters:
     globalboosttest(X,Y,Z=NULL,nperm=1000,mstop=1000,mstopAIC=FALSE,pvalueonly=TRUE,plot=FALSE,...)
    
    These lines will be truncated in the PDF manual.
Flavors: r-devel-linux-x86_64-debian-clang, r-devel-linux-x86_64-debian-gcc, r-devel-linux-x86_64-fedora-clang, r-devel-linux-x86_64-fedora-gcc, r-patched-linux-x86_64, r-release-linux-x86_64