CRAN Package Check Results for Package globalboosttest

Last updated on 2014-07-30 23:47:19.

Flavor Version Tinstall Tcheck Ttotal Status Flags
r-devel-linux-x86_64-debian-clang 1.1-0 3.41 58.31 61.72 NOTE
r-devel-linux-x86_64-debian-gcc 1.1-0 3.42 59.70 63.12 NOTE
r-devel-linux-x86_64-fedora-clang 1.1-0 151.60 NOTE
r-devel-linux-x86_64-fedora-gcc 1.1-0 140.78 NOTE
r-devel-osx-x86_64-clang 1.1-0 115.84 NOTE
r-devel-windows-ix86+x86_64 1.1-0 9.00 80.00 89.00 NOTE
r-patched-linux-x86_64 1.1-0 4.77 64.55 69.32 NOTE
r-patched-solaris-sparc 1.1-0 829.70 NOTE
r-patched-solaris-x86 1.1-0 188.60 NOTE
r-release-linux-ix86 1.1-0 4.41 73.50 77.90 NOTE
r-release-linux-x86_64 1.1-0 3.51 62.55 66.06 NOTE
r-release-osx-x86_64-mavericks 1.1-0 NOTE
r-release-osx-x86_64-snowleopard 1.1-0 NOTE
r-release-windows-ix86+x86_64 1.1-0 10.00 92.00 102.00 NOTE
r-oldrel-windows-ix86+x86_64 1.1-0 14.00 121.00 135.00 NOTE

Check Details

Version: 1.1-0
Check: Rd files
Result: NOTE
    prepare_Rd: globalboosttest.Rd:56: Dropping empty section \seealso
Flavors: r-devel-linux-x86_64-debian-clang, r-devel-linux-x86_64-debian-gcc, r-devel-linux-x86_64-fedora-clang, r-devel-linux-x86_64-fedora-gcc, r-devel-osx-x86_64-clang, r-devel-windows-ix86+x86_64, r-patched-linux-x86_64, r-patched-solaris-sparc, r-patched-solaris-x86, r-release-linux-ix86, r-release-linux-x86_64, r-release-osx-x86_64-mavericks, r-release-osx-x86_64-snowleopard, r-release-windows-ix86+x86_64, r-oldrel-windows-ix86+x86_64

Version: 1.1-0
Check: Rd line widths
Result: NOTE
    Rd file 'globalboosttest.Rd':
     \usage lines wider than 90 characters:
     globalboosttest(X,Y,Z=NULL,nperm=1000,mstop=1000,mstopAIC=FALSE,pvalueonly=TRUE,plot=FALSE,...)
    
    These lines will be truncated in the PDF manual.
Flavors: r-devel-linux-x86_64-fedora-clang, r-devel-linux-x86_64-fedora-gcc