CRAN Package Check Results for Package globalboosttest

Last updated on 2017-04-27 10:48:24.

Flavor Version Tinstall Tcheck Ttotal Status Flags
r-devel-linux-x86_64-debian-clang 1.1-0 3.02 53.64 56.66 NOTE
r-devel-linux-x86_64-debian-gcc 1.1-0 2.99 51.94 54.93 NOTE
r-devel-linux-x86_64-fedora-clang 1.1-0 124.61 NOTE --no-stop-on-test-error
r-devel-linux-x86_64-fedora-gcc 1.1-0 121.20 NOTE --no-stop-on-test-error
r-devel-windows-ix86+x86_64 1.1-0 9.00 126.00 135.00 NOTE
r-patched-linux-x86_64 1.1-0 3.13 56.85 59.98 NOTE
r-patched-solaris-sparc 1.1-0 709.70 NOTE
r-patched-solaris-x86 1.1-0 160.90 NOTE
r-release-linux-x86_64 1.1-0 3.29 55.21 58.50 NOTE
r-release-windows-ix86+x86_64 1.1-0 10.00 103.00 113.00 NOTE
r-release-osx-x86_64 1.1-0 NOTE
r-oldrel-windows-ix86+x86_64 1.1-0 8.00 127.00 135.00 NOTE
r-oldrel-osx-x86_64 1.1-0 NOTE

Check Details

Version: 1.1-0
Check: R code for possible problems
Result: NOTE
    globalboosttest: no visible global function definition for ‘predict’
    globalboosttest: no visible global function definition for ‘lm’
    globalboosttest: no visible global function definition for ‘glm’
    globalboosttest: no visible binding for global variable ‘binomial’
    globalboosttest: no visible global function definition for ‘points’
    globalboosttest: no visible global function definition for ‘AIC’
    Undefined global functions or variables:
     AIC binomial glm lm points predict
    Consider adding
     importFrom("graphics", "points")
     importFrom("stats", "AIC", "binomial", "glm", "lm", "predict")
    to your NAMESPACE file.
Flavors: r-devel-linux-x86_64-debian-clang, r-devel-linux-x86_64-debian-gcc, r-devel-windows-ix86+x86_64, r-patched-linux-x86_64, r-patched-solaris-sparc, r-patched-solaris-x86, r-release-linux-x86_64, r-release-windows-ix86+x86_64, r-release-osx-x86_64, r-oldrel-windows-ix86+x86_64, r-oldrel-osx-x86_64

Version: 1.1-0
Check: Rd files
Result: NOTE
    prepare_Rd: globalboosttest.Rd:56: Dropping empty section \seealso
Flavors: r-devel-linux-x86_64-debian-clang, r-devel-linux-x86_64-debian-gcc, r-devel-windows-ix86+x86_64, r-patched-linux-x86_64, r-patched-solaris-sparc, r-patched-solaris-x86, r-release-linux-x86_64, r-release-windows-ix86+x86_64, r-release-osx-x86_64, r-oldrel-windows-ix86+x86_64, r-oldrel-osx-x86_64

Version: 1.1-0
Check: Rd line widths
Result: NOTE
    Rd file 'globalboosttest.Rd':
     \usage lines wider than 90 characters:
     globalboosttest(X,Y,Z=NULL,nperm=1000,mstop=1000,mstopAIC=FALSE,pvalueonly=TRUE,plot=FALSE,...)
    
    These lines will be truncated in the PDF manual.
Flavors: r-devel-linux-x86_64-debian-clang, r-devel-linux-x86_64-debian-gcc, r-patched-linux-x86_64, r-release-linux-x86_64

Version: 1.1-0
Flags: --no-stop-on-test-error
Check: R code for possible problems
Result: NOTE
    globalboosttest: no visible global function definition for ‘predict’
    globalboosttest: no visible global function definition for ‘lm’
    globalboosttest: no visible global function definition for ‘glm’
    globalboosttest: no visible binding for global variable ‘binomial’
    globalboosttest: no visible global function definition for ‘points’
    globalboosttest: no visible global function definition for ‘AIC’
    Undefined global functions or variables:
     AIC binomial glm lm points predict
    Consider adding
     importFrom("graphics", "points")
     importFrom("stats", "AIC", "binomial", "glm", "lm", "predict")
    to your NAMESPACE file.
Flavors: r-devel-linux-x86_64-fedora-clang, r-devel-linux-x86_64-fedora-gcc

Version: 1.1-0
Flags: --no-stop-on-test-error
Check: Rd files
Result: NOTE
    prepare_Rd: globalboosttest.Rd:56: Dropping empty section \seealso
Flavors: r-devel-linux-x86_64-fedora-clang, r-devel-linux-x86_64-fedora-gcc

Version: 1.1-0
Flags: --no-stop-on-test-error
Check: Rd line widths
Result: NOTE
    Rd file 'globalboosttest.Rd':
     \usage lines wider than 90 characters:
     globalboosttest(X,Y,Z=NULL,nperm=1000,mstop=1000,mstopAIC=FALSE,pvalueonly=TRUE,plot=FALSE,...)
    
    These lines will be truncated in the PDF manual.
Flavors: r-devel-linux-x86_64-fedora-clang, r-devel-linux-x86_64-fedora-gcc