CRAN Package Check Results for Package globalboosttest

Last updated on 2014-10-25 19:47:37.

Flavor Version Tinstall Tcheck Ttotal Status Flags
r-devel-linux-x86_64-debian-clang 1.1-0 3.34 58.81 62.15 NOTE
r-devel-linux-x86_64-debian-gcc 1.1-0 3.24 57.51 60.75 NOTE
r-devel-linux-x86_64-fedora-clang 1.1-0 148.89 NOTE
r-devel-linux-x86_64-fedora-gcc 1.1-0 136.96 NOTE
r-devel-osx-x86_64-clang 1.1-0 116.58 NOTE
r-devel-windows-ix86+x86_64 1.1-0 10.00 78.00 88.00 NOTE
r-patched-linux-x86_64 1.1-0 3.48 62.15 65.63 NOTE
r-patched-solaris-sparc 1.1-0 829.70 NOTE
r-patched-solaris-x86 1.1-0 189.70 NOTE
r-release-linux-ix86 1.1-0 4.35 76.18 80.52 NOTE
r-release-linux-x86_64 1.1-0 3.55 63.23 66.78 NOTE
r-release-osx-x86_64-mavericks 1.1-0 NOTE
r-release-osx-x86_64-snowleopard 1.1-0 NOTE
r-release-windows-ix86+x86_64 1.1-0 11.00 93.00 104.00 NOTE
r-oldrel-windows-ix86+x86_64 1.1-0 9.00 94.00 103.00 NOTE

Check Details

Version: 1.1-0
Check: Rd files
Result: NOTE
    prepare_Rd: globalboosttest.Rd:56: Dropping empty section \seealso
Flavors: r-devel-linux-x86_64-debian-clang, r-devel-linux-x86_64-debian-gcc, r-devel-linux-x86_64-fedora-clang, r-devel-linux-x86_64-fedora-gcc, r-devel-osx-x86_64-clang, r-devel-windows-ix86+x86_64, r-patched-linux-x86_64, r-patched-solaris-sparc, r-patched-solaris-x86, r-release-linux-ix86, r-release-linux-x86_64, r-release-osx-x86_64-mavericks, r-release-osx-x86_64-snowleopard, r-release-windows-ix86+x86_64, r-oldrel-windows-ix86+x86_64

Version: 1.1-0
Check: Rd line widths
Result: NOTE
    Rd file 'globalboosttest.Rd':
     \usage lines wider than 90 characters:
     globalboosttest(X,Y,Z=NULL,nperm=1000,mstop=1000,mstopAIC=FALSE,pvalueonly=TRUE,plot=FALSE,...)
    
    These lines will be truncated in the PDF manual.
Flavors: r-devel-linux-x86_64-debian-clang, r-devel-linux-x86_64-debian-gcc, r-devel-linux-x86_64-fedora-clang, r-devel-linux-x86_64-fedora-gcc, r-patched-linux-x86_64, r-release-linux-x86_64