CRAN Package Check Results for Package globals

Last updated on 2019-03-23 09:47:55 CET.

Flavor Version Tinstall Tcheck Ttotal Status Flags
r-devel-linux-x86_64-debian-clang 0.12.4 2.39 25.93 28.32 OK
r-devel-linux-x86_64-debian-gcc 0.12.4 1.59 20.94 22.53 OK
r-devel-linux-x86_64-fedora-clang 0.12.4 34.46 OK
r-devel-linux-x86_64-fedora-gcc 0.12.4 32.56 OK
r-devel-windows-ix86+x86_64 0.12.4 9.00 51.00 60.00 OK
r-patched-linux-x86_64 0.12.4 1.51 24.36 25.87 OK
r-patched-solaris-x86 0.12.4 50.50 OK
r-release-linux-x86_64 0.12.4 0.25 2.09 2.34 ERROR
r-release-windows-ix86+x86_64 0.12.4 3.00 38.00 41.00 OK
r-release-osx-x86_64 0.12.4 OK
r-oldrel-windows-ix86+x86_64 0.12.4 4.00 33.00 37.00 OK
r-oldrel-osx-x86_64 0.12.4 OK

Check Details

Version: 0.12.4
Check: whether package can be installed
Result: ERROR
    Installation failed.
Flavor: r-release-linux-x86_64