CRAN Package Check Results for Package glogis

Last updated on 2014-08-23 18:47:32.

Flavor Version Tinstall Tcheck Ttotal Status Flags
r-devel-linux-x86_64-debian-clang 0.1-1 0.77 23.00 23.78 NOTE
r-devel-linux-x86_64-debian-gcc 0.1-1 0.82 22.36 23.18 NOTE
r-devel-linux-x86_64-fedora-clang 0.1-1 49.36 NOTE
r-devel-linux-x86_64-fedora-gcc 0.1-1 48.24 NOTE
r-devel-osx-x86_64-clang 0.1-1 48.02 NOTE
r-devel-windows-ix86+x86_64 0.1-1 4.00 40.00 44.00 OK
r-patched-linux-x86_64 0.1-1 0.81 26.99 27.80 OK
r-patched-solaris-sparc 0.1-1 298.80 OK
r-patched-solaris-x86 0.1-1 62.80 OK
r-release-linux-ix86 0.1-1 1.27 33.36 34.63 OK
r-release-linux-x86_64 0.1-1 0.85 26.68 27.53 OK
r-release-osx-x86_64-mavericks 0.1-1 OK
r-release-osx-x86_64-snowleopard 0.1-1 OK
r-release-windows-ix86+x86_64 0.1-1 3.00 40.00 43.00 OK
r-oldrel-windows-ix86+x86_64 0.1-1 4.00 39.00 43.00 OK

Check Details

Version: 0.1-1
Check: R code for possible problems
Result: NOTE
    coef.breakpoints.glogisfit: no visible global function definition for
     ‘refit’
    confint.breakpoints.glogisfit: no visible global function definition
     for ‘breakpoints’
    confint.breakpoints.glogisfit: no visible global function definition
     for ‘refit’
    confint.breakpoints.glogisfit : myfun: no visible global function
     definition for ‘pargmaxV’
    confint.breakpoints.glogisfit: no visible global function definition
     for ‘pargmaxV’
    estfun.glogisfit: no visible global function definition for ‘zoo’
    fitted.breakpoints.glogisfit: no visible global function definition for
     ‘refit’
    fitted.breakpoints.glogisfit: no visible global function definition for
     ‘breakfactor’
    fitted.breakpoints.glogisfit: no visible global function definition for
     ‘zoo’
    lines.confint.breakpoints.glogisfit: no visible global function
     definition for ‘breakdates’
    print.confint.breakpoints.glogisfit: no visible global function
     definition for ‘breakdates’
    refit.breakpoints.glogisfit: no visible global function definition for
     ‘breakfactor’
Flavors: r-devel-linux-x86_64-debian-clang, r-devel-linux-x86_64-debian-gcc, r-devel-linux-x86_64-fedora-clang, r-devel-linux-x86_64-fedora-gcc, r-devel-osx-x86_64-clang