CRAN Package Check Results for Package glogis

Last updated on 2015-05-29 19:47:28.

Flavor Version Tinstall Tcheck Ttotal Status Flags
r-devel-linux-x86_64-debian-clang 1.0-0 0.76 15.05 15.81 NOTE
r-devel-linux-x86_64-debian-gcc 1.0-0 0.72 15.08 15.80 NOTE
r-devel-linux-x86_64-fedora-clang 1.0-0 33.39 NOTE
r-devel-linux-x86_64-fedora-gcc 1.0-0 29.99 NOTE
r-devel-osx-x86_64-clang 1.0-0 35.11 NOTE
r-devel-windows-ix86+x86_64 1.0-0 3.00 25.00 28.00 NOTE
r-patched-linux-x86_64 1.0-0 0.73 15.44 16.17 NOTE
r-patched-solaris-sparc 1.0-0 182.50 NOTE
r-patched-solaris-x86 1.0-0 43.70 NOTE
r-release-linux-x86_64 1.0-0 0.82 15.23 16.05 NOTE
r-release-osx-x86_64-mavericks 1.0-0 NOTE
r-release-osx-x86_64-snowleopard 1.0-0 ERROR
r-release-windows-ix86+x86_64 1.0-0 4.00 26.00 30.00 NOTE
r-oldrel-windows-ix86+x86_64 1.0-0 4.00 31.00 35.00 NOTE

Check Details

Version: 1.0-0
Check: dependencies in R code
Result: NOTE
    'library' or 'require' call to ‘fxregime’ in package code.
     Please use :: or requireNamespace() instead.
     See section 'Suggested packages' in the 'Writing R Extensions' manual.
Flavors: r-devel-linux-x86_64-debian-clang, r-devel-linux-x86_64-debian-gcc, r-devel-linux-x86_64-fedora-clang, r-devel-linux-x86_64-fedora-gcc, r-devel-osx-x86_64-clang, r-devel-windows-ix86+x86_64, r-patched-linux-x86_64, r-patched-solaris-sparc, r-patched-solaris-x86, r-release-linux-x86_64, r-release-osx-x86_64-mavericks, r-release-windows-ix86+x86_64, r-oldrel-windows-ix86+x86_64

Version: 1.0-0
Check: S3 generic/method consistency
Result: NOTE
    Found the following apparent S3 methods exported but not registered:
     glogisfit.default
    See section ‘Registering S3 methods’ in the ‘Writing R Extensions’
    manual.
Flavors: r-devel-linux-x86_64-debian-clang, r-devel-linux-x86_64-debian-gcc, r-devel-linux-x86_64-fedora-clang, r-devel-linux-x86_64-fedora-gcc, r-devel-osx-x86_64-clang, r-patched-linux-x86_64, r-patched-solaris-sparc, r-patched-solaris-x86, r-release-linux-x86_64

Version: 1.0-0
Check: package dependencies
Result: ERROR
    Packages required but not available: ‘zoo’ ‘sandwich’
    
    Packages suggested but not available for checking: ‘strucchange’ ‘fxregime’
    
    See section ‘The DESCRIPTION file’ in the ‘Writing R Extensions’
    manual.
Flavor: r-release-osx-x86_64-snowleopard