CRAN Package Check Results for Package glogis

Last updated on 2017-12-14 15:48:25 CET.

Flavor Version Tinstall Tcheck Ttotal Status Flags
r-devel-linux-x86_64-debian-clang 1.0-0 1.17 25.80 26.97 NOTE
r-devel-linux-x86_64-debian-gcc 1.0-0 0.73 23.12 23.85 NOTE
r-devel-linux-x86_64-fedora-clang 1.0-0 33.87 NOTE
r-devel-linux-x86_64-fedora-gcc 1.0-0 33.73 NOTE
r-devel-windows-ix86+x86_64 1.0-0 5.00 54.00 59.00 NOTE
r-patched-linux-x86_64 1.0-0 1.17 27.50 28.67 NOTE
r-patched-solaris-x86 1.0-0 46.80 NOTE
r-release-linux-x86_64 1.0-0 1.18 27.82 29.00 NOTE
r-release-windows-ix86+x86_64 1.0-0 3.00 41.00 44.00 NOTE
r-release-osx-x86_64 1.0-0 NOTE
r-oldrel-windows-ix86+x86_64 1.0-0 5.00 46.00 51.00 NOTE
r-oldrel-osx-x86_64 1.0-0 NOTE

Check Details

Version: 1.0-0
Check: dependencies in R code
Result: NOTE
    'library' or 'require' call to ‘fxregime’ in package code.
     Please use :: or requireNamespace() instead.
     See section 'Suggested packages' in the 'Writing R Extensions' manual.
Flavors: r-devel-linux-x86_64-debian-clang, r-devel-linux-x86_64-debian-gcc, r-devel-linux-x86_64-fedora-clang, r-devel-linux-x86_64-fedora-gcc, r-devel-windows-ix86+x86_64, r-patched-linux-x86_64, r-patched-solaris-x86, r-release-linux-x86_64, r-release-windows-ix86+x86_64, r-release-osx-x86_64, r-oldrel-windows-ix86+x86_64, r-oldrel-osx-x86_64

Version: 1.0-0
Check: S3 generic/method consistency
Result: NOTE
    Found the following apparent S3 methods exported but not registered:
     glogisfit.default
    See section ‘Registering S3 methods’ in the ‘Writing R Extensions’
    manual.
Flavors: r-devel-linux-x86_64-debian-clang, r-devel-linux-x86_64-debian-gcc, r-devel-linux-x86_64-fedora-clang, r-devel-linux-x86_64-fedora-gcc, r-patched-linux-x86_64, r-patched-solaris-x86, r-release-linux-x86_64

Version: 1.0-0
Check: R code for possible problems
Result: NOTE
    refit.breakpoints.glogisfit: no visible binding for global variable
     ‘head’
    refit.breakpoints.glogisfit: no visible binding for global variable
     ‘tail’
    summary.glogisfit: no visible global function definition for ‘tail’
    Undefined global functions or variables:
     head tail
    Consider adding
     importFrom("utils", "head", "tail")
    to your NAMESPACE file.
Flavors: r-devel-linux-x86_64-debian-clang, r-devel-linux-x86_64-debian-gcc, r-devel-linux-x86_64-fedora-clang, r-devel-linux-x86_64-fedora-gcc, r-devel-windows-ix86+x86_64, r-patched-linux-x86_64, r-patched-solaris-x86, r-release-linux-x86_64, r-release-windows-ix86+x86_64, r-release-osx-x86_64, r-oldrel-windows-ix86+x86_64, r-oldrel-osx-x86_64