CRAN Package Check Results for Package glogis

Last updated on 2015-01-26 03:52:25.

Flavor Version Tinstall Tcheck Ttotal Status Flags
r-devel-linux-x86_64-debian-clang 1.0-0 0.82 14.20 15.02 NOTE
r-devel-linux-x86_64-debian-gcc 1.0-0 0.74 13.94 14.69 NOTE
r-devel-linux-x86_64-fedora-clang 1.0-0 34.03 NOTE
r-devel-linux-x86_64-fedora-gcc 1.0-0 33.33 NOTE
r-devel-osx-x86_64-clang 1.0-0 37.64 NOTE
r-devel-windows-ix86+x86_64 1.0-0 7.00 33.00 40.00 NOTE
r-patched-linux-x86_64 1.0-0 0.90 16.00 16.90 OK
r-patched-solaris-sparc 1.0-0 216.90 OK
r-patched-solaris-x86 1.0-0 45.90 OK
r-release-linux-ix86 1.0-0 1.16 22.44 23.59 OK
r-release-linux-x86_64 1.0-0 0.84 15.90 16.75 OK
r-release-osx-x86_64-mavericks 1.0-0 OK
r-release-osx-x86_64-snowleopard 1.0-0 OK
r-release-windows-ix86+x86_64 1.0-0 4.00 27.00 31.00 OK
r-oldrel-windows-ix86+x86_64 1.0-0 4.00 26.00 30.00 OK

Check Details

Version: 1.0-0
Check: dependencies in R code
Result: NOTE
    'library' or 'require' call to ‘fxregime’ in package code.
     Please use :: or requireNamespace() instead.
     See section 'Suggested packages' in the 'Writing R Extensions' manual.
Flavors: r-devel-linux-x86_64-debian-clang, r-devel-linux-x86_64-debian-gcc, r-devel-linux-x86_64-fedora-clang, r-devel-linux-x86_64-fedora-gcc, r-devel-osx-x86_64-clang, r-devel-windows-ix86+x86_64

Version: 1.0-0
Check: S3 generic/method consistency
Result: NOTE
    Found the following apparent S3 methods exported but not registered:
     glogisfit.default
    See section ‘Registering S3 methods’ in the ‘Writing R Extensions’
    manual.
Flavors: r-devel-linux-x86_64-fedora-clang, r-devel-linux-x86_64-fedora-gcc, r-devel-osx-x86_64-clang