CRAN Package Check Results for Package glogis

Last updated on 2016-04-30 06:47:28.

Flavor Version Tinstall Tcheck Ttotal Status Flags
r-devel-linux-x86_64-debian-gcc 1.0-0 0.72 15.07 15.79 NOTE
r-devel-linux-x86_64-fedora-clang 1.0-0 28.70 NOTE
r-devel-linux-x86_64-fedora-gcc 1.0-0 26.40 NOTE
r-devel-osx-x86_64-clang 1.0-0 32.41 NOTE
r-devel-windows-ix86+x86_64 1.0-0 3.00 35.00 38.00 NOTE
r-patched-linux-x86_64 1.0-0 0.72 15.10 15.82 NOTE
r-patched-solaris-sparc 1.0-0 159.70 NOTE
r-patched-solaris-x86 1.0-0 36.10 NOTE
r-release-linux-x86_64 1.0-0 0.86 16.37 17.23 NOTE
r-release-osx-x86_64-mavericks 1.0-0 NOTE
r-release-windows-ix86+x86_64 1.0-0 3.00 30.00 33.00 NOTE
r-oldrel-windows-ix86+x86_64 1.0-0 5.00 38.00 43.00 NOTE

Check Details

Version: 1.0-0
Check: dependencies in R code
Result: NOTE
    'library' or 'require' call to ‘fxregime’ in package code.
     Please use :: or requireNamespace() instead.
     See section 'Suggested packages' in the 'Writing R Extensions' manual.
Flavors: r-devel-linux-x86_64-debian-gcc, r-devel-linux-x86_64-fedora-clang, r-devel-linux-x86_64-fedora-gcc, r-devel-osx-x86_64-clang, r-devel-windows-ix86+x86_64, r-patched-linux-x86_64, r-patched-solaris-sparc, r-patched-solaris-x86, r-release-linux-x86_64, r-release-osx-x86_64-mavericks, r-release-windows-ix86+x86_64, r-oldrel-windows-ix86+x86_64

Version: 1.0-0
Check: S3 generic/method consistency
Result: NOTE
    Found the following apparent S3 methods exported but not registered:
     glogisfit.default
    See section ‘Registering S3 methods’ in the ‘Writing R Extensions’
    manual.
Flavors: r-devel-linux-x86_64-debian-gcc, r-devel-linux-x86_64-fedora-clang, r-devel-linux-x86_64-fedora-gcc, r-devel-osx-x86_64-clang, r-patched-linux-x86_64, r-patched-solaris-sparc, r-patched-solaris-x86, r-release-linux-x86_64

Version: 1.0-0
Check: R code for possible problems
Result: NOTE
    refit.breakpoints.glogisfit: no visible binding for global variable
     ‘head’
    refit.breakpoints.glogisfit: no visible binding for global variable
     ‘tail’
    summary.glogisfit: no visible global function definition for ‘tail’
    Undefined global functions or variables:
     head tail
    Consider adding
     importFrom("utils", "head", "tail")
    to your NAMESPACE file.
Flavors: r-devel-linux-x86_64-debian-gcc, r-devel-linux-x86_64-fedora-clang, r-devel-linux-x86_64-fedora-gcc, r-devel-osx-x86_64-clang, r-devel-windows-ix86+x86_64, r-patched-linux-x86_64, r-patched-solaris-sparc, r-patched-solaris-x86