CRAN Package Check Results for Package glogis

Last updated on 2017-02-23 11:48:51.

Flavor Version Tinstall Tcheck Ttotal Status Flags
r-devel-linux-x86_64-debian-clang 1.0-0 0.84 19.45 20.29 NOTE
r-devel-linux-x86_64-debian-gcc 1.0-0 0.90 18.90 19.81 NOTE
r-devel-linux-x86_64-fedora-clang 1.0-0 34.58 NOTE --no-stop-on-test-error
r-devel-linux-x86_64-fedora-gcc 1.0-0 31.57 NOTE --no-stop-on-test-error
r-devel-macos-x86_64-clang 1.0-0 28.89 NOTE --no-stop-on-test-error
r-devel-windows-ix86+x86_64 1.0-0 5.00 49.00 54.00 NOTE
r-patched-linux-x86_64 1.0-0 0.70 15.01 15.72 NOTE
r-patched-solaris-sparc 1.0-0 161.60 NOTE
r-patched-solaris-x86 1.0-0 39.20 NOTE
r-release-linux-x86_64 1.0-0 0.80 15.02 15.81 NOTE
r-release-osx-x86_64-mavericks 1.0-0 NOTE
r-release-windows-ix86+x86_64 1.0-0 5.00 47.00 52.00 NOTE
r-oldrel-windows-ix86+x86_64 1.0-0 5.00 36.00 41.00 NOTE

Check Details

Version: 1.0-0
Check: dependencies in R code
Result: NOTE
    'library' or 'require' call to ‘fxregime’ in package code.
     Please use :: or requireNamespace() instead.
     See section 'Suggested packages' in the 'Writing R Extensions' manual.
Flavors: r-devel-linux-x86_64-debian-clang, r-devel-linux-x86_64-debian-gcc, r-devel-windows-ix86+x86_64, r-patched-linux-x86_64, r-patched-solaris-sparc, r-patched-solaris-x86, r-release-linux-x86_64, r-release-osx-x86_64-mavericks, r-release-windows-ix86+x86_64, r-oldrel-windows-ix86+x86_64

Version: 1.0-0
Check: S3 generic/method consistency
Result: NOTE
    Found the following apparent S3 methods exported but not registered:
     glogisfit.default
    See section ‘Registering S3 methods’ in the ‘Writing R Extensions’
    manual.
Flavors: r-devel-linux-x86_64-debian-clang, r-devel-linux-x86_64-debian-gcc, r-patched-linux-x86_64, r-patched-solaris-sparc, r-patched-solaris-x86, r-release-linux-x86_64

Version: 1.0-0
Check: R code for possible problems
Result: NOTE
    refit.breakpoints.glogisfit: no visible binding for global variable
     ‘head’
    refit.breakpoints.glogisfit: no visible binding for global variable
     ‘tail’
    summary.glogisfit: no visible global function definition for ‘tail’
    Undefined global functions or variables:
     head tail
    Consider adding
     importFrom("utils", "head", "tail")
    to your NAMESPACE file.
Flavors: r-devel-linux-x86_64-debian-clang, r-devel-linux-x86_64-debian-gcc, r-devel-windows-ix86+x86_64, r-patched-linux-x86_64, r-patched-solaris-sparc, r-patched-solaris-x86, r-release-linux-x86_64, r-release-osx-x86_64-mavericks, r-release-windows-ix86+x86_64

Version: 1.0-0
Flags: --no-stop-on-test-error
Check: dependencies in R code
Result: NOTE
    'library' or 'require' call to ‘fxregime’ in package code.
     Please use :: or requireNamespace() instead.
     See section 'Suggested packages' in the 'Writing R Extensions' manual.
Flavors: r-devel-linux-x86_64-fedora-clang, r-devel-linux-x86_64-fedora-gcc, r-devel-macos-x86_64-clang

Version: 1.0-0
Flags: --no-stop-on-test-error
Check: S3 generic/method consistency
Result: NOTE
    Found the following apparent S3 methods exported but not registered:
     glogisfit.default
    See section ‘Registering S3 methods’ in the ‘Writing R Extensions’
    manual.
Flavors: r-devel-linux-x86_64-fedora-clang, r-devel-linux-x86_64-fedora-gcc, r-devel-macos-x86_64-clang

Version: 1.0-0
Flags: --no-stop-on-test-error
Check: R code for possible problems
Result: NOTE
    refit.breakpoints.glogisfit: no visible binding for global variable
     ‘head’
    refit.breakpoints.glogisfit: no visible binding for global variable
     ‘tail’
    summary.glogisfit: no visible global function definition for ‘tail’
    Undefined global functions or variables:
     head tail
    Consider adding
     importFrom("utils", "head", "tail")
    to your NAMESPACE file.
Flavors: r-devel-linux-x86_64-fedora-clang, r-devel-linux-x86_64-fedora-gcc, r-devel-macos-x86_64-clang