CRAN Package Check Results for Package glogis

Last updated on 2017-03-27 05:47:52.

Flavor Version Tinstall Tcheck Ttotal Status Flags
r-devel-linux-x86_64-debian-clang 1.0-0 0.92 19.13 20.05 NOTE
r-devel-linux-x86_64-debian-gcc 1.0-0 0.92 18.41 19.33 NOTE
r-devel-linux-x86_64-fedora-clang 1.0-0 34.26 NOTE --no-stop-on-test-error
r-devel-linux-x86_64-fedora-gcc 1.0-0 34.78 NOTE --no-stop-on-test-error
r-devel-macos-x86_64-clang 1.0-0 28.39 NOTE --no-stop-on-test-error
r-patched-linux-x86_64 1.0-0 0.90 18.81 19.71 NOTE
r-patched-solaris-sparc 1.0-0 198.20 NOTE
r-patched-solaris-x86 1.0-0 47.50 NOTE
r-release-linux-x86_64 1.0-0 0.78 15.06 15.84 NOTE
r-release-osx-x86_64-mavericks 1.0-0 NOTE
r-release-windows-ix86+x86_64 1.0-0 6.00 37.00 43.00 NOTE
r-oldrel-windows-ix86+x86_64 1.0-0 3.00 33.00 36.00 NOTE

Check Details

Version: 1.0-0
Check: dependencies in R code
Result: NOTE
    'library' or 'require' call to ‘fxregime’ in package code.
     Please use :: or requireNamespace() instead.
     See section 'Suggested packages' in the 'Writing R Extensions' manual.
Flavors: r-devel-linux-x86_64-debian-clang, r-devel-linux-x86_64-debian-gcc, r-patched-linux-x86_64, r-patched-solaris-sparc, r-patched-solaris-x86, r-release-linux-x86_64, r-release-osx-x86_64-mavericks, r-release-windows-ix86+x86_64, r-oldrel-windows-ix86+x86_64

Version: 1.0-0
Check: S3 generic/method consistency
Result: NOTE
    Found the following apparent S3 methods exported but not registered:
     glogisfit.default
    See section ‘Registering S3 methods’ in the ‘Writing R Extensions’
    manual.
Flavors: r-devel-linux-x86_64-debian-clang, r-devel-linux-x86_64-debian-gcc, r-patched-linux-x86_64, r-patched-solaris-sparc, r-patched-solaris-x86, r-release-linux-x86_64

Version: 1.0-0
Check: R code for possible problems
Result: NOTE
    refit.breakpoints.glogisfit: no visible binding for global variable
     ‘head’
    refit.breakpoints.glogisfit: no visible binding for global variable
     ‘tail’
    summary.glogisfit: no visible global function definition for ‘tail’
    Undefined global functions or variables:
     head tail
    Consider adding
     importFrom("utils", "head", "tail")
    to your NAMESPACE file.
Flavors: r-devel-linux-x86_64-debian-clang, r-devel-linux-x86_64-debian-gcc, r-patched-linux-x86_64, r-patched-solaris-sparc, r-patched-solaris-x86, r-release-linux-x86_64, r-release-osx-x86_64-mavericks, r-release-windows-ix86+x86_64

Version: 1.0-0
Flags: --no-stop-on-test-error
Check: dependencies in R code
Result: NOTE
    'library' or 'require' call to ‘fxregime’ in package code.
     Please use :: or requireNamespace() instead.
     See section 'Suggested packages' in the 'Writing R Extensions' manual.
Flavors: r-devel-linux-x86_64-fedora-clang, r-devel-linux-x86_64-fedora-gcc, r-devel-macos-x86_64-clang

Version: 1.0-0
Flags: --no-stop-on-test-error
Check: S3 generic/method consistency
Result: NOTE
    Found the following apparent S3 methods exported but not registered:
     glogisfit.default
    See section ‘Registering S3 methods’ in the ‘Writing R Extensions’
    manual.
Flavors: r-devel-linux-x86_64-fedora-clang, r-devel-linux-x86_64-fedora-gcc, r-devel-macos-x86_64-clang

Version: 1.0-0
Flags: --no-stop-on-test-error
Check: R code for possible problems
Result: NOTE
    refit.breakpoints.glogisfit: no visible binding for global variable
     ‘head’
    refit.breakpoints.glogisfit: no visible binding for global variable
     ‘tail’
    summary.glogisfit: no visible global function definition for ‘tail’
    Undefined global functions or variables:
     head tail
    Consider adding
     importFrom("utils", "head", "tail")
    to your NAMESPACE file.
Flavors: r-devel-linux-x86_64-fedora-clang, r-devel-linux-x86_64-fedora-gcc, r-devel-macos-x86_64-clang