CRAN Package Check Results for Package glogis

Last updated on 2014-09-16 23:47:37.

Flavor Version Tinstall Tcheck Ttotal Status Flags
r-devel-linux-x86_64-debian-clang 0.1-1 0.76 24.93 25.69 NOTE
r-devel-linux-x86_64-debian-gcc 0.1-1 0.76 26.29 27.06 NOTE
r-devel-linux-x86_64-fedora-clang 0.1-1 51.21 NOTE
r-devel-linux-x86_64-fedora-gcc 0.1-1 48.14 NOTE
r-devel-osx-x86_64-clang 0.1-1 44.93 NOTE
r-devel-windows-ix86+x86_64 0.1-1 3.00 35.00 38.00 NOTE
r-patched-linux-x86_64 0.1-1 0.80 26.01 26.82 OK
r-patched-solaris-sparc 0.1-1 298.80 OK
r-patched-solaris-x86 0.1-1 63.50 OK
r-release-linux-ix86 0.1-1 1.14 33.53 34.67 OK
r-release-linux-x86_64 0.1-1 0.84 24.70 25.54 OK
r-release-osx-x86_64-mavericks 0.1-1 OK
r-release-osx-x86_64-snowleopard 0.1-1 OK
r-release-windows-ix86+x86_64 0.1-1 3.00 42.00 45.00 OK
r-oldrel-windows-ix86+x86_64 0.1-1 4.00 41.00 45.00 OK

Check Details

Version: 0.1-1
Check: R code for possible problems
Result: NOTE
    coef.breakpoints.glogisfit: no visible global function definition for
     ‘refit’
    confint.breakpoints.glogisfit: no visible global function definition
     for ‘breakpoints’
    confint.breakpoints.glogisfit: no visible global function definition
     for ‘refit’
    confint.breakpoints.glogisfit : myfun: no visible global function
     definition for ‘pargmaxV’
    confint.breakpoints.glogisfit: no visible global function definition
     for ‘pargmaxV’
    estfun.glogisfit: no visible global function definition for ‘zoo’
    fitted.breakpoints.glogisfit: no visible global function definition for
     ‘refit’
    fitted.breakpoints.glogisfit: no visible global function definition for
     ‘breakfactor’
    fitted.breakpoints.glogisfit: no visible global function definition for
     ‘zoo’
    lines.confint.breakpoints.glogisfit: no visible global function
     definition for ‘breakdates’
    print.confint.breakpoints.glogisfit: no visible global function
     definition for ‘breakdates’
    refit.breakpoints.glogisfit: no visible global function definition for
     ‘breakfactor’
Flavors: r-devel-linux-x86_64-debian-clang, r-devel-linux-x86_64-debian-gcc, r-devel-linux-x86_64-fedora-clang, r-devel-linux-x86_64-fedora-gcc, r-devel-osx-x86_64-clang, r-devel-windows-ix86+x86_64