CRAN Package Check Results for Package glogis

Last updated on 2015-03-31 17:49:57.

Flavor Version Tinstall Tcheck Ttotal Status Flags
r-devel-linux-x86_64-debian-clang 1.0-0 0.84 15.12 15.97 NOTE
r-devel-linux-x86_64-debian-gcc 1.0-0 0.76 15.10 15.86 NOTE
r-devel-linux-x86_64-fedora-clang 1.0-0 31.53 NOTE
r-devel-linux-x86_64-fedora-gcc 1.0-0 34.12 NOTE
r-devel-osx-x86_64-clang 1.0-0 39.07 NOTE
r-prerel-windows-ix86+x86_64 1.0-0 4.00 24.00 28.00 NOTE
r-prerel-linux-x86_64 1.0-0 0.73 15.20 15.94 NOTE
r-prerel-solaris-sparc 1.0-0 184.90 NOTE
r-prerel-solaris-x86 1.0-0 42.00 NOTE
r-release-linux-x86_64 1.0-0 0.84 18.11 18.95 NOTE
r-release-osx-x86_64-mavericks 1.0-0 OK
r-release-osx-x86_64-snowleopard 1.0-0 OK
r-release-windows-ix86+x86_64 1.0-0 4.00 33.00 37.00 NOTE
r-oldrel-windows-ix86+x86_64 1.0-0 4.00 33.00 37.00 OK

Check Details

Version: 1.0-0
Check: dependencies in R code
Result: NOTE
    'library' or 'require' call to ‘fxregime’ in package code.
     Please use :: or requireNamespace() instead.
     See section 'Suggested packages' in the 'Writing R Extensions' manual.
Flavors: r-devel-linux-x86_64-debian-clang, r-devel-linux-x86_64-debian-gcc, r-devel-linux-x86_64-fedora-clang, r-devel-linux-x86_64-fedora-gcc, r-devel-osx-x86_64-clang, r-prerel-windows-ix86+x86_64, r-prerel-linux-x86_64, r-prerel-solaris-sparc, r-prerel-solaris-x86, r-release-linux-x86_64, r-release-windows-ix86+x86_64

Version: 1.0-0
Check: S3 generic/method consistency
Result: NOTE
    Found the following apparent S3 methods exported but not registered:
     glogisfit.default
    See section ‘Registering S3 methods’ in the ‘Writing R Extensions’
    manual.
Flavors: r-devel-linux-x86_64-debian-clang, r-devel-linux-x86_64-debian-gcc, r-devel-linux-x86_64-fedora-clang, r-devel-linux-x86_64-fedora-gcc, r-devel-osx-x86_64-clang, r-prerel-linux-x86_64