CRAN Package Check Results for Package glogis

Last updated on 2014-10-23 05:46:42.

Flavor Version Tinstall Tcheck Ttotal Status Flags
r-devel-linux-x86_64-debian-clang 0.1-1 0.86 24.47 25.33 NOTE
r-devel-linux-x86_64-debian-gcc 0.1-1 0.91 24.36 25.27 NOTE
r-devel-linux-x86_64-fedora-clang 0.1-1 51.80 NOTE
r-devel-linux-x86_64-fedora-gcc 0.1-1 48.37 NOTE
r-devel-osx-x86_64-clang 0.1-1 51.13 NOTE
r-devel-windows-ix86+x86_64 0.1-1 3.00 35.00 38.00 NOTE
r-patched-linux-x86_64 0.1-1 0.84 25.81 26.64 NOTE
r-patched-solaris-sparc 0.1-1 307.90 NOTE
r-patched-solaris-x86 0.1-1 65.10 NOTE
r-release-linux-ix86 0.1-1 1.15 33.50 34.64 OK
r-release-linux-x86_64 0.1-1 0.84 26.20 27.04 OK
r-release-osx-x86_64-mavericks 0.1-1 OK
r-release-osx-x86_64-snowleopard 0.1-1 OK
r-release-windows-ix86+x86_64 0.1-1 3.00 37.00 40.00 OK
r-oldrel-windows-ix86+x86_64 0.1-1 3.00 44.00 47.00 OK

Check Details

Version: 0.1-1
Check: R code for possible problems
Result: NOTE
    coef.breakpoints.glogisfit: no visible global function definition for
     ‘refit’
    confint.breakpoints.glogisfit: no visible global function definition
     for ‘breakpoints’
    confint.breakpoints.glogisfit: no visible global function definition
     for ‘refit’
    confint.breakpoints.glogisfit : myfun: no visible global function
     definition for ‘pargmaxV’
    confint.breakpoints.glogisfit: no visible global function definition
     for ‘pargmaxV’
    estfun.glogisfit: no visible global function definition for ‘zoo’
    fitted.breakpoints.glogisfit: no visible global function definition for
     ‘refit’
    fitted.breakpoints.glogisfit: no visible global function definition for
     ‘breakfactor’
    fitted.breakpoints.glogisfit: no visible global function definition for
     ‘zoo’
    lines.confint.breakpoints.glogisfit: no visible global function
     definition for ‘breakdates’
    print.confint.breakpoints.glogisfit: no visible global function
     definition for ‘breakdates’
    refit.breakpoints.glogisfit: no visible global function definition for
     ‘breakfactor’
Flavors: r-devel-linux-x86_64-debian-clang, r-devel-linux-x86_64-debian-gcc, r-devel-linux-x86_64-fedora-clang, r-devel-linux-x86_64-fedora-gcc, r-devel-osx-x86_64-clang, r-devel-windows-ix86+x86_64, r-patched-linux-x86_64, r-patched-solaris-sparc, r-patched-solaris-x86