CRAN Package Check Results for Package glogis

Last updated on 2014-04-23 12:48:19.

Flavor Version Tinstall Tcheck Ttotal Status Flags
r-devel-linux-x86_64-debian-clang 0.1-1 0.87 25.40 26.27 OK
r-devel-linux-x86_64-debian-gcc 0.1-1 0.86 26.38 27.24 OK
r-devel-linux-x86_64-fedora-clang 0.1-1 52.63 OK
r-devel-linux-x86_64-fedora-gcc 0.1-1 50.36 OK
r-devel-osx-x86_64-clang 0.1-1 44.79 OK
r-devel-osx-x86_64-gcc 0.1-1 ERROR
r-devel-windows-ix86+x86_64 0.1-1 3.00 41.00 44.00 OK
r-patched-linux-x86_64 0.1-1 0.85 26.48 27.33 OK
r-patched-solaris-sparc 0.1-1 290.30 OK
r-patched-solaris-x86 0.1-1 65.30 OK
r-release-linux-ix86 0.1-1 1.00 45.00 46.00 OK
r-release-linux-x86_64 0.1-1 0.86 25.27 26.13 OK
r-release-osx-x86_64-mavericks 0.1-1 WARN
r-release-osx-x86_64-snowleopard 0.1-1 OK
r-release-windows-ix86+x86_64 0.1-1 3.00 40.00 43.00 OK
r-oldrel-windows-ix86+x86_64 0.1-1 4.00 38.00 42.00 OK

Check Details

Version: 0.1-1
Check: package dependencies
Result: ERROR
    Packages required but not available: ‘zoo’ ‘sandwich’
    
    Packages suggested but not available for checking: ‘strucchange’ ‘fxregime’
    
    See the information on DESCRIPTION files in the chapter ‘Creating R
    packages’ of the ‘Writing R Extensions’ manual.
Flavor: r-devel-osx-x86_64-gcc

Version: 0.1-1
Check: Rd cross-references
Result: NOTE
    Package unavailable to check Rd xrefs: ‘foreach’
Flavor: r-release-osx-x86_64-mavericks

Version: 0.1-1
Check: PDF version of manual
Result: WARNING
    LaTeX errors when creating PDF version.
    This typically indicates Rd problems.
    LaTeX errors found:
    ! LaTeX Error: File `upquote.sty' not found.
    
    Type X to quit or <RETURN> to proceed,
    or enter new name. (Default extension: sty)
    
    d003a71/Rd2.tex:8: ==> Fatal error occurred, no output PDF file produced!
Flavor: r-release-osx-x86_64-mavericks