CRAN Package Check Results for Package glpkAPI

Last updated on 2018-02-25 10:47:11 CET.

Flavor Version Tinstall Tcheck Ttotal Status Flags
r-devel-linux-x86_64-debian-clang 1.3.0 7.54 41.48 49.02 NOTE
r-devel-linux-x86_64-debian-gcc 1.3.0 6.66 33.23 39.89 NOTE
r-devel-linux-x86_64-fedora-clang 1.3.0 61.01 NOTE
r-devel-linux-x86_64-fedora-gcc 1.3.0 60.14 NOTE
r-devel-windows-ix86+x86_64 1.3.0 30.00 67.00 97.00 NOTE
r-patched-linux-x86_64 1.3.0 6.11 40.62 46.73 NOTE
r-patched-solaris-x86 1.3.0 77.60 NOTE
r-release-linux-x86_64 1.3.0 6.47 40.55 47.02 NOTE
r-release-windows-ix86+x86_64 1.3.0 18.00 63.00 81.00 NOTE
r-release-osx-x86_64 1.3.0 ERROR
r-oldrel-windows-ix86+x86_64 1.3.0 33.00 61.00 94.00 NOTE
r-oldrel-osx-x86_64 1.3.0 NOTE

Additional issues

rchk

Check Details

Version: 1.3.0
Check: DESCRIPTION meta-information
Result: NOTE
    Malformed Description field: should contain one or more complete sentences.
Flavors: r-devel-linux-x86_64-debian-clang, r-devel-linux-x86_64-debian-gcc, r-devel-linux-x86_64-fedora-clang, r-devel-linux-x86_64-fedora-gcc, r-devel-windows-ix86+x86_64, r-patched-linux-x86_64, r-patched-solaris-x86, r-release-linux-x86_64, r-release-windows-ix86+x86_64, r-oldrel-windows-ix86+x86_64, r-oldrel-osx-x86_64

Version: 1.3.0
Check: whether package can be installed
Result: ERROR
    Installation failed.
Flavor: r-release-osx-x86_64