CRAN Package Check Results for Package glpkAPI

Last updated on 2017-10-19 19:47:05.

Flavor Version Tinstall Tcheck Ttotal Status Flags
r-devel-linux-x86_64-debian-clang 1.3.0 4.91 27.12 32.03 NOTE
r-devel-linux-x86_64-debian-gcc 1.3.0 5.64 29.88 35.51 NOTE
r-devel-linux-x86_64-fedora-clang 1.3.0 59.32 NOTE
r-devel-linux-x86_64-fedora-gcc 1.3.0 60.13 NOTE
r-devel-windows-ix86+x86_64 1.3.0 30.00 63.00 93.00 NOTE
r-patched-linux-x86_64 1.3.0 4.82 27.68 32.50 NOTE
r-patched-solaris-x86 1.3.0 84.10 NOTE
r-release-linux-x86_64 1.3.0 4.68 27.61 32.29 NOTE
r-release-windows-ix86+x86_64 1.3.0 18.00 63.00 81.00 NOTE
r-release-osx-x86_64 1.3.0 ERROR
r-oldrel-windows-ix86+x86_64 1.3.0 33.00 61.00 94.00 NOTE
r-oldrel-osx-x86_64 1.3.0 NOTE

Additional issues

rchk

Check Details

Version: 1.3.0
Check: DESCRIPTION meta-information
Result: NOTE
    Malformed Description field: should contain one or more complete sentences.
Flavors: r-devel-linux-x86_64-debian-clang, r-devel-linux-x86_64-debian-gcc, r-devel-linux-x86_64-fedora-clang, r-devel-linux-x86_64-fedora-gcc, r-devel-windows-ix86+x86_64, r-patched-linux-x86_64, r-patched-solaris-x86, r-release-linux-x86_64, r-release-windows-ix86+x86_64, r-oldrel-windows-ix86+x86_64, r-oldrel-osx-x86_64

Version: 1.3.0
Check: whether package can be installed
Result: ERROR
    Installation failed.
Flavor: r-release-osx-x86_64