CRAN Package Check Results for Package glpkAPI

Last updated on 2016-04-29 03:53:18.

Flavor Version Tinstall Tcheck Ttotal Status Flags
r-devel-linux-x86_64-debian-gcc 1.3.0 4.54 24.24 28.78 NOTE
r-devel-linux-x86_64-fedora-clang 1.3.0 48.94 NOTE
r-devel-linux-x86_64-fedora-gcc 1.3.0 47.31 NOTE
r-devel-osx-x86_64-clang 1.3.0 60.78 NOTE
r-devel-windows-ix86+x86_64 1.3.0 17.00 56.00 73.00 NOTE
r-patched-linux-x86_64 1.3.0 4.41 23.47 27.88 NOTE
r-patched-solaris-sparc 1.3.0 310.60 NOTE
r-patched-solaris-x86 1.3.0 69.40 NOTE
r-release-linux-x86_64 1.3.0 5.11 25.88 30.99 NOTE
r-release-osx-x86_64-mavericks 1.3.0 NOTE
r-release-windows-ix86+x86_64 1.3.0 18.00 55.00 73.00 NOTE
r-oldrel-windows-ix86+x86_64 1.3.0 23.00 52.00 75.00 OK

Check Details

Version: 1.3.0
Check: DESCRIPTION meta-information
Result: NOTE
    Malformed Description field: should contain one or more complete sentences.
Flavors: r-devel-linux-x86_64-debian-gcc, r-devel-linux-x86_64-fedora-clang, r-devel-linux-x86_64-fedora-gcc, r-devel-osx-x86_64-clang, r-devel-windows-ix86+x86_64, r-patched-linux-x86_64, r-patched-solaris-sparc, r-patched-solaris-x86, r-release-linux-x86_64, r-release-osx-x86_64-mavericks, r-release-windows-ix86+x86_64