CRAN Package Check Results for Package glpkAPI

Last updated on 2014-10-02 03:47:46.

Flavor Version Tinstall Tcheck Ttotal Status Flags
r-devel-linux-x86_64-debian-clang 1.2.10 4.44 22.74 27.18 NOTE
r-devel-linux-x86_64-debian-gcc 1.2.10 4.52 22.88 27.39 NOTE
r-devel-linux-x86_64-fedora-clang 1.2.10 54.49 NOTE
r-devel-linux-x86_64-fedora-gcc 1.2.10 52.50 NOTE
r-devel-osx-x86_64-clang 1.2.10 57.40 NOTE
r-devel-windows-ix86+x86_64 1.2.10 16.00 48.00 64.00 NOTE
r-patched-linux-x86_64 1.2.10 4.71 24.62 29.33 NOTE
r-patched-solaris-sparc 1.2.10 324.20 NOTE
r-patched-solaris-x86 1.2.10 74.30 NOTE
r-release-linux-ix86 1.2.10 7.12 31.55 38.66 NOTE
r-release-linux-x86_64 1.2.10 4.79 23.56 28.35 NOTE
r-release-osx-x86_64-mavericks 1.2.10 ERROR
r-release-osx-x86_64-snowleopard 1.2.10 OK
r-release-windows-ix86+x86_64 1.2.10 20.00 68.00 88.00 NOTE
r-oldrel-windows-ix86+x86_64 1.2.10 14.00 47.00 61.00 NOTE

Check Details

Version: 1.2.10
Check: dependencies in R code
Result: NOTE
    Package in Depends field not imported from: ‘methods’
     These packages need to be imported from (in the NAMESPACE file)
     for when this namespace is loaded but not attached.
    See the information on DESCRIPTION files in the chapter ‘Creating R
    packages’ of the ‘Writing R Extensions’ manual.
Flavors: r-devel-linux-x86_64-debian-clang, r-devel-linux-x86_64-debian-gcc, r-devel-linux-x86_64-fedora-clang, r-devel-linux-x86_64-fedora-gcc, r-devel-osx-x86_64-clang, r-devel-windows-ix86+x86_64, r-patched-linux-x86_64, r-patched-solaris-sparc, r-patched-solaris-x86, r-release-linux-ix86, r-release-linux-x86_64, r-release-windows-ix86+x86_64, r-oldrel-windows-ix86+x86_64

Version: 1.2.10
Check: whether package can be installed
Result: ERROR
    Installation failed.
Flavor: r-release-osx-x86_64-mavericks