CRAN Package Check Results for Package glpkAPI

Last updated on 2016-07-26 03:49:05.

Flavor Version Tinstall Tcheck Ttotal Status Flags
r-devel-linux-x86_64-debian-clang 1.3.0 6.12 30.02 36.15 NOTE
r-devel-linux-x86_64-debian-gcc 1.3.0 5.70 27.87 33.57 NOTE
r-devel-linux-x86_64-fedora-clang 1.3.0 47.82 NOTE
r-devel-linux-x86_64-fedora-gcc 1.3.0 46.74 NOTE
r-devel-osx-x86_64-clang 1.3.0 45.19 NOTE
r-devel-windows-ix86+x86_64 1.3.0 17.00 60.00 77.00 NOTE
r-patched-linux-x86_64 1.3.0 6.74 28.84 35.58 NOTE
r-patched-solaris-sparc 1.3.0 308.80 NOTE
r-patched-solaris-x86 1.3.0 63.90 NOTE
r-release-linux-x86_64 1.3.0 5.36 29.69 35.05 NOTE
r-release-osx-x86_64-mavericks 1.3.0 NOTE
r-release-windows-ix86+x86_64 1.3.0 21.00 77.00 98.00 NOTE
r-oldrel-windows-ix86+x86_64 1.3.0 18.00 55.00 73.00 NOTE

Check Details

Version: 1.3.0
Check: DESCRIPTION meta-information
Result: NOTE
    Malformed Description field: should contain one or more complete sentences.
Flavors: r-devel-linux-x86_64-debian-clang, r-devel-linux-x86_64-debian-gcc, r-devel-linux-x86_64-fedora-clang, r-devel-linux-x86_64-fedora-gcc, r-devel-osx-x86_64-clang, r-devel-windows-ix86+x86_64, r-patched-linux-x86_64, r-patched-solaris-sparc, r-patched-solaris-x86, r-release-linux-x86_64, r-release-osx-x86_64-mavericks, r-release-windows-ix86+x86_64, r-oldrel-windows-ix86+x86_64