CRAN Package Check Results for Package glpkAPI

Last updated on 2017-06-28 03:48:29.

Flavor Version Tinstall Tcheck Ttotal Status Flags
r-devel-linux-x86_64-debian-clang 1.3.0 5.44 27.26 32.70 NOTE
r-devel-linux-x86_64-debian-gcc 1.3.0 8.16 26.86 35.01 NOTE
r-devel-linux-x86_64-fedora-clang 1.3.0 59.34 NOTE
r-devel-linux-x86_64-fedora-gcc 1.3.0 58.01 NOTE
r-devel-windows-ix86+x86_64 1.3.0 28.00 67.00 95.00 NOTE
r-patched-linux-x86_64 1.3.0 5.32 27.18 32.50 NOTE
r-patched-solaris-sparc 1.3.0 349.90 NOTE
r-patched-solaris-x86 1.3.0 77.00 NOTE
r-release-linux-x86_64 1.3.0 4.83 26.68 31.51 NOTE
r-release-windows-ix86+x86_64 1.3.0 19.00 64.00 83.00 NOTE
r-release-osx-x86_64 1.3.0 ERROR
r-oldrel-windows-ix86+x86_64 1.3.0 33.00 61.00 94.00 NOTE
r-oldrel-osx-x86_64 1.3.0 NOTE

Additional issues

rchk

Check Details

Version: 1.3.0
Check: DESCRIPTION meta-information
Result: NOTE
    Malformed Description field: should contain one or more complete sentences.
Flavors: r-devel-linux-x86_64-debian-clang, r-devel-linux-x86_64-debian-gcc, r-devel-linux-x86_64-fedora-clang, r-devel-linux-x86_64-fedora-gcc, r-devel-windows-ix86+x86_64, r-patched-linux-x86_64, r-patched-solaris-sparc, r-patched-solaris-x86, r-release-linux-x86_64, r-release-windows-ix86+x86_64, r-oldrel-windows-ix86+x86_64, r-oldrel-osx-x86_64

Version: 1.3.0
Check: whether package can be installed
Result: ERROR
    Installation failed.
Flavor: r-release-osx-x86_64