CRAN Package Check Results for Package glpkAPI

Last updated on 2015-08-04 14:48:02.

Flavor Version Tinstall Tcheck Ttotal Status Flags
r-devel-linux-x86_64-debian-clang 1.3.0 4.52 23.55 28.07 NOTE
r-devel-linux-x86_64-debian-gcc 1.3.0 4.61 23.39 28.00 NOTE
r-devel-linux-x86_64-fedora-clang 1.3.0 53.95 NOTE
r-devel-linux-x86_64-fedora-gcc 1.3.0 53.07 NOTE
r-devel-osx-x86_64-clang 1.3.0 56.27 NOTE
r-devel-windows-ix86+x86_64 1.3.0 18.00 55.00 73.00 NOTE
r-patched-linux-x86_64 1.3.0 5.58 23.03 28.61 NOTE
r-patched-solaris-sparc 1.3.0 336.20 NOTE
r-patched-solaris-x86 1.3.0 73.50 NOTE
r-release-linux-x86_64 1.3.0 4.41 23.10 27.52 NOTE
r-release-osx-x86_64-mavericks 1.3.0 NOTE
r-release-windows-ix86+x86_64 1.3.0 18.00 51.00 69.00 NOTE
r-oldrel-windows-ix86+x86_64 1.3.0 23.00 52.00 75.00 OK

Check Details

Version: 1.3.0
Check: DESCRIPTION meta-information
Result: NOTE
    Malformed Description field: should contain one or more complete sentences.
Flavors: r-devel-linux-x86_64-debian-clang, r-devel-linux-x86_64-debian-gcc, r-devel-linux-x86_64-fedora-clang, r-devel-linux-x86_64-fedora-gcc, r-devel-osx-x86_64-clang, r-devel-windows-ix86+x86_64, r-patched-linux-x86_64, r-patched-solaris-sparc, r-patched-solaris-x86, r-release-linux-x86_64, r-release-osx-x86_64-mavericks, r-release-windows-ix86+x86_64