CRAN Package Check Results for Package glpkAPI

Last updated on 2015-09-01 12:48:14.

Flavor Version Tinstall Tcheck Ttotal Status Flags
r-devel-linux-x86_64-debian-clang 1.3.0 4.35 22.99 27.34 NOTE
r-devel-linux-x86_64-debian-gcc 1.3.0 4.48 23.00 27.48 NOTE
r-devel-linux-x86_64-fedora-clang 1.3.0 52.64 NOTE
r-devel-linux-x86_64-fedora-gcc 1.3.0 51.30 NOTE
r-devel-osx-x86_64-clang 1.3.0 57.32 NOTE
r-devel-windows-ix86+x86_64 1.3.0 18.00 74.00 92.00 NOTE
r-patched-linux-x86_64 1.3.0 4.52 23.58 28.09 NOTE
r-patched-solaris-sparc 1.3.0 336.20 NOTE
r-patched-solaris-x86 1.3.0 78.30 NOTE
r-release-linux-x86_64 1.3.0 4.73 23.12 27.86 NOTE
r-release-osx-x86_64-mavericks 1.3.0 NOTE
r-release-windows-ix86+x86_64 1.3.0 18.00 56.00 74.00 NOTE
r-oldrel-windows-ix86+x86_64 1.3.0 23.00 52.00 75.00 OK

Check Details

Version: 1.3.0
Check: DESCRIPTION meta-information
Result: NOTE
    Malformed Description field: should contain one or more complete sentences.
Flavors: r-devel-linux-x86_64-debian-clang, r-devel-linux-x86_64-debian-gcc, r-devel-linux-x86_64-fedora-clang, r-devel-linux-x86_64-fedora-gcc, r-devel-osx-x86_64-clang, r-devel-windows-ix86+x86_64, r-patched-linux-x86_64, r-patched-solaris-sparc, r-patched-solaris-x86, r-release-linux-x86_64, r-release-osx-x86_64-mavericks, r-release-windows-ix86+x86_64