CRAN Package Check Results for Package glpkAPI

Last updated on 2016-05-27 21:46:36.

Flavor Version Tinstall Tcheck Ttotal Status Flags
r-devel-linux-x86_64-debian-gcc 1.3.0 4.66 24.00 28.66 NOTE
r-devel-linux-x86_64-fedora-clang 1.3.0 54.55 NOTE
r-devel-linux-x86_64-fedora-gcc 1.3.0 46.27 NOTE
r-devel-osx-x86_64-clang 1.3.0 62.14 NOTE
r-devel-windows-ix86+x86_64 1.3.0 16.00 61.00 77.00 NOTE
r-patched-linux-x86_64 1.3.0 4.44 23.41 27.85 NOTE
r-patched-solaris-sparc 1.3.0 307.70 NOTE
r-patched-solaris-x86 1.3.0 69.00 NOTE
r-release-linux-x86_64 1.3.0 4.50 23.90 28.40 NOTE
r-release-osx-x86_64-mavericks 1.3.0 NOTE
r-release-windows-ix86+x86_64 1.3.0 21.00 77.00 98.00 NOTE

Check Details

Version: 1.3.0
Check: DESCRIPTION meta-information
Result: NOTE
    Malformed Description field: should contain one or more complete sentences.
Flavors: r-devel-linux-x86_64-debian-gcc, r-devel-linux-x86_64-fedora-clang, r-devel-linux-x86_64-fedora-gcc, r-devel-osx-x86_64-clang, r-devel-windows-ix86+x86_64, r-patched-linux-x86_64, r-patched-solaris-sparc, r-patched-solaris-x86, r-release-linux-x86_64, r-release-osx-x86_64-mavericks, r-release-windows-ix86+x86_64, r-oldrel-windows-ix86+x86_64