CRAN Package Check Results for Package glpkAPI

Last updated on 2018-04-24 10:47:03 CEST.

Flavor Version Tinstall Tcheck Ttotal Status Flags
r-devel-linux-x86_64-debian-clang 1.3.0 8.75 36.86 45.61 NOTE
r-devel-linux-x86_64-debian-gcc 1.3.0 7.07 32.88 39.95 NOTE
r-devel-linux-x86_64-fedora-clang 1.3.0 62.26 NOTE
r-devel-linux-x86_64-fedora-gcc 1.3.0 60.26 NOTE
r-devel-windows-ix86+x86_64 1.3.0 29.00 71.00 100.00 NOTE
r-patched-linux-x86_64 1.3.0 6.79 40.99 47.78 NOTE
r-patched-solaris-x86 1.3.0 90.30 NOTE
r-release-linux-x86_64 1.3.0 6.58 41.13 47.71 NOTE
r-release-windows-ix86+x86_64 1.3.0 29.00 71.00 100.00 NOTE
r-release-osx-x86_64 1.3.0 ERROR
r-oldrel-windows-ix86+x86_64 1.3.0 18.00 63.00 81.00 NOTE
r-oldrel-osx-x86_64 1.3.0 ERROR

Additional issues

rchk

Check Details

Version: 1.3.0
Check: DESCRIPTION meta-information
Result: NOTE
    Malformed Description field: should contain one or more complete sentences.
Flavors: r-devel-linux-x86_64-debian-clang, r-devel-linux-x86_64-debian-gcc, r-devel-linux-x86_64-fedora-clang, r-devel-linux-x86_64-fedora-gcc, r-devel-windows-ix86+x86_64, r-patched-linux-x86_64, r-patched-solaris-x86, r-release-linux-x86_64, r-release-windows-ix86+x86_64, r-oldrel-windows-ix86+x86_64

Version: 1.3.0
Check: whether package can be installed
Result: ERROR
    Installation failed.
Flavors: r-release-osx-x86_64, r-oldrel-osx-x86_64