CRAN Package Check Results for Package glpkAPI

Last updated on 2018-06-25 07:47:35 CEST.

Flavor Version Tinstall Tcheck Ttotal Status Flags
r-devel-linux-x86_64-debian-clang 1.3.0 8.16 40.03 48.19 NOTE
r-devel-linux-x86_64-debian-gcc 1.3.0 5.78 33.91 39.69 NOTE
r-devel-linux-x86_64-fedora-clang 1.3.0 62.20 NOTE
r-devel-linux-x86_64-fedora-gcc 1.3.0 60.06 NOTE
r-devel-windows-ix86+x86_64 1.3.0 28.00 75.00 103.00 NOTE
r-patched-linux-x86_64 1.3.0 7.36 41.34 48.70 NOTE
r-patched-solaris-x86 1.3.0 84.30 NOTE
r-release-linux-x86_64 1.3.0 6.45 41.29 47.74 NOTE
r-release-windows-ix86+x86_64 1.3.0 29.00 71.00 100.00 NOTE
r-release-osx-x86_64 1.3.0 ERROR
r-oldrel-windows-ix86+x86_64 1.3.0 18.00 63.00 81.00 NOTE
r-oldrel-osx-x86_64 1.3.0 ERROR

Additional issues

rchk

Check Details

Version: 1.3.0
Check: DESCRIPTION meta-information
Result: NOTE
    Malformed Description field: should contain one or more complete sentences.
Flavors: r-devel-linux-x86_64-debian-clang, r-devel-linux-x86_64-debian-gcc, r-devel-linux-x86_64-fedora-clang, r-devel-linux-x86_64-fedora-gcc, r-devel-windows-ix86+x86_64, r-patched-linux-x86_64, r-patched-solaris-x86, r-release-linux-x86_64, r-release-windows-ix86+x86_64, r-oldrel-windows-ix86+x86_64

Version: 1.3.0
Check: whether package can be installed
Result: ERROR
    Installation failed.
Flavors: r-release-osx-x86_64, r-oldrel-osx-x86_64