CRAN Package Check Results for Package glpkAPI

Last updated on 2014-11-01 13:49:50.

Flavor Version Tinstall Tcheck Ttotal Status Flags
r-devel-linux-x86_64-debian-clang 1.2.10 5.42 23.19 28.61 NOTE
r-devel-linux-x86_64-debian-gcc 1.2.10 4.80 22.60 27.40 NOTE
r-devel-linux-x86_64-fedora-clang 1.2.10 55.06 NOTE
r-devel-linux-x86_64-fedora-gcc 1.2.10 53.43 NOTE
r-devel-osx-x86_64-clang 1.2.10 60.82 NOTE
r-devel-windows-ix86+x86_64 1.2.10 15.00 45.00 60.00 NOTE
r-patched-linux-x86_64 1.2.10 4.70 23.70 28.40 NOTE
r-patched-solaris-sparc 1.2.10 324.20 NOTE
r-patched-solaris-x86 1.2.10 73.80 NOTE
r-release-linux-ix86 1.2.10 7.15 31.86 39.01 NOTE
r-release-linux-x86_64 1.2.10 4.69 24.58 29.27 NOTE
r-release-osx-x86_64-mavericks 1.2.10 ERROR
r-release-osx-x86_64-snowleopard 1.2.10 OK
r-release-windows-ix86+x86_64 1.2.10 15.00 67.00 82.00 NOTE
r-oldrel-windows-ix86+x86_64 1.2.10 14.00 47.00 61.00 NOTE

Check Details

Version: 1.2.10
Check: dependencies in R code
Result: NOTE
    Package in Depends field not imported from: ‘methods’
     These packages need to be imported from (in the NAMESPACE file)
     for when this namespace is loaded but not attached.
    See the information on DESCRIPTION files in the chapter ‘Creating R
    packages’ of the ‘Writing R Extensions’ manual.
Flavors: r-devel-linux-x86_64-debian-clang, r-devel-linux-x86_64-debian-gcc, r-devel-linux-x86_64-fedora-clang, r-devel-linux-x86_64-fedora-gcc, r-devel-osx-x86_64-clang, r-devel-windows-ix86+x86_64, r-patched-linux-x86_64, r-patched-solaris-sparc, r-patched-solaris-x86, r-release-linux-ix86, r-release-linux-x86_64, r-release-windows-ix86+x86_64, r-oldrel-windows-ix86+x86_64

Version: 1.2.10
Check: whether package can be installed
Result: ERROR
    Installation failed.
Flavor: r-release-osx-x86_64-mavericks