CRAN Package Check Results for Package glpkAPI

Last updated on 2015-05-23 06:46:45.

Flavor Version Tinstall Tcheck Ttotal Status Flags
r-devel-linux-x86_64-debian-clang 1.3.0 4.72 23.75 28.47 NOTE
r-devel-linux-x86_64-debian-gcc 1.3.0 4.44 22.94 27.38 NOTE
r-devel-linux-x86_64-fedora-clang 1.3.0 54.01 NOTE
r-devel-linux-x86_64-fedora-gcc 1.3.0 53.89 NOTE
r-devel-osx-x86_64-clang 1.3.0 60.54 NOTE
r-devel-windows-ix86+x86_64 1.3.0 23.00 51.00 74.00 NOTE
r-patched-linux-x86_64 1.3.0 4.54 23.28 27.82 NOTE
r-patched-solaris-sparc 1.3.0 337.80 NOTE
r-patched-solaris-x86 1.3.0 72.30 NOTE
r-release-linux-x86_64 1.3.0 4.78 23.92 28.70 NOTE
r-release-osx-x86_64-mavericks 1.3.0 NOTE
r-release-osx-x86_64-snowleopard 1.3.0 NOTE
r-release-windows-ix86+x86_64 1.3.0 14.00 57.00 71.00 NOTE
r-oldrel-windows-ix86+x86_64 1.3.0 23.00 52.00 75.00 OK

Check Details

Version: 1.3.0
Check: DESCRIPTION meta-information
Result: NOTE
    Malformed Description field: should contain one or more complete sentences.
Flavors: r-devel-linux-x86_64-debian-clang, r-devel-linux-x86_64-debian-gcc, r-devel-linux-x86_64-fedora-clang, r-devel-linux-x86_64-fedora-gcc, r-devel-osx-x86_64-clang, r-devel-windows-ix86+x86_64, r-patched-linux-x86_64, r-patched-solaris-sparc, r-patched-solaris-x86, r-release-linux-x86_64, r-release-osx-x86_64-mavericks, r-release-osx-x86_64-snowleopard, r-release-windows-ix86+x86_64