CRAN Package Check Results for Package glpkAPI

Last updated on 2015-07-05 06:46:33.

Flavor Version Tinstall Tcheck Ttotal Status Flags
r-devel-linux-x86_64-debian-clang 1.3.0 4.54 23.72 28.25 NOTE
r-devel-linux-x86_64-debian-gcc 1.3.0 4.76 23.14 27.90 NOTE
r-devel-linux-x86_64-fedora-clang 1.3.0 53.30 NOTE
r-devel-linux-x86_64-fedora-gcc 1.3.0 52.08 NOTE
r-devel-osx-x86_64-clang 1.3.0 55.41 NOTE
r-devel-windows-ix86+x86_64 1.3.0 19.00 78.00 97.00 NOTE
r-patched-linux-x86_64 1.3.0 4.43 23.19 27.62 NOTE
r-patched-solaris-sparc 1.3.0 337.80 NOTE
r-patched-solaris-x86 1.3.0 73.30 NOTE
r-release-linux-x86_64 1.3.0 4.64 23.06 27.70 NOTE
r-release-osx-x86_64-mavericks 1.3.0 NOTE
r-release-windows-ix86+x86_64 1.3.0 18.00 51.00 69.00 NOTE
r-oldrel-windows-ix86+x86_64 1.3.0 23.00 52.00 75.00 OK

Check Details

Version: 1.3.0
Check: DESCRIPTION meta-information
Result: NOTE
    Malformed Description field: should contain one or more complete sentences.
Flavors: r-devel-linux-x86_64-debian-clang, r-devel-linux-x86_64-debian-gcc, r-devel-linux-x86_64-fedora-clang, r-devel-linux-x86_64-fedora-gcc, r-devel-osx-x86_64-clang, r-devel-windows-ix86+x86_64, r-patched-linux-x86_64, r-patched-solaris-sparc, r-patched-solaris-x86, r-release-linux-x86_64, r-release-osx-x86_64-mavericks, r-release-windows-ix86+x86_64