CRAN Package Check Results for Package glpkAPI

Last updated on 2017-03-29 11:49:29.

Flavor Version Tinstall Tcheck Ttotal Status Flags
r-devel-linux-x86_64-debian-clang 1.3.0 5.49 27.72 33.21 NOTE
r-devel-linux-x86_64-debian-gcc 1.3.0 4.57 26.47 31.04 NOTE
r-devel-linux-x86_64-fedora-clang 1.3.0 59.61 NOTE --no-stop-on-test-error
r-devel-linux-x86_64-fedora-gcc 1.3.0 59.66 NOTE --no-stop-on-test-error
r-devel-macos-x86_64-clang 1.3.0 49.60 NOTE --no-stop-on-test-error
r-devel-windows-ix86+x86_64 1.3.0 19.00 61.00 80.00 NOTE
r-patched-linux-x86_64 1.3.0 4.31 27.80 32.10 NOTE
r-patched-solaris-sparc 1.3.0 349.90 NOTE
r-patched-solaris-x86 1.3.0 79.00 NOTE
r-release-linux-x86_64 1.3.0 4.28 24.97 29.25 NOTE
r-release-osx-x86_64-mavericks 1.3.0 NOTE
r-release-windows-ix86+x86_64 1.3.0 33.00 61.00 94.00 NOTE
r-oldrel-windows-ix86+x86_64 1.3.0 44.00 70.00 114.00 NOTE

Check Details

Version: 1.3.0
Check: DESCRIPTION meta-information
Result: NOTE
    Malformed Description field: should contain one or more complete sentences.
Flavors: r-devel-linux-x86_64-debian-clang, r-devel-linux-x86_64-debian-gcc, r-devel-windows-ix86+x86_64, r-patched-linux-x86_64, r-patched-solaris-sparc, r-patched-solaris-x86, r-release-linux-x86_64, r-release-osx-x86_64-mavericks, r-release-windows-ix86+x86_64, r-oldrel-windows-ix86+x86_64

Version: 1.3.0
Flags: --no-stop-on-test-error
Check: DESCRIPTION meta-information
Result: NOTE
    Malformed Description field: should contain one or more complete sentences.
Flavors: r-devel-linux-x86_64-fedora-clang, r-devel-linux-x86_64-fedora-gcc, r-devel-macos-x86_64-clang