CRAN Package Check Results for Package glpkAPI

Last updated on 2017-02-22 13:50:46.

Flavor Version Tinstall Tcheck Ttotal Status Flags
r-devel-linux-x86_64-debian-clang 1.3.0 5.23 27.34 32.58 NOTE
r-devel-linux-x86_64-debian-gcc 1.3.0 4.43 27.14 31.57 NOTE
r-devel-linux-x86_64-fedora-clang 1.3.0 54.85 NOTE --no-stop-on-test-error
r-devel-linux-x86_64-fedora-gcc 1.3.0 55.68 NOTE --no-stop-on-test-error
r-devel-macos-x86_64-clang 1.3.0 52.82 NOTE --no-stop-on-test-error
r-devel-windows-ix86+x86_64 1.3.0 18.00 86.00 104.00 NOTE
r-patched-linux-x86_64 1.3.0 4.26 24.70 28.96 NOTE
r-patched-solaris-sparc 1.3.0 300.10 NOTE
r-patched-solaris-x86 1.3.0 56.70 NOTE
r-release-linux-x86_64 1.3.0 4.33 24.33 28.66 NOTE
r-release-osx-x86_64-mavericks 1.3.0 NOTE
r-release-windows-ix86+x86_64 1.3.0 33.00 61.00 94.00 NOTE
r-oldrel-windows-ix86+x86_64 1.3.0 44.00 70.00 114.00 NOTE

Check Details

Version: 1.3.0
Check: DESCRIPTION meta-information
Result: NOTE
    Malformed Description field: should contain one or more complete sentences.
Flavors: r-devel-linux-x86_64-debian-clang, r-devel-linux-x86_64-debian-gcc, r-devel-windows-ix86+x86_64, r-patched-linux-x86_64, r-patched-solaris-sparc, r-patched-solaris-x86, r-release-linux-x86_64, r-release-osx-x86_64-mavericks, r-release-windows-ix86+x86_64, r-oldrel-windows-ix86+x86_64

Version: 1.3.0
Flags: --no-stop-on-test-error
Check: DESCRIPTION meta-information
Result: NOTE
    Malformed Description field: should contain one or more complete sentences.
Flavors: r-devel-linux-x86_64-fedora-clang, r-devel-linux-x86_64-fedora-gcc, r-devel-macos-x86_64-clang