CRAN Package Check Results for Package glpkAPI

Last updated on 2016-12-03 23:47:41.

Flavor Version Tinstall Tcheck Ttotal Status Flags
r-devel-linux-x86_64-debian-clang 1.3.0 5.40 26.69 32.09 NOTE
r-devel-linux-x86_64-debian-gcc 1.3.0 4.71 26.15 30.86 NOTE
r-devel-linux-x86_64-fedora-clang 1.3.0 57.42 NOTE
r-devel-linux-x86_64-fedora-gcc 1.3.0 56.91 NOTE
r-devel-macos-x86_64-clang 1.3.0 49.93 NOTE
r-devel-windows-ix86+x86_64 1.3.0 31.00 78.00 109.00 NOTE
r-patched-linux-x86_64 1.3.0 4.50 24.41 28.90 NOTE
r-patched-solaris-sparc 1.3.0 308.80 NOTE
r-patched-solaris-x86 1.3.0 65.10 NOTE
r-release-linux-x86_64 1.3.0 4.31 23.82 28.13 NOTE
r-release-osx-x86_64-mavericks 1.3.0 NOTE
r-release-windows-ix86+x86_64 1.3.0 33.00 61.00 94.00 NOTE
r-oldrel-windows-ix86+x86_64 1.3.0 44.00 70.00 114.00 NOTE

Check Details

Version: 1.3.0
Check: DESCRIPTION meta-information
Result: NOTE
    Malformed Description field: should contain one or more complete sentences.
Flavors: r-devel-linux-x86_64-debian-clang, r-devel-linux-x86_64-debian-gcc, r-devel-linux-x86_64-fedora-clang, r-devel-linux-x86_64-fedora-gcc, r-devel-macos-x86_64-clang, r-devel-windows-ix86+x86_64, r-patched-linux-x86_64, r-patched-solaris-sparc, r-patched-solaris-x86, r-release-linux-x86_64, r-release-osx-x86_64-mavericks, r-release-windows-ix86+x86_64, r-oldrel-windows-ix86+x86_64