CRAN Package Check Results for Package glpkAPI

Last updated on 2017-05-24 07:49:46.

Flavor Version Tinstall Tcheck Ttotal Status Flags
r-devel-linux-x86_64-debian-clang 1.3.0 5.46 28.25 33.72 NOTE
r-devel-linux-x86_64-debian-gcc 1.3.0 4.46 26.92 31.37 NOTE
r-devel-linux-x86_64-fedora-clang 1.3.0 57.29 NOTE --no-stop-on-test-error
r-devel-linux-x86_64-fedora-gcc 1.3.0 55.75 NOTE --no-stop-on-test-error
r-devel-windows-ix86+x86_64 1.3.0 31.00 87.00 118.00 NOTE
r-patched-linux-x86_64 1.3.0 4.58 27.59 32.17 NOTE
r-patched-solaris-sparc 1.3.0 349.90 NOTE
r-patched-solaris-x86 1.3.0 77.10 NOTE
r-release-linux-x86_64 1.3.0 4.38 27.22 31.59 NOTE
r-release-windows-ix86+x86_64 1.3.0 19.00 64.00 83.00 NOTE
r-release-osx-x86_64 1.3.0 ERROR
r-oldrel-windows-ix86+x86_64 1.3.0 33.00 61.00 94.00 NOTE
r-oldrel-osx-x86_64 1.3.0 NOTE

Check Details

Version: 1.3.0
Check: DESCRIPTION meta-information
Result: NOTE
    Malformed Description field: should contain one or more complete sentences.
Flavors: r-devel-linux-x86_64-debian-clang, r-devel-linux-x86_64-debian-gcc, r-devel-windows-ix86+x86_64, r-patched-linux-x86_64, r-patched-solaris-sparc, r-patched-solaris-x86, r-release-linux-x86_64, r-release-windows-ix86+x86_64, r-oldrel-windows-ix86+x86_64, r-oldrel-osx-x86_64

Version: 1.3.0
Flags: --no-stop-on-test-error
Check: DESCRIPTION meta-information
Result: NOTE
    Malformed Description field: should contain one or more complete sentences.
Flavors: r-devel-linux-x86_64-fedora-clang, r-devel-linux-x86_64-fedora-gcc

Version: 1.3.0
Check: whether package can be installed
Result: ERROR
    Installation failed.
Flavor: r-release-osx-x86_64