CRAN Package Check Results for Package glpkAPI

Last updated on 2019-09-21 02:49:05 CEST.

Flavor Version Tinstall Tcheck Ttotal Status Flags
r-devel-linux-x86_64-debian-clang 1.3.1 9.33 44.86 54.19 WARN
r-devel-linux-x86_64-debian-gcc 1.3.1 7.42 36.52 43.94 WARN
r-devel-linux-x86_64-fedora-clang 1.3.1 71.78 WARN
r-devel-linux-x86_64-fedora-gcc 1.3.1 69.60 WARN
r-devel-windows-ix86+x86_64 1.3.1 35.00 102.00 137.00 OK
r-patched-linux-x86_64 1.3.1 9.03 45.28 54.31 OK
r-patched-solaris-x86 1.3.1 90.40 OK
r-release-linux-x86_64 1.3.1 8.54 45.73 54.27 OK
r-release-windows-ix86+x86_64 1.3.1 21.00 103.00 124.00 OK
r-release-osx-x86_64 1.3.1 OK
r-oldrel-windows-ix86+x86_64 1.3.1 19.00 73.00 92.00 OK
r-oldrel-osx-x86_64 1.3.1 OK

Check Details

Version: 1.3.1
Check: whether package can be installed
Result: WARN
    Found the following significant warnings:
     'config' variable 'CPP' is deprecated
Flavors: r-devel-linux-x86_64-debian-clang, r-devel-linux-x86_64-debian-gcc, r-devel-linux-x86_64-fedora-clang, r-devel-linux-x86_64-fedora-gcc