CRAN Package Check Results for Package glpkAPI

Last updated on 2015-04-28 11:48:24.

Flavor Version Tinstall Tcheck Ttotal Status Flags
r-devel-linux-x86_64-debian-clang 1.3.0 4.79 23.79 28.58 NOTE
r-devel-linux-x86_64-debian-gcc 1.3.0 4.76 23.67 28.43 NOTE
r-devel-linux-x86_64-fedora-clang 1.3.0 55.33 NOTE
r-devel-linux-x86_64-fedora-gcc 1.3.0 52.84 NOTE
r-devel-osx-x86_64-clang 1.3.0 61.05 NOTE
r-devel-windows-ix86+x86_64 1.3.0 18.00 50.00 68.00 NOTE
r-patched-linux-x86_64 1.3.0 4.53 23.73 28.26 NOTE
r-patched-solaris-sparc 1.3.0 334.10 NOTE
r-patched-solaris-x86 1.3.0 72.20 NOTE
r-release-linux-x86_64 1.3.0 4.44 23.95 28.40 NOTE
r-release-osx-x86_64-mavericks 1.3.0 ERROR
r-release-osx-x86_64-snowleopard 1.3.0 NOTE
r-release-windows-ix86+x86_64 1.3.0 14.00 57.00 71.00 NOTE
r-oldrel-windows-ix86+x86_64 1.3.0 23.00 52.00 75.00 OK

Check Details

Version: 1.3.0
Check: DESCRIPTION meta-information
Result: NOTE
    Malformed Description field: should contain one or more complete sentences.
Flavors: r-devel-linux-x86_64-debian-clang, r-devel-linux-x86_64-debian-gcc, r-devel-linux-x86_64-fedora-clang, r-devel-linux-x86_64-fedora-gcc, r-devel-osx-x86_64-clang, r-devel-windows-ix86+x86_64, r-patched-linux-x86_64, r-patched-solaris-sparc, r-patched-solaris-x86, r-release-linux-x86_64, r-release-osx-x86_64-snowleopard, r-release-windows-ix86+x86_64

Version: 1.3.0
Check: whether package can be installed
Result: ERROR
    Installation failed.
Flavor: r-release-osx-x86_64-mavericks