CRAN Package Check Results for Package glpkAPI

Last updated on 2017-01-24 17:50:30.

Flavor Version Tinstall Tcheck Ttotal Status Flags
r-devel-linux-x86_64-debian-clang 1.3.0 5.27 27.38 32.65 NOTE
r-devel-linux-x86_64-debian-gcc 1.3.0 4.71 26.74 31.45 NOTE
r-devel-linux-x86_64-fedora-clang 1.3.0 55.84 NOTE --no-stop-on-test-error
r-devel-linux-x86_64-fedora-gcc 1.3.0 56.07 NOTE --no-stop-on-test-error
r-devel-macos-x86_64-clang 1.3.0 51.68 NOTE --no-stop-on-test-error
r-devel-windows-ix86+x86_64 1.3.0 34.00 65.00 99.00 NOTE
r-patched-linux-x86_64 1.3.0 4.26 24.30 28.57 NOTE
r-patched-solaris-sparc 1.3.0 308.90 NOTE
r-patched-solaris-x86 1.3.0 68.00 NOTE
r-release-linux-x86_64 1.3.0 4.50 24.45 28.94 NOTE
r-release-osx-x86_64-mavericks 1.3.0 NOTE
r-release-windows-ix86+x86_64 1.3.0 33.00 61.00 94.00 NOTE
r-oldrel-windows-ix86+x86_64 1.3.0 44.00 70.00 114.00 NOTE

Check Details

Version: 1.3.0
Check: DESCRIPTION meta-information
Result: NOTE
    Malformed Description field: should contain one or more complete sentences.
Flavors: r-devel-linux-x86_64-debian-clang, r-devel-linux-x86_64-debian-gcc, r-devel-windows-ix86+x86_64, r-patched-linux-x86_64, r-patched-solaris-sparc, r-patched-solaris-x86, r-release-linux-x86_64, r-release-osx-x86_64-mavericks, r-release-windows-ix86+x86_64, r-oldrel-windows-ix86+x86_64

Version: 1.3.0
Flags: --no-stop-on-test-error
Check: DESCRIPTION meta-information
Result: NOTE
    Malformed Description field: should contain one or more complete sentences.
Flavors: r-devel-linux-x86_64-fedora-clang, r-devel-linux-x86_64-fedora-gcc, r-devel-macos-x86_64-clang