CRAN Package Check Results for Package glpkAPI

Last updated on 2015-03-02 19:52:15.

Flavor Version Tinstall Tcheck Ttotal Status Flags
r-devel-linux-x86_64-debian-clang 1.3.0 4.44 23.87 28.31 NOTE
r-devel-linux-x86_64-debian-gcc 1.3.0 4.44 23.32 27.76 NOTE
r-devel-linux-x86_64-fedora-clang 1.3.0 55.67 NOTE
r-devel-linux-x86_64-fedora-gcc 1.3.0 54.17 NOTE
r-devel-osx-x86_64-clang 1.3.0 62.64 NOTE
r-devel-windows-ix86+x86_64 1.3.0 27.00 52.00 79.00 NOTE
r-patched-linux-x86_64 1.3.0 4.73 25.70 30.42 OK
r-patched-solaris-sparc 1.3.0 307.30 OK
r-patched-solaris-x86 1.3.0 78.20 OK
r-release-linux-ix86 1.3.0 6.81 35.59 42.40 OK
r-release-linux-x86_64 1.3.0 4.60 24.47 29.07 OK
r-release-osx-x86_64-mavericks 1.3.0 ERROR
r-release-osx-x86_64-snowleopard 1.3.0 OK
r-release-windows-ix86+x86_64 1.3.0 16.00 58.00 74.00 OK
r-oldrel-windows-ix86+x86_64 1.3.0 18.00 68.00 86.00 OK

Check Details

Version: 1.3.0
Check: DESCRIPTION meta-information
Result: NOTE
    Malformed Description field: should contain one or more complete sentences.
Flavors: r-devel-linux-x86_64-debian-clang, r-devel-linux-x86_64-debian-gcc, r-devel-linux-x86_64-fedora-clang, r-devel-linux-x86_64-fedora-gcc, r-devel-osx-x86_64-clang, r-devel-windows-ix86+x86_64

Version: 1.3.0
Check: whether package can be installed
Result: ERROR
    Installation failed.
Flavor: r-release-osx-x86_64-mavericks