CRAN Package Check Results for Package glpkAPI

Last updated on 2016-08-30 23:47:32.

Flavor Version Tinstall Tcheck Ttotal Status Flags
r-devel-linux-x86_64-debian-clang 1.3.0 5.32 24.54 29.86 NOTE
r-devel-linux-x86_64-debian-gcc 1.3.0 4.58 23.61 28.19 NOTE
r-devel-linux-x86_64-fedora-clang 1.3.0 52.72 NOTE
r-devel-linux-x86_64-fedora-gcc 1.3.0 50.35 NOTE
r-devel-osx-x86_64-clang 1.3.0 45.38 NOTE
r-devel-windows-ix86+x86_64 1.3.0 27.00 74.00 101.00 NOTE
r-patched-linux-x86_64 1.3.0 4.24 24.10 28.34 NOTE
r-patched-solaris-sparc 1.3.0 308.80 NOTE
r-patched-solaris-x86 1.3.0 67.70 NOTE
r-release-linux-x86_64 1.3.0 4.26 24.64 28.90 NOTE
r-release-osx-x86_64-mavericks 1.3.0 NOTE
r-release-windows-ix86+x86_64 1.3.0 21.00 77.00 98.00 NOTE
r-oldrel-windows-ix86+x86_64 1.3.0 18.00 55.00 73.00 NOTE

Check Details

Version: 1.3.0
Check: DESCRIPTION meta-information
Result: NOTE
    Malformed Description field: should contain one or more complete sentences.
Flavors: r-devel-linux-x86_64-debian-clang, r-devel-linux-x86_64-debian-gcc, r-devel-linux-x86_64-fedora-clang, r-devel-linux-x86_64-fedora-gcc, r-devel-osx-x86_64-clang, r-devel-windows-ix86+x86_64, r-patched-linux-x86_64, r-patched-solaris-sparc, r-patched-solaris-x86, r-release-linux-x86_64, r-release-osx-x86_64-mavericks, r-release-windows-ix86+x86_64, r-oldrel-windows-ix86+x86_64