CRAN Package Check Results for Package glpkAPI

Last updated on 2014-12-20 03:49:32.

Flavor Version Tinstall Tcheck Ttotal Status Flags
r-devel-linux-x86_64-debian-clang 1.2.11 4.49 23.62 28.11 OK
r-devel-linux-x86_64-debian-gcc 1.2.11 4.70 23.00 27.70 OK
r-devel-linux-x86_64-fedora-clang 1.2.11 56.76 OK
r-devel-linux-x86_64-fedora-gcc 1.2.11 53.07 OK
r-devel-osx-x86_64-clang 1.2.11 59.49 OK
r-devel-windows-ix86+x86_64 1.2.11 3.00 2.00 5.00 ERROR
r-patched-linux-x86_64 1.2.11 4.76 23.42 28.18 OK
r-patched-solaris-sparc 1.2.11 293.10 OK
r-patched-solaris-x86 1.2.11 74.10 OK
r-release-linux-ix86 1.2.11 6.71 31.04 37.76 OK
r-release-linux-x86_64 1.2.11 4.67 24.40 29.07 OK
r-release-osx-x86_64-mavericks 1.2.11 ERROR
r-release-osx-x86_64-snowleopard 1.2.11 OK
r-release-windows-ix86+x86_64 1.2.11 11.00 44.00 55.00 OK
r-oldrel-windows-ix86+x86_64 1.2.11 11.00 52.00 63.00 OK

Check Details

Version: 1.2.11
Check: whether package can be installed
Result: ERROR
    Installation failed.
Flavors: r-devel-windows-ix86+x86_64, r-release-osx-x86_64-mavericks