CRAN Package Check Results for Package glpkAPI

Last updated on 2017-12-13 15:48:21 CET.

Flavor Version Tinstall Tcheck Ttotal Status Flags
r-devel-linux-x86_64-debian-clang 1.3.0 5.95 38.87 44.82 NOTE
r-devel-linux-x86_64-debian-gcc 1.3.0 5.23 32.25 37.48 NOTE
r-devel-linux-x86_64-fedora-clang 1.3.0 54.85 NOTE
r-devel-linux-x86_64-fedora-gcc 1.3.0 58.10 NOTE
r-devel-windows-ix86+x86_64 1.3.0 34.00 66.00 100.00 NOTE
r-patched-linux-x86_64 1.3.0 5.11 39.47 44.58 NOTE
r-patched-solaris-x86 1.3.0 76.20 NOTE
r-release-linux-x86_64 1.3.0 4.83 40.17 45.00 NOTE
r-release-windows-ix86+x86_64 1.3.0 18.00 63.00 81.00 NOTE
r-release-osx-x86_64 1.3.0 ERROR
r-oldrel-windows-ix86+x86_64 1.3.0 33.00 61.00 94.00 NOTE
r-oldrel-osx-x86_64 1.3.0 NOTE

Additional issues

rchk

Check Details

Version: 1.3.0
Check: DESCRIPTION meta-information
Result: NOTE
    Malformed Description field: should contain one or more complete sentences.
Flavors: r-devel-linux-x86_64-debian-clang, r-devel-linux-x86_64-debian-gcc, r-devel-linux-x86_64-fedora-clang, r-devel-linux-x86_64-fedora-gcc, r-devel-windows-ix86+x86_64, r-patched-linux-x86_64, r-patched-solaris-x86, r-release-linux-x86_64, r-release-windows-ix86+x86_64, r-oldrel-windows-ix86+x86_64, r-oldrel-osx-x86_64

Version: 1.3.0
Check: whether package can be installed
Result: ERROR
    Installation failed.
Flavor: r-release-osx-x86_64