CRAN Package Check Results for Package glpkAPI

Last updated on 2014-04-24 17:49:44.

Flavor Version Tinstall Tcheck Ttotal Status Flags
r-devel-linux-x86_64-debian-clang 1.2.10 4.12 23.61 27.73 NOTE
r-devel-linux-x86_64-debian-gcc 1.2.10 4.64 23.86 28.50 NOTE
r-devel-linux-x86_64-fedora-clang 1.2.10 55.15 NOTE
r-devel-linux-x86_64-fedora-gcc 1.2.10 55.68 NOTE
r-devel-osx-x86_64-clang 1.2.10 52.56 NOTE
r-devel-osx-x86_64-gcc 1.2.10 NOTE
r-devel-windows-ix86+x86_64 1.2.10 14.00 47.00 61.00 NOTE
r-patched-linux-x86_64 1.2.10 4.81 23.45 28.26 NOTE
r-patched-solaris-sparc 1.2.10 315.90 NOTE
r-patched-solaris-x86 1.2.10 73.60 NOTE
r-release-linux-ix86 1.2.10 9.00 44.00 53.00 NOTE
r-release-linux-x86_64 1.2.10 4.70 23.46 28.16 NOTE
r-release-osx-x86_64-mavericks 1.2.10 ERROR
r-release-osx-x86_64-snowleopard 1.2.10 OK
r-release-windows-ix86+x86_64 1.2.10 23.00 68.00 91.00 NOTE
r-oldrel-windows-ix86+x86_64 1.2.10 14.00 47.00 61.00 NOTE

Check Details

Version: 1.2.10
Check: dependencies in R code
Result: NOTE
    Package in Depends field not imported from: ‘methods’
     These packages need to be imported from (in the NAMESPACE file)
     for when this namespace is loaded but not attached.
    See the information on DESCRIPTION files in the chapter ‘Creating R
    packages’ of the ‘Writing R Extensions’ manual.
Flavors: r-devel-linux-x86_64-debian-clang, r-devel-linux-x86_64-debian-gcc, r-devel-linux-x86_64-fedora-clang, r-devel-linux-x86_64-fedora-gcc, r-devel-osx-x86_64-clang, r-devel-osx-x86_64-gcc, r-devel-windows-ix86+x86_64, r-patched-linux-x86_64, r-patched-solaris-sparc, r-patched-solaris-x86, r-release-linux-ix86, r-release-linux-x86_64, r-release-windows-ix86+x86_64, r-oldrel-windows-ix86+x86_64

Version: 1.2.10
Check: whether package can be installed
Result: ERROR
    Installation failed.
    See ‘/Builds/CRAN-QA-Simon/packages/mavericks-x86_64/results/3.1/glpkAPI.Rcheck/00install.out’ for details.
Flavor: r-release-osx-x86_64-mavericks