CRAN Package Check Results for Package glrt

Last updated on 2015-09-01 05:48:18.

Flavor Version Tinstall Tcheck Ttotal Status Flags
r-devel-linux-x86_64-debian-clang 2.0 0.76 20.84 21.59 NOTE
r-devel-linux-x86_64-debian-gcc 2.0 0.72 20.50 21.22 NOTE
r-devel-linux-x86_64-fedora-clang 2.0 41.52 NOTE
r-devel-linux-x86_64-fedora-gcc 2.0 39.78 NOTE
r-devel-osx-x86_64-clang 2.0 38.07 NOTE
r-devel-windows-ix86+x86_64 2.0 3.00 53.00 56.00 NOTE
r-patched-linux-x86_64 2.0 0.82 20.56 21.38 NOTE
r-patched-solaris-sparc 2.0 276.70 NOTE
r-patched-solaris-x86 2.0 57.70 NOTE
r-release-linux-x86_64 2.0 0.82 21.46 22.28 NOTE
r-release-osx-x86_64-mavericks 2.0 NOTE
r-release-windows-ix86+x86_64 2.0 4.00 39.00 43.00 NOTE
r-oldrel-windows-ix86+x86_64 2.0 4.00 37.00 41.00 OK

Check Details

Version: 2.0
Check: DESCRIPTION meta-information
Result: NOTE
    Malformed Description field: should contain one or more complete sentences.
Flavors: r-devel-linux-x86_64-debian-clang, r-devel-linux-x86_64-debian-gcc, r-devel-linux-x86_64-fedora-clang, r-devel-linux-x86_64-fedora-gcc, r-devel-osx-x86_64-clang, r-devel-windows-ix86+x86_64, r-patched-linux-x86_64, r-patched-solaris-sparc, r-patched-solaris-x86, r-release-linux-x86_64, r-release-osx-x86_64-mavericks, r-release-windows-ix86+x86_64

Version: 2.0
Check: R code for possible problems
Result: NOTE
    ScoreTest: no visible global function definition for ‘pchisq’
    Var1: no visible global function definition for ‘runif’
    gLRT1: no visible global function definition for ‘pchisq’
    gLRT2: no visible global function definition for ‘pchisq’
    gLRT3: no visible global function definition for ‘pchisq’
    gLRT4: no visible global function definition for ‘pf’
    Undefined global functions or variables:
     pchisq pf runif
    Consider adding
     importFrom("stats", "pchisq", "pf", "runif")
    to your NAMESPACE.
Flavors: r-devel-linux-x86_64-debian-clang, r-devel-linux-x86_64-debian-gcc, r-devel-linux-x86_64-fedora-clang, r-devel-linux-x86_64-fedora-gcc, r-devel-windows-ix86+x86_64