CRAN Package Check Results for Package glrt

Last updated on 2015-03-28 05:49:30.

Flavor Version Tinstall Tcheck Ttotal Status Flags
r-devel-linux-x86_64-debian-clang 2.0 0.82 20.27 21.10 NOTE
r-devel-linux-x86_64-debian-gcc 2.0 1.09 20.36 21.45 NOTE
r-devel-linux-x86_64-fedora-clang 2.0 41.40 NOTE
r-devel-linux-x86_64-fedora-gcc 2.0 38.94 NOTE
r-devel-osx-x86_64-clang 2.0 47.12 NOTE
r-prerel-windows-ix86+x86_64 2.0 4.00 32.00 36.00 NOTE
r-prerel-linux-x86_64 2.0 0.86 19.66 20.52 NOTE
r-prerel-solaris-sparc 2.0 264.40 NOTE
r-prerel-solaris-x86 2.0 52.70 NOTE
r-release-linux-x86_64 2.0 0.87 21.98 22.85 OK
r-release-osx-x86_64-mavericks 2.0 OK
r-release-osx-x86_64-snowleopard 2.0 OK
r-release-windows-ix86+x86_64 2.0 6.00 38.00 44.00 OK

Check Details

Version: 2.0
Check: DESCRIPTION meta-information
Result: NOTE
    Malformed Description field: should contain one or more complete sentences.
Flavors: r-devel-linux-x86_64-debian-clang, r-devel-linux-x86_64-debian-gcc, r-devel-linux-x86_64-fedora-clang, r-devel-linux-x86_64-fedora-gcc, r-devel-osx-x86_64-clang, r-prerel-windows-ix86+x86_64, r-prerel-linux-x86_64, r-prerel-solaris-sparc, r-prerel-solaris-x86