CRAN Package Check Results for Package glrt

Last updated on 2019-05-22 02:51:52 CEST.

Flavor Version Tinstall Tcheck Ttotal Status Flags
r-devel-linux-x86_64-debian-clang 2.0 7.91 66.74 74.65 NOTE
r-devel-linux-x86_64-debian-gcc 2.0 6.86 52.31 59.17 NOTE
r-devel-linux-x86_64-fedora-clang 2.0 89.57 NOTE
r-devel-linux-x86_64-fedora-gcc 2.0 87.82 NOTE
r-devel-windows-ix86+x86_64 2.0 16.00 108.00 124.00 NOTE
r-patched-linux-x86_64 2.0 7.05 65.91 72.96 NOTE
r-patched-solaris-x86 2.0 134.80 NOTE
r-release-linux-x86_64 2.0 8.30 66.59 74.89 NOTE
r-release-windows-ix86+x86_64 2.0 21.00 82.00 103.00 NOTE
r-release-osx-x86_64 2.0 NOTE
r-oldrel-windows-ix86+x86_64 2.0 9.00 73.00 82.00 NOTE
r-oldrel-osx-x86_64 2.0 NOTE

Check Details

Version: 2.0
Check: DESCRIPTION meta-information
Result: NOTE
    Malformed Description field: should contain one or more complete sentences.
Flavors: r-devel-linux-x86_64-debian-clang, r-devel-linux-x86_64-debian-gcc, r-devel-linux-x86_64-fedora-clang, r-devel-linux-x86_64-fedora-gcc, r-devel-windows-ix86+x86_64, r-patched-linux-x86_64, r-patched-solaris-x86, r-release-linux-x86_64, r-release-windows-ix86+x86_64, r-release-osx-x86_64, r-oldrel-windows-ix86+x86_64, r-oldrel-osx-x86_64

Version: 2.0
Check: R code for possible problems
Result: NOTE
    ScoreTest: no visible global function definition for 'pchisq'
    Var1: no visible global function definition for 'runif'
    gLRT1: no visible global function definition for 'pchisq'
    gLRT2: no visible global function definition for 'pchisq'
    gLRT3: no visible global function definition for 'pchisq'
    gLRT4: no visible global function definition for 'pf'
    Undefined global functions or variables:
     pchisq pf runif
    Consider adding
     importFrom("stats", "pchisq", "pf", "runif")
    to your NAMESPACE file.
Flavors: r-devel-linux-x86_64-debian-clang, r-devel-linux-x86_64-debian-gcc, r-devel-linux-x86_64-fedora-clang, r-devel-linux-x86_64-fedora-gcc, r-devel-windows-ix86+x86_64, r-patched-linux-x86_64, r-patched-solaris-x86, r-release-linux-x86_64, r-release-windows-ix86+x86_64, r-release-osx-x86_64, r-oldrel-windows-ix86+x86_64, r-oldrel-osx-x86_64