CRAN Package Check Results for Package glrt

Last updated on 2015-05-22 13:46:51.

Flavor Version Tinstall Tcheck Ttotal Status Flags
r-devel-linux-x86_64-debian-clang 2.0 0.81 20.76 21.57 NOTE
r-devel-linux-x86_64-debian-gcc 2.0 0.78 19.82 20.60 NOTE
r-devel-linux-x86_64-fedora-gcc 2.0 40.33 NOTE
r-devel-osx-x86_64-clang 2.0 44.09 NOTE
r-devel-windows-ix86+x86_64 2.0 6.00 36.00 42.00 NOTE
r-patched-linux-x86_64 2.0 1.17 19.65 20.82 NOTE
r-patched-solaris-sparc 2.0 264.40 NOTE
r-patched-solaris-x86 2.0 52.40 NOTE
r-release-linux-x86_64 2.0 0.81 20.19 21.00 NOTE
r-release-osx-x86_64-mavericks 2.0 NOTE
r-release-osx-x86_64-snowleopard 2.0 NOTE
r-release-windows-ix86+x86_64 2.0 3.00 39.00 42.00 NOTE
r-oldrel-windows-ix86+x86_64 2.0 6.00 38.00 44.00 OK

Check Details

Version: 2.0
Check: DESCRIPTION meta-information
Result: NOTE
    Malformed Description field: should contain one or more complete sentences.
Flavors: r-devel-linux-x86_64-debian-clang, r-devel-linux-x86_64-debian-gcc, r-devel-linux-x86_64-fedora-gcc, r-devel-osx-x86_64-clang, r-devel-windows-ix86+x86_64, r-patched-linux-x86_64, r-patched-solaris-sparc, r-patched-solaris-x86, r-release-linux-x86_64, r-release-osx-x86_64-mavericks, r-release-osx-x86_64-snowleopard, r-release-windows-ix86+x86_64