CRAN Package Check Results for Package glrt

Last updated on 2016-08-31 15:47:58.

Flavor Version Tinstall Tcheck Ttotal Status Flags
r-devel-linux-x86_64-debian-clang 2.0 2.42 37.85 40.27 NOTE
r-devel-linux-x86_64-debian-gcc 2.0 2.47 36.18 38.65 NOTE
r-devel-linux-x86_64-fedora-clang 2.0 85.41 NOTE
r-devel-linux-x86_64-fedora-gcc 2.0 81.76 NOTE
r-devel-osx-x86_64-clang 2.0 67.87 NOTE
r-devel-windows-ix86+x86_64 2.0 10.00 85.00 95.00 NOTE
r-patched-linux-x86_64 2.0 2.75 38.87 41.62 NOTE
r-patched-solaris-sparc 2.0 509.10 NOTE
r-patched-solaris-x86 2.0 95.90 NOTE
r-release-linux-x86_64 2.0 2.35 36.04 38.39 NOTE
r-release-osx-x86_64-mavericks 2.0 NOTE
r-release-windows-ix86+x86_64 2.0 9.00 91.00 100.00 NOTE
r-oldrel-windows-ix86+x86_64 2.0 11.00 88.00 99.00 NOTE

Check Details

Version: 2.0
Check: DESCRIPTION meta-information
Result: NOTE
    Malformed Description field: should contain one or more complete sentences.
Flavors: r-devel-linux-x86_64-debian-clang, r-devel-linux-x86_64-debian-gcc, r-devel-linux-x86_64-fedora-clang, r-devel-linux-x86_64-fedora-gcc, r-devel-osx-x86_64-clang, r-devel-windows-ix86+x86_64, r-patched-linux-x86_64, r-patched-solaris-sparc, r-patched-solaris-x86, r-release-linux-x86_64, r-release-osx-x86_64-mavericks, r-release-windows-ix86+x86_64, r-oldrel-windows-ix86+x86_64

Version: 2.0
Check: R code for possible problems
Result: NOTE
    ScoreTest: no visible global function definition for ‘pchisq’
    Var1: no visible global function definition for ‘runif’
    gLRT1: no visible global function definition for ‘pchisq’
    gLRT2: no visible global function definition for ‘pchisq’
    gLRT3: no visible global function definition for ‘pchisq’
    gLRT4: no visible global function definition for ‘pf’
    Undefined global functions or variables:
     pchisq pf runif
    Consider adding
     importFrom("stats", "pchisq", "pf", "runif")
    to your NAMESPACE file.
Flavors: r-devel-linux-x86_64-debian-clang, r-devel-linux-x86_64-debian-gcc, r-devel-linux-x86_64-fedora-clang, r-devel-linux-x86_64-fedora-gcc, r-devel-osx-x86_64-clang, r-devel-windows-ix86+x86_64, r-patched-linux-x86_64, r-patched-solaris-sparc, r-patched-solaris-x86, r-release-linux-x86_64, r-release-osx-x86_64-mavericks, r-release-windows-ix86+x86_64