CRAN Package Check Results for Package glrt

Last updated on 2016-02-09 21:47:04.

Flavor Version Tinstall Tcheck Ttotal Status Flags
r-devel-linux-x86_64-debian-gcc 2.0 0.76 20.03 20.79 NOTE
r-devel-linux-x86_64-fedora-clang 2.0 40.15 NOTE
r-devel-linux-x86_64-fedora-gcc 2.0 37.92 NOTE
r-devel-osx-x86_64-clang 2.0 45.18 NOTE
r-devel-windows-ix86+x86_64 2.0 5.00 39.00 44.00 NOTE
r-patched-linux-x86_64 2.0 0.86 21.35 22.21 NOTE
r-patched-solaris-sparc 2.0 256.10 NOTE
r-patched-solaris-x86 2.0 51.20 NOTE
r-release-linux-x86_64 2.0 0.96 21.46 22.42 NOTE
r-release-osx-x86_64-mavericks 2.0 NOTE
r-release-windows-ix86+x86_64 2.0 4.00 34.00 38.00 NOTE
r-oldrel-windows-ix86+x86_64 2.0 4.00 37.00 41.00 OK

Check Details

Version: 2.0
Check: DESCRIPTION meta-information
Result: NOTE
    Malformed Description field: should contain one or more complete sentences.
Flavors: r-devel-linux-x86_64-debian-gcc, r-devel-linux-x86_64-fedora-clang, r-devel-linux-x86_64-fedora-gcc, r-devel-osx-x86_64-clang, r-devel-windows-ix86+x86_64, r-patched-linux-x86_64, r-patched-solaris-sparc, r-patched-solaris-x86, r-release-linux-x86_64, r-release-osx-x86_64-mavericks, r-release-windows-ix86+x86_64

Version: 2.0
Check: R code for possible problems
Result: NOTE
    ScoreTest: no visible global function definition for ‘pchisq’
    Var1: no visible global function definition for ‘runif’
    gLRT1: no visible global function definition for ‘pchisq’
    gLRT2: no visible global function definition for ‘pchisq’
    gLRT3: no visible global function definition for ‘pchisq’
    gLRT4: no visible global function definition for ‘pf’
    Undefined global functions or variables:
     pchisq pf runif
    Consider adding
     importFrom("stats", "pchisq", "pf", "runif")
    to your NAMESPACE file.
Flavors: r-devel-linux-x86_64-debian-gcc, r-devel-linux-x86_64-fedora-clang, r-devel-linux-x86_64-fedora-gcc, r-devel-osx-x86_64-clang, r-devel-windows-ix86+x86_64