CRAN Package Check Results for Package glrt

Last updated on 2016-07-23 23:48:04.

Flavor Version Tinstall Tcheck Ttotal Status Flags
r-devel-linux-x86_64-debian-clang 2.0 3.19 46.57 49.76 NOTE
r-devel-linux-x86_64-debian-gcc 2.0 4.06 43.95 48.01 NOTE
r-devel-linux-x86_64-fedora-clang 2.0 85.81 NOTE
r-devel-linux-x86_64-fedora-gcc 2.0 80.81 NOTE
r-devel-osx-x86_64-clang 2.0 67.47 NOTE
r-devel-windows-ix86+x86_64 2.0 10.00 95.00 105.00 NOTE
r-patched-linux-x86_64 2.0 3.90 43.45 47.35 NOTE
r-patched-solaris-sparc 2.0 509.10 NOTE
r-patched-solaris-x86 2.0 105.90 NOTE
r-release-linux-x86_64 2.0 3.95 45.45 49.40 NOTE
r-release-osx-x86_64-mavericks 2.0 NOTE
r-release-windows-ix86+x86_64 2.0 8.00 90.00 98.00 NOTE
r-oldrel-windows-ix86+x86_64 2.0 11.00 71.00 82.00 NOTE

Check Details

Version: 2.0
Check: DESCRIPTION meta-information
Result: NOTE
    Malformed Description field: should contain one or more complete sentences.
Flavors: r-devel-linux-x86_64-debian-clang, r-devel-linux-x86_64-debian-gcc, r-devel-linux-x86_64-fedora-clang, r-devel-linux-x86_64-fedora-gcc, r-devel-osx-x86_64-clang, r-devel-windows-ix86+x86_64, r-patched-linux-x86_64, r-patched-solaris-sparc, r-patched-solaris-x86, r-release-linux-x86_64, r-release-osx-x86_64-mavericks, r-release-windows-ix86+x86_64, r-oldrel-windows-ix86+x86_64

Version: 2.0
Check: R code for possible problems
Result: NOTE
    ScoreTest: no visible global function definition for ‘pchisq’
    Var1: no visible global function definition for ‘runif’
    gLRT1: no visible global function definition for ‘pchisq’
    gLRT2: no visible global function definition for ‘pchisq’
    gLRT3: no visible global function definition for ‘pchisq’
    gLRT4: no visible global function definition for ‘pf’
    Undefined global functions or variables:
     pchisq pf runif
    Consider adding
     importFrom("stats", "pchisq", "pf", "runif")
    to your NAMESPACE file.
Flavors: r-devel-linux-x86_64-debian-clang, r-devel-linux-x86_64-debian-gcc, r-devel-linux-x86_64-fedora-clang, r-devel-linux-x86_64-fedora-gcc, r-devel-osx-x86_64-clang, r-devel-windows-ix86+x86_64, r-patched-linux-x86_64, r-patched-solaris-sparc, r-patched-solaris-x86, r-release-linux-x86_64, r-release-osx-x86_64-mavericks, r-release-windows-ix86+x86_64