CRAN Package Check Results for Package glrt

Last updated on 2016-04-29 09:47:04.

Flavor Version Tinstall Tcheck Ttotal Status Flags
r-devel-linux-x86_64-debian-gcc 2.0 2.86 39.27 42.13 NOTE
r-devel-linux-x86_64-fedora-clang 2.0 82.66 NOTE
r-devel-linux-x86_64-fedora-gcc 2.0 79.61 NOTE
r-devel-osx-x86_64-clang 2.0 86.37 NOTE
r-devel-windows-ix86+x86_64 2.0 7.00 79.00 86.00 NOTE
r-patched-linux-x86_64 2.0 2.84 38.63 41.47 NOTE
r-patched-solaris-sparc 2.0 259.50 NOTE
r-patched-solaris-x86 2.0 108.60 NOTE
r-release-linux-x86_64 2.0 2.79 41.56 44.35 NOTE
r-release-osx-x86_64-mavericks 2.0 NOTE
r-release-windows-ix86+x86_64 2.0 8.00 72.00 80.00 NOTE
r-oldrel-windows-ix86+x86_64 2.0 14.00 71.00 85.00 OK

Check Details

Version: 2.0
Check: DESCRIPTION meta-information
Result: NOTE
    Malformed Description field: should contain one or more complete sentences.
Flavors: r-devel-linux-x86_64-debian-gcc, r-devel-linux-x86_64-fedora-clang, r-devel-linux-x86_64-fedora-gcc, r-devel-osx-x86_64-clang, r-devel-windows-ix86+x86_64, r-patched-linux-x86_64, r-patched-solaris-sparc, r-patched-solaris-x86, r-release-linux-x86_64, r-release-osx-x86_64-mavericks, r-release-windows-ix86+x86_64

Version: 2.0
Check: R code for possible problems
Result: NOTE
    ScoreTest: no visible global function definition for ‘pchisq’
    Var1: no visible global function definition for ‘runif’
    gLRT1: no visible global function definition for ‘pchisq’
    gLRT2: no visible global function definition for ‘pchisq’
    gLRT3: no visible global function definition for ‘pchisq’
    gLRT4: no visible global function definition for ‘pf’
    Undefined global functions or variables:
     pchisq pf runif
    Consider adding
     importFrom("stats", "pchisq", "pf", "runif")
    to your NAMESPACE file.
Flavors: r-devel-linux-x86_64-debian-gcc, r-devel-linux-x86_64-fedora-clang, r-devel-linux-x86_64-fedora-gcc, r-devel-osx-x86_64-clang, r-devel-windows-ix86+x86_64, r-patched-linux-x86_64, r-patched-solaris-sparc, r-patched-solaris-x86