CRAN Package Check Results for Package glrt

Last updated on 2017-04-26 21:47:15.

Flavor Version Tinstall Tcheck Ttotal Status Flags
r-devel-linux-x86_64-debian-clang 2.0 2.47 40.07 42.55 NOTE
r-devel-linux-x86_64-debian-gcc 2.0 2.44 39.08 41.52 NOTE
r-devel-linux-x86_64-fedora-clang 2.0 94.60 NOTE --no-stop-on-test-error
r-devel-linux-x86_64-fedora-gcc 2.0 93.14 NOTE --no-stop-on-test-error
r-devel-windows-ix86+x86_64 2.0 10.00 73.00 83.00 NOTE
r-patched-linux-x86_64 2.0 2.54 40.95 43.49 NOTE
r-patched-solaris-sparc 2.0 543.10 NOTE
r-patched-solaris-x86 2.0 121.50 NOTE
r-release-linux-x86_64 2.0 2.51 39.63 42.15 NOTE
r-release-windows-ix86+x86_64 2.0 10.00 80.00 90.00 NOTE
r-release-osx-x86_64 2.0 NOTE
r-oldrel-windows-ix86+x86_64 2.0 6.00 91.00 97.00 NOTE
r-oldrel-osx-x86_64 2.0 NOTE

Check Details

Version: 2.0
Check: DESCRIPTION meta-information
Result: NOTE
    Malformed Description field: should contain one or more complete sentences.
Flavors: r-devel-linux-x86_64-debian-clang, r-devel-linux-x86_64-debian-gcc, r-devel-windows-ix86+x86_64, r-patched-linux-x86_64, r-patched-solaris-sparc, r-patched-solaris-x86, r-release-linux-x86_64, r-release-windows-ix86+x86_64, r-release-osx-x86_64, r-oldrel-windows-ix86+x86_64, r-oldrel-osx-x86_64

Version: 2.0
Check: R code for possible problems
Result: NOTE
    ScoreTest: no visible global function definition for ‘pchisq’
    Var1: no visible global function definition for ‘runif’
    gLRT1: no visible global function definition for ‘pchisq’
    gLRT2: no visible global function definition for ‘pchisq’
    gLRT3: no visible global function definition for ‘pchisq’
    gLRT4: no visible global function definition for ‘pf’
    Undefined global functions or variables:
     pchisq pf runif
    Consider adding
     importFrom("stats", "pchisq", "pf", "runif")
    to your NAMESPACE file.
Flavors: r-devel-linux-x86_64-debian-clang, r-devel-linux-x86_64-debian-gcc, r-devel-windows-ix86+x86_64, r-patched-linux-x86_64, r-patched-solaris-sparc, r-patched-solaris-x86, r-release-linux-x86_64, r-release-windows-ix86+x86_64, r-release-osx-x86_64, r-oldrel-windows-ix86+x86_64, r-oldrel-osx-x86_64

Version: 2.0
Flags: --no-stop-on-test-error
Check: DESCRIPTION meta-information
Result: NOTE
    Malformed Description field: should contain one or more complete sentences.
Flavors: r-devel-linux-x86_64-fedora-clang, r-devel-linux-x86_64-fedora-gcc

Version: 2.0
Flags: --no-stop-on-test-error
Check: R code for possible problems
Result: NOTE
    ScoreTest: no visible global function definition for ‘pchisq’
    Var1: no visible global function definition for ‘runif’
    gLRT1: no visible global function definition for ‘pchisq’
    gLRT2: no visible global function definition for ‘pchisq’
    gLRT3: no visible global function definition for ‘pchisq’
    gLRT4: no visible global function definition for ‘pf’
    Undefined global functions or variables:
     pchisq pf runif
    Consider adding
     importFrom("stats", "pchisq", "pf", "runif")
    to your NAMESPACE file.
Flavors: r-devel-linux-x86_64-fedora-clang, r-devel-linux-x86_64-fedora-gcc