CRAN Package Check Results for Package gmediation

Last updated on 2019-07-19 03:46:50 CEST.

Flavor Version Tinstall Tcheck Ttotal Status Flags
r-devel-linux-x86_64-debian-clang 0.1.1 4.35 36.21 40.56 NOTE
r-devel-linux-x86_64-debian-gcc 0.1.1 3.20 28.56 31.76 NOTE
r-devel-linux-x86_64-fedora-clang 0.1.1 48.81 OK
r-devel-linux-x86_64-fedora-gcc 0.1.1 55.67 OK
r-devel-windows-ix86+x86_64 0.1.1 10.00 70.00 80.00 NOTE
r-patched-linux-x86_64 0.1.1 3.42 35.93 39.35 OK
r-patched-solaris-x86 0.1.1 71.60 OK
r-release-linux-x86_64 0.1.1 4.62 35.72 40.34 OK
r-release-windows-ix86+x86_64 0.1.1 6.00 48.00 54.00 OK
r-release-osx-x86_64 0.1.1 OK
r-oldrel-windows-ix86+x86_64 0.1.1 4.00 68.00 72.00 OK
r-oldrel-osx-x86_64 0.1.1 OK

Check Details

Version: 0.1.1
Check: package vignettes
Result: NOTE
    Package vignette with placeholder title 'Vignette Title':
     'gmediate.Rmd'
Flavors: r-devel-linux-x86_64-debian-clang, r-devel-linux-x86_64-debian-gcc, r-devel-windows-ix86+x86_64