CRAN Package Check Results for Package gmm

Last updated on 2014-09-17 21:46:35.

Flavor Version Tinstall Tcheck Ttotal Status Flags
r-devel-linux-x86_64-debian-clang 1.5-0 1.14 61.41 62.55 NOTE
r-devel-linux-x86_64-debian-gcc 1.5-0 1.04 61.05 62.10 NOTE
r-devel-linux-x86_64-fedora-clang 1.5-0 134.97 NOTE
r-devel-linux-x86_64-fedora-gcc 1.5-0 126.09 NOTE
r-devel-osx-x86_64-clang 1.5-0 110.85 NOTE
r-devel-windows-ix86+x86_64 1.5-0 4.00 99.00 103.00 NOTE
r-patched-linux-x86_64 1.5-0 1.10 61.80 62.90 OK
r-patched-solaris-sparc 1.5-0 811.80 OK
r-patched-solaris-x86 1.5-0 158.40 OK
r-release-linux-ix86 1.5-0 1.64 93.88 95.52 OK
r-release-linux-x86_64 1.5-0 1.11 64.24 65.35 OK
r-release-osx-x86_64-mavericks 1.5-0 NOTE
r-release-osx-x86_64-snowleopard 1.5-0 NOTE
r-release-windows-ix86+x86_64 1.5-0 4.00 102.00 106.00 OK
r-oldrel-windows-ix86+x86_64 1.5-0 4.00 95.00 99.00 OK

Check Details

Version: 1.5-0
Check: R code for possible problems
Result: NOTE
    .BigCov: no visible binding for global variable ‘kernHAC’
    .myKernHAC: no visible binding for global variable ‘weightsAndrews’
    .myKernHAC: no visible binding for global variable ‘vcovHAC’
    gel: no visible binding for global variable ‘bwAndrews’
    gel: no visible binding for global variable ‘weightsAndrews’
    gmm: no visible binding for global variable ‘bwAndrews’
    smoothG: no visible binding for global variable ‘bwAndrews’
    smoothG: no visible binding for global variable ‘weightsAndrews’
    vcov.tsls: no visible global function definition for ‘meatHC’
    vcov.tsls: no visible binding for global variable ‘kernHAC’
Flavors: r-devel-linux-x86_64-debian-clang, r-devel-linux-x86_64-debian-gcc, r-devel-linux-x86_64-fedora-clang, r-devel-linux-x86_64-fedora-gcc, r-devel-osx-x86_64-clang, r-devel-windows-ix86+x86_64

Version: 1.5-0
Check: re-building of vignette outputs
Result: NOTE
    Error in re-building vignettes:
     ...
    Loading required package: sandwich
    Warning in nlminb(P$t0, .obj1, x = P$x, w = w, gf = P$g, ...) :
     NA/NaN function evaluation
    Error in texi2dvi(file = file, pdf = TRUE, clean = clean, quiet = quiet, :
     Running 'texi2dvi' on 'gmm_with_R.tex' failed.
    LaTeX errors:
    ! LaTeX Error: File `srcltx.sty' not found.
    
    Type X to quit or <RETURN> to proceed,
    or enter new name. (Default extension: sty)
    
    t/gmm/vignettes/gmm_with_R.tex:9: ==> Fatal error occurred, no output PDF file
     produced!
    Calls: buildVignettes -> texi2pdf -> texi2dvi
    Execution halted
Flavor: r-release-osx-x86_64-mavericks

Version: 1.5-0
Check: re-building of vignette outputs
Result: NOTE
    Error in re-building vignettes:
     ...
    Loading required package: sandwich
    Warning in nlminb(P$t0, .obj1, x = P$x, w = w, gf = P$g, ...) :
     NA/NaN function evaluation
    Error in texi2dvi(file = file, pdf = TRUE, clean = clean, quiet = quiet, :
     Running 'texi2dvi' on 'gmm_with_R.tex' failed.
    LaTeX errors:
    ! LaTeX Error: File `srcltx.sty' not found.
    
    Type X to quit or <RETURN> to proceed,
    or enter new name. (Default extension: sty)
    
    gmm.Rcheck/vign_test/gmm/vignettes/gmm_with_R.tex:9: ==> Fatal error occurred,
     no output PDF file produced!
    Calls: buildVignettes -> texi2pdf -> texi2dvi
    Execution halted
Flavor: r-release-osx-x86_64-snowleopard