CRAN Package Check Results for Package gmm

Last updated on 2014-10-31 23:47:29.

Flavor Version Tinstall Tcheck Ttotal Status Flags
r-devel-linux-x86_64-debian-clang 1.5-0 1.12 62.62 63.74 NOTE
r-devel-linux-x86_64-debian-gcc 1.5-0 1.64 61.79 63.42 NOTE
r-devel-linux-x86_64-fedora-clang 1.5-0 135.23 NOTE
r-devel-linux-x86_64-fedora-gcc 1.5-0 131.93 NOTE
r-devel-osx-x86_64-clang 1.5-0 117.31 NOTE
r-devel-windows-ix86+x86_64 1.5-0 4.00 101.00 105.00 NOTE
r-patched-linux-x86_64 1.5-0 1.19 63.84 65.03 NOTE
r-patched-solaris-sparc 1.5-0 818.60 NOTE
r-patched-solaris-x86 1.5-0 159.30 NOTE
r-release-linux-ix86 1.5-0 1.60 95.26 96.86 OK
r-release-linux-x86_64 1.5-0 1.11 65.86 66.97 OK
r-release-osx-x86_64-mavericks 1.5-0 NOTE
r-release-osx-x86_64-snowleopard 1.5-0 NOTE
r-release-windows-ix86+x86_64 1.5-0 4.00 97.00 101.00 OK
r-oldrel-windows-ix86+x86_64 1.5-0 4.00 94.00 98.00 OK

Check Details

Version: 1.5-0
Check: R code for possible problems
Result: NOTE
    .BigCov: no visible binding for global variable ‘kernHAC’
    .myKernHAC: no visible binding for global variable ‘weightsAndrews’
    .myKernHAC: no visible binding for global variable ‘vcovHAC’
    gel: no visible binding for global variable ‘bwAndrews’
    gel: no visible binding for global variable ‘weightsAndrews’
    gmm: no visible binding for global variable ‘bwAndrews’
    smoothG: no visible binding for global variable ‘bwAndrews’
    smoothG: no visible binding for global variable ‘weightsAndrews’
    vcov.tsls: no visible global function definition for ‘meatHC’
    vcov.tsls: no visible binding for global variable ‘kernHAC’
Flavors: r-devel-linux-x86_64-debian-clang, r-devel-linux-x86_64-debian-gcc, r-devel-linux-x86_64-fedora-clang, r-devel-linux-x86_64-fedora-gcc, r-devel-osx-x86_64-clang, r-devel-windows-ix86+x86_64, r-patched-linux-x86_64, r-patched-solaris-sparc, r-patched-solaris-x86

Version: 1.5-0
Check: re-building of vignette outputs
Result: NOTE
    Error in re-building vignettes:
     ...
    Loading required package: sandwich
    Warning in nlminb(P$t0, .obj1, x = P$x, w = w, gf = P$g, ...) :
     NA/NaN function evaluation
    Error in texi2dvi(file = file, pdf = TRUE, clean = clean, quiet = quiet, :
     Running 'texi2dvi' on 'gmm_with_R.tex' failed.
    LaTeX errors:
    ! LaTeX Error: File `srcltx.sty' not found.
    
    Type X to quit or <RETURN> to proceed,
    or enter new name. (Default extension: sty)
    
    t/gmm/vignettes/gmm_with_R.tex:9: ==> Fatal error occurred, no output PDF file
     produced!
    Calls: buildVignettes -> texi2pdf -> texi2dvi
    Execution halted
Flavor: r-release-osx-x86_64-mavericks

Version: 1.5-0
Check: re-building of vignette outputs
Result: NOTE
    Error in re-building vignettes:
     ...
    Loading required package: sandwich
    Warning in nlminb(P$t0, .obj1, x = P$x, w = w, gf = P$g, ...) :
     NA/NaN function evaluation
    Error in texi2dvi(file = file, pdf = TRUE, clean = clean, quiet = quiet, :
     Running 'texi2dvi' on 'gmm_with_R.tex' failed.
    LaTeX errors:
    ! LaTeX Error: File `srcltx.sty' not found.
    
    Type X to quit or <RETURN> to proceed,
    or enter new name. (Default extension: sty)
    
    gmm.Rcheck/vign_test/gmm/vignettes/gmm_with_R.tex:9: ==> Fatal error occurred,
     no output PDF file produced!
    Calls: buildVignettes -> texi2pdf -> texi2dvi
    Execution halted
Flavor: r-release-osx-x86_64-snowleopard