CRAN Package Check Results for Package gmm

Last updated on 2017-04-29 15:47:59.

Flavor Version Tinstall Tcheck Ttotal Status Flags
r-devel-linux-x86_64-debian-clang 1.5-2 1.22 55.26 56.47 NOTE
r-devel-linux-x86_64-debian-gcc 1.5-2 1.24 51.56 52.80 NOTE
r-devel-linux-x86_64-fedora-clang 1.5-2 101.45 NOTE --no-stop-on-test-error
r-devel-linux-x86_64-fedora-gcc 1.5-2 97.98 NOTE --no-stop-on-test-error
r-devel-windows-ix86+x86_64 1.5-2 7.00 121.00 128.00 NOTE
r-patched-linux-x86_64 1.5-2 1.25 52.78 54.03 NOTE
r-patched-solaris-sparc 1.5-2 615.40 NOTE
r-patched-solaris-x86 1.5-2 124.50 NOTE
r-release-linux-x86_64 1.5-2 1.14 52.74 53.88 NOTE
r-release-windows-ix86+x86_64 1.5-2 6.00 130.00 136.00 NOTE
r-release-osx-x86_64 1.5-2 NOTE
r-oldrel-windows-ix86+x86_64 1.5-2 6.00 113.00 119.00 NOTE
r-oldrel-osx-x86_64 1.5-2 NOTE

Check Details

Version: 1.5-2
Check: R code for possible problems
Result: NOTE
    estfun.gmmFct: no visible global function definition for ‘is’
    getModel.baseGel: no visible global function definition for ‘is’
    getModel.baseGmm: no visible global function definition for ‘is’
    getModel.constGmm: no visible global function definition for ‘is’
    plot.gel: no visible binding for global variable ‘panel.smooth’
    plot.gel: no visible binding for global variable ‘points’
    plot.gel: no visible global function definition for ‘par’
    plot.gel: no visible global function definition for ‘dev.interactive’
    plot.gel: no visible global function definition for ‘plot’
    plot.gmm: no visible binding for global variable ‘panel.smooth’
    plot.gmm: no visible binding for global variable ‘points’
    plot.gmm: no visible global function definition for ‘par’
    plot.gmm: no visible global function definition for ‘dev.interactive’
    plot.gmm: no visible global function definition for ‘devAskNewPage’
    plot.gmm: no visible global function definition for ‘extendrange’
    plot.gmm: no visible global function definition for ‘plot’
    plot.gmm: no visible global function definition for ‘abline’
    plot.gmm: no visible global function definition for ‘lines’
    plot.gmm: no visible global function definition for ‘legend’
    Undefined global functions or variables:
     abline dev.interactive devAskNewPage extendrange is legend lines
     panel.smooth par plot points
    Consider adding
     importFrom("grDevices", "dev.interactive", "devAskNewPage",
     "extendrange")
     importFrom("graphics", "abline", "legend", "lines", "panel.smooth",
     "par", "plot", "points")
     importFrom("methods", "is")
    to your NAMESPACE file (and ensure that your DESCRIPTION Imports field
    contains 'methods').
Flavors: r-devel-linux-x86_64-debian-clang, r-devel-linux-x86_64-debian-gcc, r-devel-windows-ix86+x86_64, r-patched-linux-x86_64, r-patched-solaris-sparc, r-patched-solaris-x86, r-release-linux-x86_64, r-release-windows-ix86+x86_64, r-release-osx-x86_64, r-oldrel-windows-ix86+x86_64, r-oldrel-osx-x86_64

Version: 1.5-2
Flags: --no-stop-on-test-error
Check: R code for possible problems
Result: NOTE
    estfun.gmmFct: no visible global function definition for ‘is’
    getModel.baseGel: no visible global function definition for ‘is’
    getModel.baseGmm: no visible global function definition for ‘is’
    getModel.constGmm: no visible global function definition for ‘is’
    plot.gel: no visible binding for global variable ‘panel.smooth’
    plot.gel: no visible binding for global variable ‘points’
    plot.gel: no visible global function definition for ‘par’
    plot.gel: no visible global function definition for ‘dev.interactive’
    plot.gel: no visible global function definition for ‘plot’
    plot.gmm: no visible binding for global variable ‘panel.smooth’
    plot.gmm: no visible binding for global variable ‘points’
    plot.gmm: no visible global function definition for ‘par’
    plot.gmm: no visible global function definition for ‘dev.interactive’
    plot.gmm: no visible global function definition for ‘devAskNewPage’
    plot.gmm: no visible global function definition for ‘extendrange’
    plot.gmm: no visible global function definition for ‘plot’
    plot.gmm: no visible global function definition for ‘abline’
    plot.gmm: no visible global function definition for ‘lines’
    plot.gmm: no visible global function definition for ‘legend’
    Undefined global functions or variables:
     abline dev.interactive devAskNewPage extendrange is legend lines
     panel.smooth par plot points
    Consider adding
     importFrom("grDevices", "dev.interactive", "devAskNewPage",
     "extendrange")
     importFrom("graphics", "abline", "legend", "lines", "panel.smooth",
     "par", "plot", "points")
     importFrom("methods", "is")
    to your NAMESPACE file (and ensure that your DESCRIPTION Imports field
    contains 'methods').
Flavors: r-devel-linux-x86_64-fedora-clang, r-devel-linux-x86_64-fedora-gcc

Version: 1.5-2
Check: re-building of vignette outputs
Result: NOTE
    Error in re-building vignettes:
     ...
    Loading required package: sandwich
    Warning in nlminb(P$t0, .obj1, x = P$x, w = w, gf = P$g, ...) :
     NA/NaN function evaluation
    Error in texi2dvi(file = file, pdf = TRUE, clean = clean, quiet = quiet, :
     Running 'texi2dvi' on 'gmm_with_R.tex' failed.
    LaTeX errors:
    ! LaTeX Error: File `srcltx.sty' not found.
    
    Type X to quit or <RETURN> to proceed,
    or enter new name. (Default extension: sty)
    
    ! Emergency stop.
    <read *>
    
    l.9 \usepackage
     {amsmath}^^M
    ! ==> Fatal error occurred, no output PDF file produced!
    Calls: buildVignettes -> texi2pdf -> texi2dvi
    Execution halted
Flavor: r-release-osx-x86_64