CRAN Package Check Results for Package gmm

Last updated on 2017-08-23 01:46:21.

Flavor Version Tinstall Tcheck Ttotal Status Flags
r-devel-linux-x86_64-debian-clang 1.6-1 1.37 64.39 65.76 OK
r-devel-linux-x86_64-debian-gcc 1.6-1 1.51 60.34 61.84 OK
r-devel-linux-x86_64-fedora-clang 1.6-1 120.64 OK
r-devel-linux-x86_64-fedora-gcc 1.6-1 114.96 OK
r-devel-windows-ix86+x86_64 1.6-1 4.00 99.00 103.00 OK
r-patched-linux-x86_64 1.6-1 1.37 61.06 62.42 OK
r-patched-solaris-x86 1.6-1 148.40 OK
r-release-linux-x86_64 1.6-1 1.37 60.44 61.81 OK
r-release-windows-ix86+x86_64 1.6-1 3.00 138.00 141.00 OK
r-release-osx-x86_64 1.6-1 NOTE
r-oldrel-windows-ix86+x86_64 1.6-1 3.00 98.00 101.00 OK
r-oldrel-osx-x86_64 1.6-1 OK

Check Details

Version: 1.6-1
Check: re-building of vignette outputs
Result: NOTE
    Error in re-building vignettes:
     ...
    Loading required package: sandwich
    Warning in nlminb(P$t0, .obj1, x = x, w = w, ...) :
     NA/NaN function evaluation
    Warning in nlminb(P$t0, .obj1, x = x, w = w, ...) :
     NA/NaN function evaluation
    Warning: The provided gradv is not used when smooth=TRUE
    Error in texi2dvi(file = file, pdf = TRUE, clean = clean, quiet = quiet, :
     Running 'texi2dvi' on 'gmm_with_R.tex' failed.
    LaTeX errors:
    ! LaTeX Error: File `srcltx.sty' not found.
    
    Type X to quit or <RETURN> to proceed,
    or enter new name. (Default extension: sty)
    
    ! Emergency stop.
    <read *>
    
    l.9 \usepackage
     {amsmath}^^M
    ! ==> Fatal error occurred, no output PDF file produced!
    Calls: buildVignettes -> texi2pdf -> texi2dvi
    Execution halted
Flavor: r-release-osx-x86_64