CRAN Package Check Results for Package gmm

Last updated on 2015-08-29 00:48:12.

Flavor Version Tinstall Tcheck Ttotal Status Flags
r-devel-linux-x86_64-debian-clang 1.5-2 1.02 61.33 62.35 NOTE
r-devel-linux-x86_64-debian-gcc 1.5-2 0.99 61.21 62.20 NOTE
r-devel-linux-x86_64-fedora-clang 1.5-2 120.16 NOTE
r-devel-linux-x86_64-fedora-gcc 1.5-2 124.52 NOTE
r-devel-osx-x86_64-clang 1.5-2 106.59 OK
r-devel-windows-ix86+x86_64 1.5-2 7.00 117.00 124.00 NOTE
r-patched-linux-x86_64 1.5-2 1.09 66.00 67.10 OK
r-patched-solaris-sparc 1.5-2 833.50 OK
r-patched-solaris-x86 1.5-2 167.10 OK
r-release-linux-x86_64 1.5-2 1.06 62.88 63.94 OK
r-release-osx-x86_64-mavericks 1.5-2 OK
r-release-windows-ix86+x86_64 1.5-2 5.00 113.00 118.00 OK
r-oldrel-windows-ix86+x86_64 1.5-2 6.00 134.00 140.00 OK

Check Details

Version: 1.5-2
Check: R code for possible problems
Result: NOTE
    estfun.gmmFct: no visible global function definition for ‘is’
    getModel.baseGel: no visible global function definition for ‘is’
    getModel.baseGmm: no visible global function definition for ‘is’
    getModel.constGmm: no visible global function definition for ‘is’
    plot.gel: no visible binding for global variable ‘panel.smooth’
    plot.gel: no visible binding for global variable ‘points’
    plot.gel: no visible global function definition for ‘par’
    plot.gel: no visible global function definition for ‘dev.interactive’
    plot.gel: no visible global function definition for ‘plot’
    plot.gmm: no visible binding for global variable ‘panel.smooth’
    plot.gmm: no visible binding for global variable ‘points’
    plot.gmm: no visible global function definition for ‘par’
    plot.gmm: no visible global function definition for ‘dev.interactive’
    plot.gmm: no visible global function definition for ‘devAskNewPage’
    plot.gmm: no visible global function definition for ‘extendrange’
    plot.gmm: no visible global function definition for ‘plot’
    plot.gmm: no visible global function definition for ‘abline’
    plot.gmm: no visible global function definition for ‘lines’
    plot.gmm: no visible global function definition for ‘legend’
    Undefined global functions or variables:
     abline dev.interactive devAskNewPage extendrange is legend lines
     panel.smooth par plot points
    Consider adding
     importFrom("grDevices", "dev.interactive", "devAskNewPage",
     "extendrange")
     importFrom("graphics", "abline", "legend", "lines", "panel.smooth",
     "par", "plot", "points")
     importFrom("methods", "is")
    to your NAMESPACE (and ensure that your DESCRIPTION Imports field
    contains 'methods').
Flavors: r-devel-linux-x86_64-debian-clang, r-devel-linux-x86_64-debian-gcc, r-devel-linux-x86_64-fedora-clang, r-devel-linux-x86_64-fedora-gcc, r-devel-windows-ix86+x86_64