CRAN Package Check Results for Package gmm

Last updated on 2017-12-13 20:48:35 CET.

Flavor Version Tinstall Tcheck Ttotal Status Flags
r-devel-linux-x86_64-debian-clang 1.6-1 1.43 90.44 91.87 OK
r-devel-linux-x86_64-debian-gcc 1.6-1 1.51 71.94 73.45 OK
r-devel-linux-x86_64-fedora-clang 1.6-1 105.19 OK
r-devel-linux-x86_64-fedora-gcc 1.6-1 107.96 OK
r-devel-windows-ix86+x86_64 1.6-1 6.00 141.00 147.00 OK
r-patched-linux-x86_64 1.6-1 1.82 100.35 102.17 OK
r-patched-solaris-x86 1.6-1 144.50 OK
r-release-linux-x86_64 1.6-1 1.54 99.95 101.49 OK
r-release-windows-ix86+x86_64 1.6-1 4.00 106.00 110.00 OK
r-release-osx-x86_64 1.6-1 NOTE
r-oldrel-windows-ix86+x86_64 1.6-1 7.00 121.00 128.00 OK
r-oldrel-osx-x86_64 1.6-1 OK

Check Details

Version: 1.6-1
Check: re-building of vignette outputs
Result: NOTE
    Error in re-building vignettes:
     ...
    Loading required package: sandwich
    Warning in nlminb(P$t0, .obj1, x = x, w = w, ...) :
     NA/NaN function evaluation
    Warning in nlminb(P$t0, .obj1, x = x, w = w, ...) :
     NA/NaN function evaluation
    Warning: The provided gradv is not used when smooth=TRUE
    Error in texi2dvi(file = file, pdf = TRUE, clean = clean, quiet = quiet, :
     Running 'texi2dvi' on 'gmm_with_R.tex' failed.
    LaTeX errors:
    ! LaTeX Error: File `srcltx.sty' not found.
    
    Type X to quit or <RETURN> to proceed,
    or enter new name. (Default extension: sty)
    
    ! Emergency stop.
    <read *>
    
    l.9 \usepackage
     {amsmath}^^M
    ! ==> Fatal error occurred, no output PDF file produced!
    Calls: buildVignettes -> texi2pdf -> texi2dvi
    Execution halted
Flavor: r-release-osx-x86_64