CRAN Package Check Results for Package gmm

Last updated on 2015-07-03 23:47:34.

Flavor Version Tinstall Tcheck Ttotal Status Flags
r-devel-linux-x86_64-debian-clang 1.5-2 1.12 64.68 65.80 NOTE
r-devel-linux-x86_64-debian-gcc 1.5-2 1.03 61.72 62.75 NOTE
r-devel-linux-x86_64-fedora-clang 1.5-2 123.84 NOTE
r-devel-linux-x86_64-fedora-gcc 1.5-2 122.10 NOTE
r-devel-osx-x86_64-clang 1.5-2 116.85 OK
r-devel-windows-ix86+x86_64 1.5-2 5.00 104.00 109.00 NOTE
r-patched-linux-x86_64 1.5-2 1.34 63.37 64.71 OK
r-patched-solaris-sparc 1.5-2 845.50 OK
r-patched-solaris-x86 1.5-2 165.40 OK
r-release-linux-x86_64 1.5-2 1.07 65.08 66.15 OK
r-release-osx-x86_64-mavericks 1.5-2 OK
r-release-windows-ix86+x86_64 1.5-2 6.00 110.00 116.00 OK
r-oldrel-windows-ix86+x86_64 1.5-2 5.00 112.00 117.00 OK

Check Details

Version: 1.5-2
Check: R code for possible problems
Result: NOTE
    estfun.gmmFct: no visible global function definition for ‘is’
    getModel.baseGel: no visible global function definition for ‘is’
    getModel.baseGmm: no visible global function definition for ‘is’
    getModel.constGmm: no visible global function definition for ‘is’
    plot.gel: no visible binding for global variable ‘panel.smooth’
    plot.gel: no visible binding for global variable ‘points’
    plot.gel: no visible global function definition for ‘par’
    plot.gel: no visible global function definition for ‘dev.interactive’
    plot.gel: no visible global function definition for ‘plot’
    plot.gmm: no visible binding for global variable ‘panel.smooth’
    plot.gmm: no visible binding for global variable ‘points’
    plot.gmm: no visible global function definition for ‘par’
    plot.gmm: no visible global function definition for ‘dev.interactive’
    plot.gmm: no visible global function definition for ‘devAskNewPage’
    plot.gmm: no visible global function definition for ‘extendrange’
    plot.gmm: no visible global function definition for ‘plot’
    plot.gmm: no visible global function definition for ‘abline’
    plot.gmm: no visible global function definition for ‘lines’
    plot.gmm: no visible global function definition for ‘legend’
    Undefined global functions or variables:
     abline dev.interactive devAskNewPage extendrange is legend lines
     panel.smooth par plot points
Flavors: r-devel-linux-x86_64-debian-clang, r-devel-linux-x86_64-debian-gcc, r-devel-linux-x86_64-fedora-clang, r-devel-linux-x86_64-fedora-gcc, r-devel-windows-ix86+x86_64