CRAN Package Check Results for Package gmm

Last updated on 2017-06-25 10:47:04.

Flavor Version Tinstall Tcheck Ttotal Status Flags
r-devel-linux-x86_64-debian-clang 1.6-1 1.33 63.21 64.54 OK
r-devel-linux-x86_64-debian-gcc 1.6-1 1.37 64.75 66.13 OK
r-devel-linux-x86_64-fedora-clang 1.6-1 119.73 OK
r-devel-linux-x86_64-fedora-gcc 1.6-1 116.55 OK
r-devel-windows-ix86+x86_64 1.6-1 5.00 137.00 142.00 OK
r-patched-linux-x86_64 1.6-1 1.46 60.32 61.78 OK
r-patched-solaris-sparc 1.6-1 708.60 OK
r-patched-solaris-x86 1.6-1 142.00 OK
r-release-linux-x86_64 1.6-1 1.36 61.50 62.86 OK
r-release-windows-ix86+x86_64 1.6-1 8.00 141.00 149.00 OK
r-release-osx-x86_64 1.6-1 NOTE
r-oldrel-windows-ix86+x86_64 1.6-1 8.00 125.00 133.00 OK
r-oldrel-osx-x86_64 1.6-1 OK

Check Details

Version: 1.6-1
Check: re-building of vignette outputs
Result: NOTE
    Error in re-building vignettes:
     ...
    Loading required package: sandwich
    Warning in nlminb(P$t0, .obj1, x = x, w = w, ...) :
     NA/NaN function evaluation
    Warning in nlminb(P$t0, .obj1, x = x, w = w, ...) :
     NA/NaN function evaluation
    Warning: The provided gradv is not used when smooth=TRUE
    Error in texi2dvi(file = file, pdf = TRUE, clean = clean, quiet = quiet, :
     Running 'texi2dvi' on 'gmm_with_R.tex' failed.
    LaTeX errors:
    ! LaTeX Error: File `srcltx.sty' not found.
    
    Type X to quit or <RETURN> to proceed,
    or enter new name. (Default extension: sty)
    
    ! Emergency stop.
    <read *>
    
    l.9 \usepackage
     {amsmath}^^M
    ! ==> Fatal error occurred, no output PDF file produced!
    Calls: buildVignettes -> texi2pdf -> texi2dvi
    Execution halted
Flavor: r-release-osx-x86_64