CRAN Package Check Results for Package gmm

Last updated on 2015-05-28 23:47:27.

Flavor Version Tinstall Tcheck Ttotal Status Flags
r-devel-linux-x86_64-debian-clang 1.5-2 1.07 63.36 64.42 OK
r-devel-linux-x86_64-debian-gcc 1.5-2 1.04 64.63 65.67 OK
r-devel-linux-x86_64-fedora-clang 1.5-2 128.79 OK
r-devel-linux-x86_64-fedora-gcc 1.5-2 124.93 OK
r-devel-osx-x86_64-clang 1.5-2 114.73 OK
r-devel-windows-ix86+x86_64 1.5-2 4.00 106.00 110.00 OK
r-patched-linux-x86_64 1.5-2 1.01 62.51 63.52 OK
r-patched-solaris-sparc 1.5-2 845.50 OK
r-patched-solaris-x86 1.5-2 164.40 OK
r-release-linux-x86_64 1.5-2 1.04 64.05 65.09 OK
r-release-osx-x86_64-mavericks 1.5-2 OK
r-release-osx-x86_64-snowleopard 1.5-2 ERROR
r-release-windows-ix86+x86_64 1.5-2 4.00 100.00 104.00 OK
r-oldrel-windows-ix86+x86_64 1.5-2 4.00 98.00 102.00 OK

Check Details

Version: 1.5-2
Check: package dependencies
Result: ERROR
    Package required but not available: ‘sandwich’
    
    Package suggested but not available for checking: ‘car’
    
    See section ‘The DESCRIPTION file’ in the ‘Writing R Extensions’
    manual.
Flavor: r-release-osx-x86_64-snowleopard