CRAN Package Check Results for Package gmnl

Last updated on 2020-07-12 13:46:58 CEST.

Flavor Version Tinstall Tcheck Ttotal Status Flags
r-devel-linux-x86_64-debian-clang 1.1-3.2 13.58 93.14 106.72 OK
r-devel-linux-x86_64-debian-gcc 1.1-3.2 10.21 69.43 79.64 OK
r-devel-linux-x86_64-fedora-clang 1.1-3.2 136.82 NOTE
r-devel-linux-x86_64-fedora-gcc 1.1-3.2 123.70 OK
r-devel-windows-ix86+x86_64 1.1-3.2 26.00 103.00 129.00 OK
r-patched-linux-x86_64 1.1-3.2 11.73 89.57 101.30 OK
r-patched-solaris-x86 1.1-3.2 183.80 OK
r-release-linux-x86_64 1.1-3.2 11.96 89.98 101.94 OK
r-release-macos-x86_64 1.1-3.2 OK
r-release-windows-ix86+x86_64 1.1-3.2 35.00 153.00 188.00 OK
r-oldrel-macos-x86_64 1.1-3.2 OK
r-oldrel-windows-ix86+x86_64 1.1-3.2 33.00 96.00 129.00 OK

Check Details

Version: 1.1-3.2
Check: Rd cross-references
Result: NOTE
    Undeclared package ‘sandwich’ in Rd xrefs
Flavor: r-devel-linux-x86_64-fedora-clang