CRAN Package Check Results for Package gmodels

Last updated on 2015-04-26 12:46:30.

Flavor Version Tinstall Tcheck Ttotal Status Flags
r-devel-linux-x86_64-debian-clang 2.15.4.1 0.74 14.58 15.32 NOTE
r-devel-linux-x86_64-debian-gcc 2.15.4.1 0.70 14.14 14.84 NOTE
r-devel-linux-x86_64-fedora-clang 2.15.4.1 29.04 NOTE
r-devel-linux-x86_64-fedora-gcc 2.15.4.1 27.80 NOTE
r-devel-osx-x86_64-clang 2.15.4.1 30.24 NOTE
r-devel-windows-ix86+x86_64 2.15.4.1 3.00 24.00 27.00 NOTE
r-patched-linux-x86_64 2.15.4.1 0.65 14.17 14.82 NOTE
r-patched-solaris-sparc 2.15.4.1 170.20 NOTE
r-patched-solaris-x86 2.15.4.1 40.00 NOTE
r-release-linux-x86_64 2.15.4.1 0.68 14.29 14.97 NOTE
r-release-osx-x86_64-mavericks 2.15.4.1 NOTE
r-release-osx-x86_64-snowleopard 2.15.4.1 NOTE
r-release-windows-ix86+x86_64 2.15.4.1 3.00 23.00 26.00 NOTE
r-oldrel-windows-ix86+x86_64 2.15.4.1 3.00 27.00 30.00 NOTE

Check Details

Version: 2.15.4.1
Check: DESCRIPTION meta-information
Result: NOTE
    Malformed Description field: should contain one or more complete sentences.
Flavors: r-devel-linux-x86_64-fedora-clang, r-devel-linux-x86_64-fedora-gcc, r-devel-osx-x86_64-clang, r-devel-windows-ix86+x86_64, r-patched-solaris-sparc, r-patched-solaris-x86, r-release-osx-x86_64-mavericks, r-release-windows-ix86+x86_64

Version: 2.15.4.1
Check: dependencies in R code
Result: NOTE
    'library' or 'require' calls in package code:
     ‘lme4’ ‘nlme’
     Please use :: or requireNamespace() instead.
     See section 'Suggested packages' in the 'Writing R Extensions' manual.
    Unexported object imported by a ':::' call: ‘lme4:::mcmcsamp’
     See the note in ?`:::` about the use of this operator.
Flavors: r-devel-linux-x86_64-fedora-clang, r-devel-linux-x86_64-fedora-gcc, r-devel-osx-x86_64-clang, r-devel-windows-ix86+x86_64, r-patched-solaris-sparc, r-patched-solaris-x86, r-release-osx-x86_64-mavericks, r-release-windows-ix86+x86_64, r-oldrel-windows-ix86+x86_64

Version: 2.15.4.1
Check: R code for possible problems
Result: NOTE
    .to.est: no visible global function definition for ‘fixef’
    estimable.mer: no visible global function definition for ‘fixef’
    fit.contrast.mer: no visible global function definition for ‘fixef’
Flavors: r-devel-linux-x86_64-fedora-clang, r-devel-linux-x86_64-fedora-gcc, r-devel-osx-x86_64-clang, r-devel-windows-ix86+x86_64, r-patched-solaris-sparc, r-patched-solaris-x86, r-release-osx-x86_64-mavericks, r-release-windows-ix86+x86_64, r-oldrel-windows-ix86+x86_64