CRAN Package Check Results for Package gmodels

Last updated on 2015-07-05 22:47:28.

Flavor Version Tinstall Tcheck Ttotal Status Flags
r-devel-linux-x86_64-debian-clang 2.15.4.1 0.64 14.99 15.63 NOTE
r-devel-linux-x86_64-debian-gcc 2.15.4.1 0.60 14.60 15.20 NOTE
r-devel-linux-x86_64-fedora-clang 2.15.4.1 27.00 NOTE
r-devel-linux-x86_64-fedora-gcc 2.15.4.1 26.70 NOTE
r-devel-osx-x86_64-clang 2.15.4.1 26.92 NOTE
r-devel-windows-ix86+x86_64 2.15.4.1 5.00 24.00 29.00 NOTE
r-patched-linux-x86_64 2.15.4.1 0.64 14.10 14.74 NOTE
r-patched-solaris-sparc 2.15.4.1 187.30 NOTE
r-patched-solaris-x86 2.15.4.1 40.10 NOTE
r-release-linux-x86_64 2.15.4.1 0.67 14.56 15.22 NOTE
r-release-osx-x86_64-mavericks 2.15.4.1 NOTE
r-release-windows-ix86+x86_64 2.15.4.1 4.00 25.00 29.00 NOTE
r-oldrel-windows-ix86+x86_64 2.15.4.1 6.00 31.00 37.00 NOTE

Check Details

Version: 2.15.4.1
Check: DESCRIPTION meta-information
Result: NOTE
    Malformed Description field: should contain one or more complete sentences.
Flavors: r-devel-linux-x86_64-debian-clang, r-devel-linux-x86_64-debian-gcc, r-devel-linux-x86_64-fedora-clang, r-devel-linux-x86_64-fedora-gcc, r-devel-osx-x86_64-clang, r-devel-windows-ix86+x86_64, r-patched-linux-x86_64, r-patched-solaris-sparc, r-patched-solaris-x86, r-release-linux-x86_64, r-release-osx-x86_64-mavericks, r-release-windows-ix86+x86_64

Version: 2.15.4.1
Check: dependencies in R code
Result: NOTE
    'library' or 'require' calls in package code:
     ‘lme4’ ‘nlme’
     Please use :: or requireNamespace() instead.
     See section 'Suggested packages' in the 'Writing R Extensions' manual.
    Unexported object imported by a ':::' call: ‘lme4:::mcmcsamp’
     See the note in ?`:::` about the use of this operator.
Flavors: r-devel-linux-x86_64-debian-clang, r-devel-linux-x86_64-debian-gcc, r-devel-linux-x86_64-fedora-clang, r-devel-linux-x86_64-fedora-gcc, r-devel-osx-x86_64-clang, r-devel-windows-ix86+x86_64, r-patched-linux-x86_64, r-patched-solaris-sparc, r-patched-solaris-x86, r-release-linux-x86_64, r-release-osx-x86_64-mavericks, r-release-windows-ix86+x86_64, r-oldrel-windows-ix86+x86_64

Version: 2.15.4.1
Check: R code for possible problems
Result: NOTE
    .to.est: no visible global function definition for ‘fixef’
    .to.est: no visible global function definition for ‘coef’
    .wald: no visible global function definition for ‘summary.lm’
    .wald: no visible global function definition for ‘pchisq’
    CrossTable: no visible global function definition for ‘chisq.test’
    CrossTable : print.statistics: no visible global function definition
     for ‘mcnemar.test’
    CrossTable : print.statistics: no visible global function definition
     for ‘fisher.test’
    ci.binom: no visible global function definition for ‘qbinom’
    ci.default: no visible global function definition for ‘sd’
    ci.default: no visible global function definition for ‘qt’
    ci.lm: no visible global function definition for ‘coef’
    ci.lm: no visible global function definition for ‘qt’
    ci.lme: no visible global function definition for ‘qt’
    coefFrame : <anonymous>: no visible global function definition for
     ‘coef’
    est.mer: no visible binding for global variable ‘sd’
    est.mer : <anonymous>: no visible global function definition for
     ‘quantile’
    estimable.default: no visible global function definition for
     ‘summary.lm’
    estimable.default: no visible global function definition for ‘family’
    estimable.default: no visible global function definition for ‘pt’
    estimable.default: no visible global function definition for ‘pchisq’
    estimable.default: no visible global function definition for ‘qt’
    estimable.mer: no visible global function definition for ‘fixef’
    estimable.mer: no visible global function definition for ‘vcov’
    fit.contrast.lm: no visible global function definition for ‘pt’
    fit.contrast.lm: no visible global function definition for
     ‘summary.glm’
    fit.contrast.lm: no visible global function definition for ‘coef’
    fit.contrast.lm: no visible global function definition for ‘summary.lm’
    fit.contrast.lm: no visible global function definition for ‘qt’
    fit.contrast.mer: no visible global function definition for ‘fixef’
    fit.contrast.mer: no visible global function definition for ‘vcov’
    glh.test: no visible global function definition for ‘summary.lm’
    glh.test: no visible global function definition for ‘pf’
    Undefined global functions or variables:
     chisq.test coef family fisher.test fixef mcnemar.test pchisq pf pt
     qbinom qt quantile sd summary.glm summary.lm vcov
Flavors: r-devel-linux-x86_64-debian-clang, r-devel-linux-x86_64-debian-gcc, r-devel-linux-x86_64-fedora-clang, r-devel-linux-x86_64-fedora-gcc, r-devel-windows-ix86+x86_64

Version: 2.15.4.1
Check: R code for possible problems
Result: NOTE
    .to.est: no visible global function definition for ‘fixef’
    estimable.mer: no visible global function definition for ‘fixef’
    fit.contrast.mer: no visible global function definition for ‘fixef’
    Undefined global functions or variables:
     fixef
Flavor: r-devel-osx-x86_64-clang

Version: 2.15.4.1
Check: R code for possible problems
Result: NOTE
    .to.est: no visible global function definition for ‘fixef’
    estimable.mer: no visible global function definition for ‘fixef’
    fit.contrast.mer: no visible global function definition for ‘fixef’
Flavors: r-patched-linux-x86_64, r-patched-solaris-sparc, r-patched-solaris-x86, r-release-linux-x86_64, r-release-osx-x86_64-mavericks, r-release-windows-ix86+x86_64, r-oldrel-windows-ix86+x86_64