CRAN Package Check Results for Package gmodels

Last updated on 2014-07-25 14:47:36.

Flavor Version Tinstall Tcheck Ttotal Status Flags
r-devel-linux-x86_64-debian-clang 2.15.4.1 0.75 18.52 19.27 NOTE
r-devel-linux-x86_64-debian-gcc 2.15.4.1 0.70 18.25 18.94 NOTE
r-devel-linux-x86_64-fedora-clang 2.15.4.1 39.74 NOTE
r-devel-linux-x86_64-fedora-gcc 2.15.4.1 37.92 NOTE
r-devel-osx-x86_64-clang 2.15.4.1 38.89 NOTE
r-devel-windows-ix86+x86_64 2.15.4.1 3.00 29.00 32.00 NOTE
r-patched-linux-x86_64 2.15.4.1 0.71 18.04 18.75 NOTE
r-patched-solaris-sparc 2.15.4.1 220.50 NOTE
r-patched-solaris-x86 2.15.4.1 52.10 NOTE
r-release-linux-ix86 2.15.4.1 1.04 25.12 26.17 NOTE
r-release-linux-x86_64 2.15.4.1 0.75 18.28 19.03 NOTE
r-release-osx-x86_64-mavericks 2.15.4.1 NOTE
r-release-osx-x86_64-snowleopard 2.15.4.1 NOTE
r-release-windows-ix86+x86_64 2.15.4.1 3.00 27.00 30.00 NOTE
r-oldrel-windows-ix86+x86_64 2.15.4.1 3.00 29.00 32.00 NOTE

Check Details

Version: 2.15.4.1
Check: dependencies in R code
Result: NOTE
    Unexported object imported by a ':::' call: ‘lme4:::mcmcsamp’
     See the note in ?`:::` about the use of this operator.
    See the information on DESCRIPTION files in the chapter ‘Creating R
    packages’ of the ‘Writing R Extensions’ manual.
Flavors: r-devel-linux-x86_64-debian-clang, r-devel-linux-x86_64-debian-gcc, r-devel-linux-x86_64-fedora-clang, r-devel-linux-x86_64-fedora-gcc, r-devel-osx-x86_64-clang, r-devel-windows-ix86+x86_64, r-patched-linux-x86_64, r-patched-solaris-sparc, r-patched-solaris-x86, r-release-linux-ix86, r-release-linux-x86_64, r-release-osx-x86_64-mavericks, r-release-osx-x86_64-snowleopard, r-release-windows-ix86+x86_64, r-oldrel-windows-ix86+x86_64