CRAN Package Check Results for Package gmodels

Last updated on 2015-01-30 11:49:12.

Flavor Version Tinstall Tcheck Ttotal Status Flags
r-devel-linux-x86_64-debian-clang 2.15.4.1 0.69 14.47 15.16 NOTE
r-devel-linux-x86_64-debian-gcc 2.15.4.1 0.85 14.36 15.21 NOTE
r-devel-linux-x86_64-fedora-clang 2.15.4.1 32.52 NOTE
r-devel-linux-x86_64-fedora-gcc 2.15.4.1 32.13 NOTE
r-devel-osx-x86_64-clang 2.15.4.1 35.54 NOTE
r-devel-windows-ix86+x86_64 2.15.4.1 4.00 23.00 27.00 NOTE
r-patched-linux-x86_64 2.15.4.1 0.82 17.94 18.76 NOTE
r-patched-solaris-sparc 2.15.4.1 224.40 NOTE
r-patched-solaris-x86 2.15.4.1 47.00 NOTE
r-release-linux-ix86 2.15.4.1 1.06 22.37 23.43 NOTE
r-release-linux-x86_64 2.15.4.1 0.79 16.58 17.38 NOTE
r-release-osx-x86_64-mavericks 2.15.4.1 NOTE
r-release-osx-x86_64-snowleopard 2.15.4.1 NOTE
r-release-windows-ix86+x86_64 2.15.4.1 3.00 31.00 34.00 NOTE
r-oldrel-windows-ix86+x86_64 2.15.4.1 4.00 29.00 33.00 NOTE

Check Details

Version: 2.15.4.1
Check: dependencies in R code
Result: NOTE
    'library' or 'require' calls in package code:
     ‘lme4’ ‘nlme’
     Please use :: or requireNamespace() instead.
     See section 'Suggested packages' in the 'Writing R Extensions' manual.
    Unexported object imported by a ':::' call: ‘lme4:::mcmcsamp’
     See the note in ?`:::` about the use of this operator.
Flavors: r-devel-linux-x86_64-debian-clang, r-devel-linux-x86_64-debian-gcc, r-devel-linux-x86_64-fedora-clang, r-devel-linux-x86_64-fedora-gcc, r-devel-osx-x86_64-clang, r-devel-windows-ix86+x86_64

Version: 2.15.4.1
Check: R code for possible problems
Result: NOTE
    .to.est: no visible global function definition for ‘fixef’
    estimable.mer: no visible global function definition for ‘fixef’
    fit.contrast.mer: no visible global function definition for ‘fixef’
Flavors: r-devel-linux-x86_64-debian-clang, r-devel-linux-x86_64-debian-gcc, r-devel-linux-x86_64-fedora-clang, r-devel-linux-x86_64-fedora-gcc, r-devel-osx-x86_64-clang, r-devel-windows-ix86+x86_64, r-patched-linux-x86_64, r-patched-solaris-sparc, r-patched-solaris-x86, r-release-linux-ix86, r-release-linux-x86_64, r-release-osx-x86_64-mavericks, r-release-windows-ix86+x86_64

Version: 2.15.4.1
Check: dependencies in R code
Result: NOTE
    Unexported object imported by a ':::' call: ‘lme4:::mcmcsamp’
     See the note in ?`:::` about the use of this operator.
    See the information on DESCRIPTION files in the chapter ‘Creating R
    packages’ of the ‘Writing R Extensions’ manual.
Flavors: r-patched-linux-x86_64, r-patched-solaris-sparc, r-patched-solaris-x86, r-release-linux-ix86, r-release-linux-x86_64, r-release-osx-x86_64-mavericks, r-release-osx-x86_64-snowleopard, r-release-windows-ix86+x86_64, r-oldrel-windows-ix86+x86_64