CRAN Package Check Results for Package gmodels

Last updated on 2014-04-24 03:47:45.

Flavor Version Tinstall Tcheck Ttotal Status Flags
r-devel-linux-x86_64-debian-clang 2.15.4.1 0.88 19.23 20.10 NOTE
r-devel-linux-x86_64-debian-gcc 2.15.4.1 0.86 18.90 19.76 NOTE
r-devel-linux-x86_64-fedora-clang 2.15.4.1 39.92 NOTE
r-devel-linux-x86_64-fedora-gcc 2.15.4.1 38.12 NOTE
r-devel-osx-x86_64-clang 2.15.4.1 36.93 NOTE
r-devel-osx-x86_64-gcc 2.15.4.1 NOTE
r-devel-windows-ix86+x86_64 2.15.4.1 3.00 30.00 33.00 NOTE
r-patched-linux-x86_64 2.15.4.1 0.81 19.13 19.94 NOTE
r-patched-solaris-sparc 2.15.4.1 220.50 NOTE
r-patched-solaris-x86 2.15.4.1 51.50 NOTE
r-release-linux-ix86 2.15.4.1 2.00 36.00 38.00 NOTE
r-release-linux-x86_64 2.15.4.1 0.85 19.08 19.94 NOTE
r-release-osx-x86_64-mavericks 2.15.4.1 WARN
r-release-osx-x86_64-snowleopard 2.15.4.1 NOTE
r-release-windows-ix86+x86_64 2.15.4.1 3.00 28.00 31.00 NOTE
r-oldrel-windows-ix86+x86_64 2.15.4.1 3.00 30.00 33.00 NOTE

Check Details

Version: 2.15.4.1
Check: dependencies in R code
Result: NOTE
    Unexported object imported by a ':::' call: ‘lme4:::mcmcsamp’
     See the note in ?`:::` about the use of this operator.
    See the information on DESCRIPTION files in the chapter ‘Creating R
    packages’ of the ‘Writing R Extensions’ manual.
Flavors: r-devel-linux-x86_64-debian-clang, r-devel-linux-x86_64-debian-gcc, r-devel-linux-x86_64-fedora-clang, r-devel-linux-x86_64-fedora-gcc, r-devel-osx-x86_64-clang, r-devel-windows-ix86+x86_64, r-patched-linux-x86_64, r-patched-solaris-sparc, r-patched-solaris-x86, r-release-linux-ix86, r-release-linux-x86_64, r-release-osx-x86_64-snowleopard, r-release-windows-ix86+x86_64, r-oldrel-windows-ix86+x86_64

Version: 2.15.4.1
Check: package dependencies
Result: NOTE
    Package suggested but not available for checking: ‘lme4’
Flavors: r-devel-osx-x86_64-gcc, r-release-osx-x86_64-mavericks

Version: 2.15.4.1
Check: dependencies in R code
Result: NOTE
    Unavailable namespace imported from by a ':::' call: ‘lme4’
     See the note in ?`:::` about the use of this operator.
    See the information on DESCRIPTION files in the chapter ‘Creating R
    packages’ of the ‘Writing R Extensions’ manual.
Flavors: r-devel-osx-x86_64-gcc, r-release-osx-x86_64-mavericks

Version: 2.15.4.1
Check: Rd cross-references
Result: NOTE
    Package unavailable to check Rd xrefs: ‘rms’
Flavor: r-devel-osx-x86_64-gcc

Version: 2.15.4.1
Check: PDF version of manual
Result: WARNING
    LaTeX errors when creating PDF version.
    This typically indicates Rd problems.
    LaTeX errors found:
    ! LaTeX Error: File `upquote.sty' not found.
    
    Type X to quit or <RETURN> to proceed,
    or enter new name. (Default extension: sty)
    
    0edbdce/Rd2.tex:8: ==> Fatal error occurred, no output PDF file produced!
Flavor: r-release-osx-x86_64-mavericks