CRAN Package Check Results for Package gmodels

Last updated on 2014-10-23 05:46:42.

Flavor Version Tinstall Tcheck Ttotal Status Flags
r-devel-linux-x86_64-debian-clang 2.15.4.1 0.81 17.00 17.81 NOTE
r-devel-linux-x86_64-debian-gcc 2.15.4.1 0.76 16.27 17.03 NOTE
r-devel-linux-x86_64-fedora-clang 2.15.4.1 34.48 NOTE
r-devel-linux-x86_64-fedora-gcc 2.15.4.1 32.99 NOTE
r-devel-osx-x86_64-clang 2.15.4.1 36.59 NOTE
r-devel-windows-ix86+x86_64 2.15.4.1 3.00 26.00 29.00 NOTE
r-patched-linux-x86_64 2.15.4.1 0.75 16.55 17.30 NOTE
r-patched-solaris-sparc 2.15.4.1 206.00 NOTE
r-patched-solaris-x86 2.15.4.1 46.30 NOTE
r-release-linux-ix86 2.15.4.1 1.06 25.30 26.36 NOTE
r-release-linux-x86_64 2.15.4.1 0.73 18.91 19.64 NOTE
r-release-osx-x86_64-mavericks 2.15.4.1 NOTE
r-release-osx-x86_64-snowleopard 2.15.4.1 NOTE
r-release-windows-ix86+x86_64 2.15.4.1 3.00 32.00 35.00 NOTE
r-oldrel-windows-ix86+x86_64 2.15.4.1 3.00 30.00 33.00 NOTE

Check Details

Version: 2.15.4.1
Check: dependencies in R code
Result: NOTE
    Unexported object imported by a ':::' call: ‘lme4:::mcmcsamp’
     See the note in ?`:::` about the use of this operator.
    See the information on DESCRIPTION files in the chapter ‘Creating R
    packages’ of the ‘Writing R Extensions’ manual.
Flavors: r-devel-linux-x86_64-debian-clang, r-devel-linux-x86_64-debian-gcc, r-devel-linux-x86_64-fedora-clang, r-devel-linux-x86_64-fedora-gcc, r-devel-osx-x86_64-clang, r-devel-windows-ix86+x86_64, r-patched-linux-x86_64, r-patched-solaris-sparc, r-patched-solaris-x86, r-release-linux-ix86, r-release-linux-x86_64, r-release-osx-x86_64-mavericks, r-release-osx-x86_64-snowleopard, r-release-windows-ix86+x86_64, r-oldrel-windows-ix86+x86_64

Version: 2.15.4.1
Check: R code for possible problems
Result: NOTE
    .to.est: no visible global function definition for ‘fixef’
    estimable.mer: no visible global function definition for ‘fixef’
    fit.contrast.mer: no visible global function definition for ‘fixef’
Flavors: r-devel-linux-x86_64-debian-clang, r-devel-linux-x86_64-debian-gcc, r-devel-linux-x86_64-fedora-clang, r-devel-linux-x86_64-fedora-gcc, r-devel-osx-x86_64-clang, r-devel-windows-ix86+x86_64, r-patched-linux-x86_64, r-patched-solaris-sparc, r-patched-solaris-x86