CRAN Package Check Results for Package gmp

Last updated on 2017-02-24 23:52:29.

Flavor Version Tinstall Tcheck Ttotal Status Flags
r-devel-linux-x86_64-debian-clang 0.5-13 11.14 21.28 32.42 OK
r-devel-linux-x86_64-debian-gcc 0.5-13 13.93 20.23 34.16 OK
r-devel-linux-x86_64-fedora-clang 0.5-13 64.54 OK --no-stop-on-test-error
r-devel-linux-x86_64-fedora-gcc 0.5-13 61.18 OK --no-stop-on-test-error
r-devel-macos-x86_64-clang 0.5-13 48.25 OK --no-stop-on-test-error
r-devel-windows-ix86+x86_64 0.5-13 111.00 98.00 209.00 WARN
r-patched-linux-x86_64 0.5-13 12.41 17.86 30.27 OK
r-patched-solaris-sparc 0.5-13 291.50 OK
r-patched-solaris-x86 0.5-13 70.60 OK
r-release-linux-x86_64 0.5-13 12.37 18.23 30.60 OK
r-release-osx-x86_64-mavericks 0.5-13 OK
r-release-windows-ix86+x86_64 0.5-13 69.00 77.00 146.00 OK
r-oldrel-windows-ix86+x86_64 0.5-13 91.00 106.00 197.00 OK

Check Details

Version: 0.5-13
Check: whether package can be installed
Result: WARN
    Found the following significant warnings:
     d:/Compiler/gcc-4.9.3/local330/include/gmp-x64.h:140:23: warning: ISO C++ 1998 does not support 'long long' [-Wlong-long]
     d:/Compiler/gcc-4.9.3/local330/include/gmp-x64.h:141:14: warning: ISO C++ 1998 does not support 'long long' [-Wlong-long]
Flavor: r-devel-windows-ix86+x86_64