CRAN Package Check Results for Package gmp

Last updated on 2014-07-22 23:48:19.

Flavor Version Tinstall Tcheck Ttotal Status Flags
r-devel-linux-x86_64-debian-clang 0.5-11 7.64 18.98 26.61 OK
r-devel-linux-x86_64-debian-gcc 0.5-11 12.71 18.55 31.26 OK
r-devel-linux-x86_64-fedora-clang 0.5-11 60.72 NOTE
r-devel-linux-x86_64-fedora-gcc 0.5-11 60.93 NOTE
r-devel-osx-x86_64-clang 0.5-11 58.23 OK
r-devel-windows-ix86+x86_64 0.5-11 46.00 47.00 93.00 OK
r-patched-linux-x86_64 0.5-11 12.43 18.99 31.42 OK
r-patched-solaris-sparc 0.5-11 327.60 OK
r-patched-solaris-x86 0.5-11 82.30 OK
r-release-linux-ix86 0.5-11 17.91 27.34 45.25 OK
r-release-linux-x86_64 0.5-11 12.50 19.57 32.07 OK
r-release-osx-x86_64-mavericks 0.5-11 OK
r-release-osx-x86_64-snowleopard 0.5-11 OK
r-release-windows-ix86+x86_64 0.5-11 44.00 45.00 89.00 OK
r-oldrel-windows-ix86+x86_64 0.5-11 46.00 49.00 95.00 OK

Check Details

Version: 0.5-11
Check: top-level files
Result: NOTE
    Non-standard file/directory found at top level:
     ‘Done’
Flavors: r-devel-linux-x86_64-fedora-clang, r-devel-linux-x86_64-fedora-gcc