CRAN Package Check Results for Package gmp

Last updated on 2015-03-06 03:46:35.

Flavor Version Tinstall Tcheck Ttotal Status Flags
r-devel-linux-x86_64-debian-clang 0.5-12 8.07 17.43 25.50 NOTE
r-devel-linux-x86_64-debian-gcc 0.5-12 12.71 18.19 30.90 NOTE
r-devel-linux-x86_64-fedora-clang 0.5-12 56.88 NOTE
r-devel-linux-x86_64-fedora-gcc 0.5-12 54.60 NOTE
r-devel-osx-x86_64-clang 0.5-12 51.54 NOTE
r-devel-windows-ix86+x86_64 0.5-12 45.00 43.00 88.00 OK
r-patched-linux-x86_64 0.5-12 12.67 19.20 31.87 NOTE
r-patched-solaris-sparc 0.5-12 355.80 OK
r-patched-solaris-x86 0.5-12 83.30 OK
r-release-linux-ix86 0.5-12 19.23 27.38 46.60 NOTE
r-release-linux-x86_64 0.5-12 12.63 19.36 31.99 NOTE
r-release-osx-x86_64-mavericks 0.5-12 OK
r-release-osx-x86_64-snowleopard 0.5-12 OK
r-release-windows-ix86+x86_64 0.5-12 44.00 46.00 90.00 OK
r-oldrel-windows-ix86+x86_64 0.5-12 48.00 77.00 125.00 OK

Check Details

Version: 0.5-12
Check: top-level files
Result: NOTE
    Non-standard file/directory found at top level:
     ‘Done’
Flavors: r-devel-linux-x86_64-debian-clang, r-devel-linux-x86_64-debian-gcc, r-devel-linux-x86_64-fedora-clang, r-devel-linux-x86_64-fedora-gcc, r-patched-linux-x86_64, r-release-linux-ix86, r-release-linux-x86_64

Version: 0.5-12
Check: S3 generic/method consistency
Result: NOTE
    Found the following apparent S3 methods exported but not registered:
     apply.bigq apply.bigz apply.default as.vector.bigq as.vector.bigz
     matrix.bigq matrix.bigz matrix.default modulus.bigz modulus<-.bigz
     prod.bigq prod.bigz
    See section ‘Registering S3 methods’ in the ‘Writing R Extensions’
    manual.
Flavors: r-devel-linux-x86_64-debian-clang, r-devel-linux-x86_64-debian-gcc, r-devel-linux-x86_64-fedora-clang, r-devel-linux-x86_64-fedora-gcc, r-devel-osx-x86_64-clang