CRAN Package Check Results for Package gmp

Last updated on 2015-09-04 16:48:32.

Flavor Version Tinstall Tcheck Ttotal Status Flags
r-devel-linux-x86_64-debian-clang 0.5-12 8.58 17.20 25.78 NOTE
r-devel-linux-x86_64-debian-gcc 0.5-12 12.72 17.38 30.09 NOTE
r-devel-linux-x86_64-fedora-clang 0.5-12 55.57 NOTE
r-devel-linux-x86_64-fedora-gcc 0.5-12 54.29 NOTE
r-devel-osx-x86_64-clang 0.5-12 47.74 NOTE
r-devel-windows-ix86+x86_64 0.5-12 51.00 69.00 120.00 OK
r-patched-linux-x86_64 0.5-12 13.23 17.56 30.79 NOTE
r-patched-solaris-sparc 0.5-12 334.60 NOTE
r-patched-solaris-x86 0.5-12 76.70 NOTE
r-release-linux-x86_64 0.5-12 12.98 17.98 30.96 NOTE
r-release-osx-x86_64-mavericks 0.5-12 OK
r-release-windows-ix86+x86_64 0.5-12 65.00 51.00 116.00 OK
r-oldrel-windows-ix86+x86_64 0.5-12 66.00 55.00 121.00 OK

Check Details

Version: 0.5-12
Check: top-level files
Result: NOTE
    Non-standard file/directory found at top level:
     ‘Done’
Flavors: r-devel-linux-x86_64-debian-clang, r-devel-linux-x86_64-debian-gcc, r-devel-linux-x86_64-fedora-clang, r-devel-linux-x86_64-fedora-gcc, r-patched-linux-x86_64, r-release-linux-x86_64

Version: 0.5-12
Check: S3 generic/method consistency
Result: NOTE
    Found the following apparent S3 methods exported but not registered:
     apply.bigq apply.bigz apply.default as.vector.bigq as.vector.bigz
     matrix.bigq matrix.bigz matrix.default modulus.bigz modulus<-.bigz
     prod.bigq prod.bigz
    See section ‘Registering S3 methods’ in the ‘Writing R Extensions’
    manual.
Flavors: r-devel-linux-x86_64-debian-clang, r-devel-linux-x86_64-debian-gcc, r-devel-linux-x86_64-fedora-clang, r-devel-linux-x86_64-fedora-gcc, r-devel-osx-x86_64-clang, r-patched-linux-x86_64, r-patched-solaris-sparc, r-patched-solaris-x86, r-release-linux-x86_64