CRAN Package Check Results for Package gmp

Last updated on 2015-01-25 19:47:40.

Flavor Version Tinstall Tcheck Ttotal Status Flags
r-devel-linux-x86_64-debian-clang 0.5-12 8.32 17.57 25.88 NOTE
r-devel-linux-x86_64-debian-gcc 0.5-12 12.57 18.03 30.60 NOTE
r-devel-linux-x86_64-fedora-clang 0.5-12 57.85 NOTE
r-devel-linux-x86_64-fedora-gcc 0.5-12 59.73 NOTE
r-devel-osx-x86_64-clang 0.5-12 53.93 NOTE
r-devel-windows-ix86+x86_64 0.5-12 51.00 49.00 100.00 OK
r-patched-linux-x86_64 0.5-12 13.09 19.20 32.28 NOTE
r-patched-solaris-sparc 0.5-12 365.30 OK
r-patched-solaris-x86 0.5-12 82.90 OK
r-release-linux-ix86 0.5-12 17.24 26.06 43.30 OK
r-release-linux-x86_64 0.5-12 12.66 18.52 31.17 NOTE
r-release-osx-x86_64-mavericks 0.5-12 OK
r-release-osx-x86_64-snowleopard 0.5-12 OK
r-release-windows-ix86+x86_64 0.5-12 44.00 51.00 95.00 OK
r-oldrel-windows-ix86+x86_64 0.5-12 47.00 58.00 105.00 OK

Check Details

Version: 0.5-12
Check: top-level files
Result: NOTE
    Non-standard file/directory found at top level:
     ‘Done’
Flavors: r-devel-linux-x86_64-debian-clang, r-devel-linux-x86_64-debian-gcc, r-devel-linux-x86_64-fedora-clang, r-devel-linux-x86_64-fedora-gcc, r-patched-linux-x86_64, r-release-linux-x86_64

Version: 0.5-12
Check: S3 generic/method consistency
Result: NOTE
    Found the following apparent S3 methods exported but not registered:
     apply.bigq apply.bigz apply.default matrix.bigq matrix.bigz
     matrix.default modulus.bigz modulus<-.bigz as.vector.bigq
     as.vector.bigz prod.bigq prod.bigz
    See section ‘Registering S3 methods’ in the ‘Writing R Extensions’
    manual.
Flavors: r-devel-linux-x86_64-fedora-clang, r-devel-linux-x86_64-fedora-gcc, r-devel-osx-x86_64-clang