CRAN Package Check Results for Package gmp

Last updated on 2016-07-24 09:47:49.

Flavor Version Tinstall Tcheck Ttotal Status Flags
r-devel-linux-x86_64-debian-clang 0.5-12 14.54 21.47 36.01 NOTE
r-devel-linux-x86_64-debian-gcc 0.5-12 15.61 20.13 35.74 NOTE
r-devel-linux-x86_64-fedora-clang 0.5-12 55.43 NOTE
r-devel-linux-x86_64-fedora-gcc 0.5-12 52.64 NOTE
r-devel-osx-x86_64-clang 0.5-12 44.05 NOTE
r-devel-windows-ix86+x86_64 0.5-12 44.00 48.00 92.00 OK
r-patched-linux-x86_64 0.5-12 14.21 20.65 34.86 NOTE
r-patched-solaris-sparc 0.5-12 307.10 NOTE
r-patched-solaris-x86 0.5-12 70.60 NOTE
r-release-linux-x86_64 0.5-12 14.14 20.47 34.61 NOTE
r-release-osx-x86_64-mavericks 0.5-12 OK
r-release-windows-ix86+x86_64 0.5-12 40.00 67.00 107.00 OK
r-oldrel-windows-ix86+x86_64 0.5-12 65.00 54.00 119.00 OK

Check Details

Version: 0.5-12
Check: top-level files
Result: NOTE
    Non-standard file/directory found at top level:
     ‘Done’
Flavors: r-devel-linux-x86_64-debian-clang, r-devel-linux-x86_64-debian-gcc, r-devel-linux-x86_64-fedora-clang, r-devel-linux-x86_64-fedora-gcc, r-patched-linux-x86_64, r-release-linux-x86_64

Version: 0.5-12
Check: S3 generic/method consistency
Result: NOTE
    Found the following apparent S3 methods exported but not registered:
     apply.bigq apply.bigz apply.default as.vector.bigq as.vector.bigz
     matrix.bigq matrix.bigz matrix.default modulus.bigz modulus<-.bigz
     prod.bigq prod.bigz
    See section ‘Registering S3 methods’ in the ‘Writing R Extensions’
    manual.
Flavors: r-devel-linux-x86_64-debian-clang, r-devel-linux-x86_64-debian-gcc, r-devel-linux-x86_64-fedora-clang, r-devel-linux-x86_64-fedora-gcc, r-devel-osx-x86_64-clang, r-patched-linux-x86_64, r-patched-solaris-sparc, r-patched-solaris-x86, r-release-linux-x86_64