CRAN Package Check Results for Package gmp

Last updated on 2017-01-21 16:48:36.

Flavor Version Tinstall Tcheck Ttotal Status Flags
r-devel-linux-x86_64-debian-clang 0.5-13 11.27 20.17 31.44 OK
r-devel-linux-x86_64-debian-gcc 0.5-13 13.94 19.75 33.69 OK
r-devel-linux-x86_64-fedora-clang 0.5-13 61.11 OK --no-stop-on-test-error
r-devel-linux-x86_64-fedora-gcc 0.5-13 61.12 OK --no-stop-on-test-error
r-devel-macos-x86_64-clang 0.5-13 48.09 OK --no-stop-on-test-error
r-devel-windows-ix86+x86_64 0.5-13 69.00 122.00 191.00 WARN
r-patched-linux-x86_64 0.5-13 12.36 17.87 30.23 OK
r-patched-solaris-sparc 0.5-13 291.50 OK
r-patched-solaris-x86 0.5-13 71.90 OK
r-release-linux-x86_64 0.5-13 12.52 17.87 30.39 OK
r-release-osx-x86_64-mavericks 0.5-13 OK
r-release-windows-ix86+x86_64 0.5-13 99.00 64.00 163.00 OK
r-oldrel-windows-ix86+x86_64 0.5-13 50.00 71.00 121.00 OK

Check Details

Version: 0.5-13
Check: whether package can be installed
Result: WARN
    Found the following significant warnings:
     d:/Compiler/gcc-4.9.3/local330/include/gmp-x64.h:140:23: warning: ISO C++ 1998 does not support 'long long' [-Wlong-long]
     d:/Compiler/gcc-4.9.3/local330/include/gmp-x64.h:141:14: warning: ISO C++ 1998 does not support 'long long' [-Wlong-long]
Flavor: r-devel-windows-ix86+x86_64