CRAN Package Check Results for Package gmp

Last updated on 2018-05-25 08:48:35 CEST.

Flavor Version Tinstall Tcheck Ttotal Status Flags
r-devel-linux-x86_64-debian-clang 0.5-13.1 20.52 30.17 50.69 OK
r-devel-linux-x86_64-debian-gcc 0.5-13.1 15.03 26.12 41.15 OK
r-devel-linux-x86_64-fedora-clang 0.5-13.1 71.95 OK
r-devel-linux-x86_64-fedora-gcc 0.5-13.1 65.16 OK
r-devel-windows-ix86+x86_64 0.5-13.1 54.00 95.00 149.00 WARN
r-patched-linux-x86_64 0.5-13.1 21.06 31.27 52.33 OK
r-patched-solaris-x86 0.5-13.1 100.20 OK
r-release-linux-x86_64 0.5-13.1 22.17 31.10 53.27 OK
r-release-windows-ix86+x86_64 0.5-13.1 70.00 109.00 179.00 OK
r-release-osx-x86_64 0.5-13.1 OK
r-oldrel-windows-ix86+x86_64 0.5-13.1 70.00 67.00 137.00 OK
r-oldrel-osx-x86_64 0.5-13.1 NOTE

Check Details

Version: 0.5-13.1
Check: whether package can be installed
Result: WARN
    Found the following significant warnings:
     d:/Compiler/gcc-4.9.3/local330/include/gmp-x64.h:140:23: warning: ISO C++ 1998 does not support 'long long' [-Wlong-long]
     d:/Compiler/gcc-4.9.3/local330/include/gmp-x64.h:141:14: warning: ISO C++ 1998 does not support 'long long' [-Wlong-long]
Flavor: r-devel-windows-ix86+x86_64

Version: 0.5-13.1
Check: package dependencies
Result: NOTE
    Package suggested but not available for checking: ‘Rmpfr’
Flavor: r-oldrel-osx-x86_64

Version: 0.5-13.1
Check: Rd cross-references
Result: NOTE
    Package unavailable to check Rd xrefs: ‘Rmpfr’
Flavor: r-oldrel-osx-x86_64