CRAN Package Check Results for Package gmp

Last updated on 2017-10-21 02:48:40.

Flavor Version Tinstall Tcheck Ttotal Status Flags
r-devel-linux-x86_64-debian-clang 0.5-13.1 11.77 20.61 32.38 OK
r-devel-linux-x86_64-debian-gcc 0.5-13.1 19.00 23.14 42.14 OK
r-devel-linux-x86_64-fedora-clang 0.5-13.1 66.82 OK
r-devel-linux-x86_64-fedora-gcc 0.5-13.1 64.51 OK
r-devel-windows-ix86+x86_64 0.5-13.1 59.00 90.00 149.00 WARN
r-patched-linux-x86_64 0.5-13.1 13.89 21.29 35.18 OK
r-patched-solaris-x86 0.5-13.1 95.10 OK
r-release-linux-x86_64 0.5-13.1 14.18 21.22 35.40 OK
r-release-windows-ix86+x86_64 0.5-13.1 72.00 67.00 139.00 OK
r-release-osx-x86_64 0.5-13.1 NOTE
r-oldrel-windows-ix86+x86_64 0.5-13.1 52.00 74.00 126.00 OK
r-oldrel-osx-x86_64 0.5-13.1 OK

Additional issues

rchk

Check Details

Version: 0.5-13.1
Check: whether package can be installed
Result: WARN
    Found the following significant warnings:
     d:/Compiler/gcc-4.9.3/local330/include/gmp-x64.h:140:23: warning: ISO C++ 1998 does not support 'long long' [-Wlong-long]
     d:/Compiler/gcc-4.9.3/local330/include/gmp-x64.h:141:14: warning: ISO C++ 1998 does not support 'long long' [-Wlong-long]
Flavor: r-devel-windows-ix86+x86_64

Version: 0.5-13.1
Check: package dependencies
Result: NOTE
    Package suggested but not available for checking: ‘Rmpfr’
Flavor: r-release-osx-x86_64

Version: 0.5-13.1
Check: Rd cross-references
Result: NOTE
    Package unavailable to check Rd xrefs: ‘Rmpfr’
Flavor: r-release-osx-x86_64