CRAN Package Check Results for Package gmp

Last updated on 2015-05-28 00:47:00.

Flavor Version Tinstall Tcheck Ttotal Status Flags
r-devel-linux-x86_64-debian-clang 0.5-12 10.61 17.69 28.30 NOTE
r-devel-linux-x86_64-debian-gcc 0.5-12 13.10 17.61 30.71 NOTE
r-devel-linux-x86_64-fedora-clang 0.5-12 56.79 NOTE
r-devel-linux-x86_64-fedora-gcc 0.5-12 58.07 NOTE
r-devel-osx-x86_64-clang 0.5-12 51.43 NOTE
r-devel-windows-ix86+x86_64 0.5-12 51.00 44.00 95.00 OK
r-patched-linux-x86_64 0.5-12 12.47 17.04 29.51 NOTE
r-patched-solaris-sparc 0.5-12 340.10 NOTE
r-patched-solaris-x86 0.5-12 76.60 NOTE
r-release-linux-x86_64 0.5-12 12.41 17.18 29.58 NOTE
r-release-osx-x86_64-mavericks 0.5-12 OK
r-release-osx-x86_64-snowleopard 0.5-12 OK
r-release-windows-ix86+x86_64 0.5-12 51.00 45.00 96.00 OK
r-oldrel-windows-ix86+x86_64 0.5-12 46.00 69.00 115.00 OK

Check Details

Version: 0.5-12
Check: top-level files
Result: NOTE
    Non-standard file/directory found at top level:
     ‘Done’
Flavors: r-devel-linux-x86_64-debian-clang, r-devel-linux-x86_64-debian-gcc, r-devel-linux-x86_64-fedora-clang, r-devel-linux-x86_64-fedora-gcc, r-patched-linux-x86_64, r-release-linux-x86_64

Version: 0.5-12
Check: S3 generic/method consistency
Result: NOTE
    Found the following apparent S3 methods exported but not registered:
     apply.bigq apply.bigz apply.default as.vector.bigq as.vector.bigz
     matrix.bigq matrix.bigz matrix.default modulus.bigz modulus<-.bigz
     prod.bigq prod.bigz
    See section ‘Registering S3 methods’ in the ‘Writing R Extensions’
    manual.
Flavors: r-devel-linux-x86_64-debian-clang, r-devel-linux-x86_64-debian-gcc, r-devel-linux-x86_64-fedora-clang, r-devel-linux-x86_64-fedora-gcc, r-devel-osx-x86_64-clang, r-patched-linux-x86_64, r-patched-solaris-sparc, r-patched-solaris-x86, r-release-linux-x86_64