CRAN Package Check Results for Package gmp

Last updated on 2017-08-18 02:49:01.

Flavor Version Tinstall Tcheck Ttotal Status Flags
r-devel-linux-x86_64-debian-clang 0.5-13.1 11.69 20.86 32.55 OK
r-devel-linux-x86_64-debian-gcc 0.5-13.1 15.25 20.81 36.06 OK
r-devel-linux-x86_64-fedora-clang 0.5-13.1 65.83 OK
r-devel-linux-x86_64-fedora-gcc 0.5-13.1 62.72 OK
r-devel-windows-ix86+x86_64 0.5-13.1 56.00 70.00 126.00 WARN
r-patched-linux-x86_64 0.5-13.1 14.06 21.00 35.06 OK
r-patched-solaris-x86 0.5-13.1 88.70 OK
r-release-linux-x86_64 0.5-13.1 13.77 21.02 34.79 OK
r-release-windows-ix86+x86_64 0.5-13.1 55.00 63.00 118.00 OK
r-release-osx-x86_64 0.5-13.1 NOTE
r-oldrel-windows-ix86+x86_64 0.5-13.1 52.00 56.00 108.00 OK
r-oldrel-osx-x86_64 0.5-13.1 OK

Additional issues

rchk

Check Details

Version: 0.5-13.1
Check: whether package can be installed
Result: WARN
    Found the following significant warnings:
     d:/Compiler/gcc-4.9.3/local330/include/gmp-x64.h:140:23: warning: ISO C++ 1998 does not support 'long long' [-Wlong-long]
     d:/Compiler/gcc-4.9.3/local330/include/gmp-x64.h:141:14: warning: ISO C++ 1998 does not support 'long long' [-Wlong-long]
Flavor: r-devel-windows-ix86+x86_64

Version: 0.5-13.1
Check: package dependencies
Result: NOTE
    Package suggested but not available for checking: ‘Rmpfr’
Flavor: r-release-osx-x86_64

Version: 0.5-13.1
Check: Rd cross-references
Result: NOTE
    Package unavailable to check Rd xrefs: ‘Rmpfr’
Flavor: r-release-osx-x86_64