CRAN Package Check Results for Package gmp

Last updated on 2016-02-11 02:48:06.

Flavor Version Tinstall Tcheck Ttotal Status Flags
r-devel-linux-x86_64-debian-gcc 0.5-12 12.82 16.44 29.26 NOTE
r-devel-linux-x86_64-fedora-clang 0.5-12 54.54 NOTE
r-devel-linux-x86_64-fedora-gcc 0.5-12 54.69 NOTE
r-devel-osx-x86_64-clang 0.5-12 52.95 NOTE
r-devel-windows-ix86+x86_64 0.5-12 66.00 52.00 118.00 OK
r-patched-linux-x86_64 0.5-12 12.63 17.18 29.80 NOTE
r-patched-solaris-sparc 0.5-12 306.60 NOTE
r-patched-solaris-x86 0.5-12 71.50 NOTE
r-release-linux-x86_64 0.5-12 12.47 16.93 29.40 NOTE
r-release-osx-x86_64-mavericks 0.5-12 OK
r-release-windows-ix86+x86_64 0.5-12 65.00 47.00 112.00 OK
r-oldrel-windows-ix86+x86_64 0.5-12 65.00 54.00 119.00 OK

Check Details

Version: 0.5-12
Check: top-level files
Result: NOTE
    Non-standard file/directory found at top level:
     ‘Done’
Flavors: r-devel-linux-x86_64-debian-gcc, r-devel-linux-x86_64-fedora-clang, r-devel-linux-x86_64-fedora-gcc, r-patched-linux-x86_64, r-release-linux-x86_64

Version: 0.5-12
Check: S3 generic/method consistency
Result: NOTE
    Found the following apparent S3 methods exported but not registered:
     apply.bigq apply.bigz apply.default as.vector.bigq as.vector.bigz
     matrix.bigq matrix.bigz matrix.default modulus.bigz modulus<-.bigz
     prod.bigq prod.bigz
    See section ‘Registering S3 methods’ in the ‘Writing R Extensions’
    manual.
Flavors: r-devel-linux-x86_64-debian-gcc, r-devel-linux-x86_64-fedora-clang, r-devel-linux-x86_64-fedora-gcc, r-devel-osx-x86_64-clang, r-patched-linux-x86_64, r-patched-solaris-sparc, r-patched-solaris-x86, r-release-linux-x86_64