CRAN Package Check Results for Package gmp

Last updated on 2014-08-28 00:47:01.

Flavor Version Tinstall Tcheck Ttotal Status Flags
r-devel-linux-x86_64-debian-clang 0.5-12 7.68 18.37 26.05 OK
r-devel-linux-x86_64-debian-gcc 0.5-12 12.69 17.88 30.58 OK
r-devel-linux-x86_64-fedora-clang 0.5-12 56.83 NOTE
r-devel-linux-x86_64-fedora-gcc 0.5-12 57.13 NOTE
r-devel-osx-x86_64-clang 0.5-12 52.56 OK
r-devel-windows-ix86+x86_64 0.5-12 49.00 46.00 95.00 OK
r-patched-linux-x86_64 0.5-12 12.32 18.70 31.02 OK
r-patched-solaris-sparc 0.5-12 374.40 OK
r-patched-solaris-x86 0.5-12 81.80 OK
r-release-linux-ix86 0.5-12 17.86 27.41 45.27 OK
r-release-linux-x86_64 0.5-12 12.58 19.58 32.16 OK
r-release-osx-x86_64-mavericks 0.5-12 OK
r-release-osx-x86_64-snowleopard 0.5-12 OK
r-release-windows-ix86+x86_64 0.5-12 45.00 44.00 89.00 OK
r-oldrel-windows-ix86+x86_64 0.5-12 46.00 48.00 94.00 OK

Check Details

Version: 0.5-12
Check: top-level files
Result: NOTE
    Non-standard file/directory found at top level:
     ‘Done’
Flavors: r-devel-linux-x86_64-fedora-clang, r-devel-linux-x86_64-fedora-gcc