CRAN Package Check Results for Package gmp

Last updated on 2015-04-26 19:47:19.

Flavor Version Tinstall Tcheck Ttotal Status Flags
r-devel-linux-x86_64-debian-clang 0.5-12 8.70 17.38 26.08 NOTE
r-devel-linux-x86_64-debian-gcc 0.5-12 12.74 17.19 29.94 NOTE
r-devel-linux-x86_64-fedora-clang 0.5-12 56.82 NOTE
r-devel-linux-x86_64-fedora-gcc 0.5-12 56.05 NOTE
r-devel-osx-x86_64-clang 0.5-12 51.05 NOTE
r-devel-windows-ix86+x86_64 0.5-12 52.00 44.00 96.00 OK
r-patched-linux-x86_64 0.5-12 12.44 17.38 29.83 NOTE
r-patched-solaris-sparc 0.5-12 321.60 OK
r-patched-solaris-x86 0.5-12 76.50 NOTE
r-release-linux-x86_64 0.5-12 12.56 17.22 29.79 NOTE
r-release-osx-x86_64-mavericks 0.5-12 OK
r-release-osx-x86_64-snowleopard 0.5-12 OK
r-release-windows-ix86+x86_64 0.5-12 47.00 44.00 91.00 OK
r-oldrel-windows-ix86+x86_64 0.5-12 40.00 60.00 100.00 OK

Check Details

Version: 0.5-12
Check: top-level files
Result: NOTE
    Non-standard file/directory found at top level:
     ‘Done’
Flavors: r-devel-linux-x86_64-debian-clang, r-devel-linux-x86_64-fedora-clang, r-devel-linux-x86_64-fedora-gcc

Version: 0.5-12
Check: S3 generic/method consistency
Result: NOTE
    Found the following apparent S3 methods exported but not registered:
     apply.bigq apply.bigz apply.default as.vector.bigq as.vector.bigz
     matrix.bigq matrix.bigz matrix.default modulus.bigz modulus<-.bigz
     prod.bigq prod.bigz
    See section ‘Registering S3 methods’ in the ‘Writing R Extensions’
    manual.
Flavors: r-devel-linux-x86_64-debian-clang, r-devel-linux-x86_64-fedora-clang, r-devel-linux-x86_64-fedora-gcc, r-devel-osx-x86_64-clang, r-patched-solaris-x86