CRAN Package Check Results for Package gmp

Last updated on 2016-05-30 23:47:36.

Flavor Version Tinstall Tcheck Ttotal Status Flags
r-devel-linux-x86_64-debian-gcc 0.5-12 14.50 17.54 32.04 NOTE
r-devel-linux-x86_64-fedora-clang 0.5-12 59.91 NOTE
r-devel-linux-x86_64-fedora-gcc 0.5-12 52.78 NOTE
r-devel-osx-x86_64-clang 0.5-12 56.11 NOTE
r-devel-windows-ix86+x86_64 0.5-12 59.00 43.00 102.00 OK
r-patched-linux-x86_64 0.5-12 12.79 17.44 30.23 NOTE
r-patched-solaris-sparc 0.5-12 308.10 NOTE
r-patched-solaris-x86 0.5-12 71.80 NOTE
r-release-linux-x86_64 0.5-12 12.63 17.50 30.13 NOTE
r-release-osx-x86_64-mavericks 0.5-12 OK
r-release-windows-ix86+x86_64 0.5-12 73.00 47.00 120.00 OK
r-oldrel-windows-ix86+x86_64 0.5-12 48.00 74.00 122.00 OK

Check Details

Version: 0.5-12
Check: top-level files
Result: NOTE
    Non-standard file/directory found at top level:
     ‘Done’
Flavors: r-devel-linux-x86_64-debian-gcc, r-devel-linux-x86_64-fedora-clang, r-devel-linux-x86_64-fedora-gcc, r-patched-linux-x86_64, r-release-linux-x86_64

Version: 0.5-12
Check: S3 generic/method consistency
Result: NOTE
    Found the following apparent S3 methods exported but not registered:
     apply.bigq apply.bigz apply.default as.vector.bigq as.vector.bigz
     matrix.bigq matrix.bigz matrix.default modulus.bigz modulus<-.bigz
     prod.bigq prod.bigz
    See section ‘Registering S3 methods’ in the ‘Writing R Extensions’
    manual.
Flavors: r-devel-linux-x86_64-debian-gcc, r-devel-linux-x86_64-fedora-clang, r-devel-linux-x86_64-fedora-gcc, r-devel-osx-x86_64-clang, r-patched-linux-x86_64, r-patched-solaris-sparc, r-patched-solaris-x86, r-release-linux-x86_64