CRAN Package Check Results for Package gmp

Last updated on 2017-06-25 10:47:04.

Flavor Version Tinstall Tcheck Ttotal Status Flags
r-devel-linux-x86_64-debian-clang 0.5-13.1 12.23 21.31 33.54 OK
r-devel-linux-x86_64-debian-gcc 0.5-13.1 14.01 22.87 36.89 OK
r-devel-linux-x86_64-fedora-clang 0.5-13.1 64.13 OK
r-devel-linux-x86_64-fedora-gcc 0.5-13.1 61.60 OK
r-devel-windows-ix86+x86_64 0.5-13.1 57.00 94.00 151.00 WARN
r-patched-linux-x86_64 0.5-13.1 12.61 20.76 33.37 OK
r-patched-solaris-sparc 0.5-13.1 375.60 OK
r-patched-solaris-x86 0.5-13.1 83.80 OK
r-release-linux-x86_64 0.5-13.1 14.00 21.09 35.09 OK
r-release-windows-ix86+x86_64 0.5-13.1 57.00 87.00 144.00 OK
r-release-osx-x86_64 0.5-13.1 ERROR
r-oldrel-windows-ix86+x86_64 0.5-13.1 88.00 75.00 163.00 OK
r-oldrel-osx-x86_64 0.5-13.1 OK

Additional issues

rchk

Check Details

Version: 0.5-13.1
Check: whether package can be installed
Result: WARN
    Found the following significant warnings:
     d:/Compiler/gcc-4.9.3/local330/include/gmp-x64.h:140:23: warning: ISO C++ 1998 does not support 'long long' [-Wlong-long]
     d:/Compiler/gcc-4.9.3/local330/include/gmp-x64.h:141:14: warning: ISO C++ 1998 does not support 'long long' [-Wlong-long]
Flavor: r-devel-windows-ix86+x86_64

Version: 0.5-13.1
Check: package dependencies
Result: NOTE
    Package suggested but not available for checking: ‘Rmpfr’
Flavor: r-release-osx-x86_64

Version: 0.5-13.1
Check: whether package can be installed
Result: ERROR
    Installation failed.
Flavor: r-release-osx-x86_64