CRAN Package Check Results for Package gmp

Last updated on 2014-11-24 05:47:32.

Flavor Version Tinstall Tcheck Ttotal Status Flags
r-devel-linux-x86_64-debian-clang 0.5-12 8.06 18.36 26.42 NOTE
r-devel-linux-x86_64-debian-gcc 0.5-12 12.46 18.90 31.36 NOTE
r-devel-linux-x86_64-fedora-clang 0.5-12 59.55 NOTE
r-devel-linux-x86_64-fedora-gcc 0.5-12 59.39 NOTE
r-devel-osx-x86_64-clang 0.5-12 56.29 OK
r-devel-windows-ix86+x86_64 0.5-12 43.00 41.00 84.00 OK
r-patched-linux-x86_64 0.5-12 12.59 18.82 31.41 NOTE
r-patched-solaris-sparc 0.5-12 374.40 OK
r-patched-solaris-x86 0.5-12 80.50 OK
r-release-linux-ix86 0.5-12 16.98 25.63 42.61 OK
r-release-linux-x86_64 0.5-12 12.78 18.67 31.45 NOTE
r-release-osx-x86_64-mavericks 0.5-12 OK
r-release-osx-x86_64-snowleopard 0.5-12 OK
r-release-windows-ix86+x86_64 0.5-12 46.00 45.00 91.00 OK
r-oldrel-windows-ix86+x86_64 0.5-12 46.00 50.00 96.00 OK

Memtest notes: UBSAN-gcc

Check Details

Version: 0.5-12
Check: top-level files
Result: NOTE
    Non-standard file/directory found at top level:
     ‘Done’
Flavors: r-devel-linux-x86_64-debian-clang, r-devel-linux-x86_64-debian-gcc, r-devel-linux-x86_64-fedora-clang, r-devel-linux-x86_64-fedora-gcc, r-patched-linux-x86_64, r-release-linux-x86_64