CRAN Package Check Results for Package gmp

Last updated on 2017-12-14 17:48:31 CET.

Flavor Version Tinstall Tcheck Ttotal Status Flags
r-devel-linux-x86_64-debian-clang 0.5-13.1 15.41 19.19 34.60 FAIL
r-devel-linux-x86_64-debian-gcc 0.5-13.1 14.68 17.06 31.74 FAIL
r-devel-linux-x86_64-fedora-clang 0.5-13.1 65.81 OK
r-devel-linux-x86_64-fedora-gcc 0.5-13.1 61.02 OK
r-devel-windows-ix86+x86_64 0.5-13.1 91.00 69.00 160.00 WARN
r-patched-linux-x86_64 0.5-13.1 17.75 31.18 48.93 OK
r-patched-solaris-x86 0.5-13.1 84.00 OK
r-release-linux-x86_64 0.5-13.1 17.05 31.34 48.39 OK
r-release-windows-ix86+x86_64 0.5-13.1 52.00 102.00 154.00 OK
r-release-osx-x86_64 0.5-13.1 NOTE
r-oldrel-windows-ix86+x86_64 0.5-13.1 76.00 74.00 150.00 OK
r-oldrel-osx-x86_64 0.5-13.1 OK

Additional issues

rchk

Check Details

Version: 0.5-13.1
Check: pragmas in C/C++ headers and code
Result: FAIL
    
Flavors: r-devel-linux-x86_64-debian-clang, r-devel-linux-x86_64-debian-gcc

Version: 0.5-13.1
Check: whether package can be installed
Result: WARN
    Found the following significant warnings:
     d:/Compiler/gcc-4.9.3/local330/include/gmp-x64.h:140:23: warning: ISO C++ 1998 does not support 'long long' [-Wlong-long]
     d:/Compiler/gcc-4.9.3/local330/include/gmp-x64.h:141:14: warning: ISO C++ 1998 does not support 'long long' [-Wlong-long]
Flavor: r-devel-windows-ix86+x86_64

Version: 0.5-13.1
Check: package dependencies
Result: NOTE
    Package suggested but not available for checking: ‘Rmpfr’
Flavor: r-release-osx-x86_64

Version: 0.5-13.1
Check: Rd cross-references
Result: NOTE
    Package unavailable to check Rd xrefs: ‘Rmpfr’
Flavor: r-release-osx-x86_64