CRAN Package Check Results for Package gmp

Last updated on 2017-04-29 08:48:51.

Flavor Version Tinstall Tcheck Ttotal Status Flags
r-devel-linux-x86_64-debian-clang 0.5-13.1 12.09 21.78 33.88 OK
r-devel-linux-x86_64-debian-gcc 0.5-13.1 13.81 20.66 34.47 OK
r-devel-linux-x86_64-fedora-clang 0.5-13.1 63.12 OK --no-stop-on-test-error
r-devel-linux-x86_64-fedora-gcc 0.5-13.1 61.66 OK --no-stop-on-test-error
r-devel-windows-ix86+x86_64 0.5-13.1 81.00 70.00 151.00 WARN
r-patched-linux-x86_64 0.5-13.1 12.65 20.89 33.54 OK
r-patched-solaris-sparc 0.5-13.1 375.60 OK
r-patched-solaris-x86 0.5-13.1 82.30 OK
r-release-linux-x86_64 0.5-13.1 12.68 20.91 33.59 OK
r-release-windows-ix86+x86_64 0.5-13.1 82.00 86.00 168.00 OK
r-release-osx-x86_64 0.5-13.1 ERROR
r-oldrel-windows-ix86+x86_64 0.5-13.1 58.00 75.00 133.00 OK
r-oldrel-osx-x86_64 0.5-13.1 OK

Check Details

Version: 0.5-13.1
Check: whether package can be installed
Result: WARN
    Found the following significant warnings:
     d:/Compiler/gcc-4.9.3/local330/include/gmp-x64.h:140:23: warning: ISO C++ 1998 does not support 'long long' [-Wlong-long]
     d:/Compiler/gcc-4.9.3/local330/include/gmp-x64.h:141:14: warning: ISO C++ 1998 does not support 'long long' [-Wlong-long]
Flavor: r-devel-windows-ix86+x86_64

Version: 0.5-13.1
Check: package dependencies
Result: NOTE
    Package suggested but not available for checking: ‘Rmpfr’
Flavor: r-release-osx-x86_64

Version: 0.5-13.1
Check: whether package can be installed
Result: ERROR
    Installation failed.
Flavor: r-release-osx-x86_64