CRAN Package Check Results for Package gmp

Last updated on 2016-10-01 18:47:24.

Flavor Version Tinstall Tcheck Ttotal Status Flags
r-devel-linux-x86_64-debian-clang 0.5-12 11.46 19.05 30.50 NOTE
r-devel-linux-x86_64-debian-gcc 0.5-12 13.97 18.54 32.51 NOTE
r-devel-linux-x86_64-fedora-clang 0.5-12 58.02 NOTE
r-devel-linux-x86_64-fedora-gcc 0.5-12 55.00 NOTE
r-devel-macos-x86_64-clang 0.5-12 43.61 NOTE
r-devel-windows-ix86+x86_64 0.5-12 51.00 57.00 108.00 WARN
r-patched-linux-x86_64 0.5-12 14.06 17.74 31.80 NOTE
r-patched-solaris-sparc 0.5-12 307.10 NOTE
r-patched-solaris-x86 0.5-12 70.50 NOTE
r-release-linux-x86_64 0.5-12 12.67 18.21 30.88 NOTE
r-release-osx-x86_64-mavericks 0.5-12 OK
r-release-windows-ix86+x86_64 0.5-12 43.00 72.00 115.00 OK
r-oldrel-windows-ix86+x86_64 0.5-12 37.00 49.00 86.00 OK

Check Details

Version: 0.5-12
Check: top-level files
Result: NOTE
    Non-standard file/directory found at top level:
     ‘Done’
Flavors: r-devel-linux-x86_64-debian-clang, r-devel-linux-x86_64-debian-gcc, r-devel-linux-x86_64-fedora-clang, r-devel-linux-x86_64-fedora-gcc, r-patched-linux-x86_64, r-release-linux-x86_64

Version: 0.5-12
Check: S3 generic/method consistency
Result: NOTE
    Found the following apparent S3 methods exported but not registered:
     apply.bigq apply.bigz apply.default as.vector.bigq as.vector.bigz
     matrix.bigq matrix.bigz matrix.default modulus.bigz modulus<-.bigz
     prod.bigq prod.bigz
    See section ‘Registering S3 methods’ in the ‘Writing R Extensions’
    manual.
Flavors: r-devel-linux-x86_64-debian-clang, r-devel-linux-x86_64-debian-gcc, r-devel-linux-x86_64-fedora-clang, r-devel-linux-x86_64-fedora-gcc, r-devel-macos-x86_64-clang, r-patched-linux-x86_64, r-patched-solaris-sparc, r-patched-solaris-x86, r-release-linux-x86_64

Version: 0.5-12
Check: whether package can be installed
Result: WARN
    Found the following significant warnings:
     d:/Compiler/gcc-4.9.3/local330/include/gmp-x64.h:140:23: warning: ISO C++ 1998 does not support 'long long' [-Wlong-long]
     d:/Compiler/gcc-4.9.3/local330/include/gmp-x64.h:141:14: warning: ISO C++ 1998 does not support 'long long' [-Wlong-long]
Flavor: r-devel-windows-ix86+x86_64