CRAN Package Check Results for Package gmp

Last updated on 2014-04-23 12:48:19.

Flavor Version Tinstall Tcheck Ttotal Status Flags
r-devel-linux-x86_64-debian-clang 0.5-11 7.74 20.29 28.03 OK
r-devel-linux-x86_64-debian-gcc 0.5-11 11.72 20.42 32.15 OK
r-devel-linux-x86_64-fedora-clang 0.5-11 60.25 NOTE
r-devel-linux-x86_64-fedora-gcc 0.5-11 61.16 NOTE
r-devel-osx-x86_64-clang 0.5-11 50.69 OK
r-devel-osx-x86_64-gcc 0.5-11 NOTE
r-devel-windows-ix86+x86_64 0.5-11 42.00 45.00 87.00 OK
r-patched-linux-x86_64 0.5-11 11.79 20.68 32.47 OK
r-patched-solaris-sparc 0.5-11 340.00 OK
r-patched-solaris-x86 0.5-11 81.60 OK
r-release-linux-ix86 0.5-11 22.00 38.00 60.00 OK
r-release-linux-x86_64 0.5-11 11.70 20.30 32.00 OK
r-release-osx-x86_64-mavericks 0.5-11 OK
r-release-osx-x86_64-snowleopard 0.5-11 OK
r-release-windows-ix86+x86_64 0.5-11 42.00 46.00 88.00 OK
r-oldrel-windows-ix86+x86_64 0.5-11 43.00 51.00 94.00 OK

Check Details

Version: 0.5-11
Check: top-level files
Result: NOTE
    Non-standard file/directory found at top level:
     ‘Done’
Flavors: r-devel-linux-x86_64-fedora-clang, r-devel-linux-x86_64-fedora-gcc

Version: 0.5-11
Check: package dependencies
Result: NOTE
    Package suggested but not available for checking: ‘Rmpfr’
Flavor: r-devel-osx-x86_64-gcc

Version: 0.5-11
Check: Rd cross-references
Result: NOTE
    Package unavailable to check Rd xrefs: ‘Rmpfr’
Flavor: r-devel-osx-x86_64-gcc