CRAN Package Check Results for Package gmt

Last updated on 2016-07-31 04:51:38.

Flavor Version Tinstall Tcheck Ttotal Status Flags
r-devel-linux-x86_64-debian-clang 1.2-0 0.68 9.66 10.33 NOTE
r-devel-linux-x86_64-debian-gcc 1.2-0 0.72 9.71 10.43 NOTE
r-devel-linux-x86_64-fedora-clang 1.2-0 16.85 NOTE
r-devel-linux-x86_64-fedora-gcc 1.2-0 16.07 NOTE
r-devel-osx-x86_64-clang 1.2-0 16.10 NOTE
r-devel-windows-ix86+x86_64 1.2-0 3.00 24.00 27.00 NOTE
r-patched-linux-x86_64 1.2-0 0.96 9.77 10.73 NOTE
r-patched-solaris-sparc 1.2-0 113.00 NOTE
r-patched-solaris-x86 1.2-0 26.00 NOTE
r-release-linux-x86_64 1.2-0 0.74 11.54 12.28 NOTE
r-release-osx-x86_64-mavericks 1.2-0 NOTE
r-release-windows-ix86+x86_64 1.2-0 3.00 32.00 35.00 NOTE
r-oldrel-windows-ix86+x86_64 1.2-0 3.00 17.00 20.00 OK

Check Details

Version: 1.2-0
Check: R code for possible problems
Result: NOTE
    r2gmt: no visible global function definition for ‘read.table’
    r2gmt: no visible global function definition for ‘write.table’
    Undefined global functions or variables:
     read.table write.table
    Consider adding
     importFrom("utils", "read.table", "write.table")
    to your NAMESPACE file.
Flavors: r-devel-linux-x86_64-debian-clang, r-devel-linux-x86_64-debian-gcc, r-devel-linux-x86_64-fedora-clang, r-devel-linux-x86_64-fedora-gcc, r-devel-osx-x86_64-clang, r-devel-windows-ix86+x86_64, r-patched-linux-x86_64, r-patched-solaris-sparc, r-patched-solaris-x86, r-release-linux-x86_64, r-release-osx-x86_64-mavericks, r-release-windows-ix86+x86_64