CRAN Package Check Results for Package gmt

Last updated on 2016-04-30 18:46:51.

Flavor Version Tinstall Tcheck Ttotal Status Flags
r-devel-linux-x86_64-debian-gcc 1.2-0 0.65 9.57 10.22 NOTE
r-devel-linux-x86_64-fedora-clang 1.2-0 17.15 NOTE
r-devel-linux-x86_64-fedora-gcc 1.2-0 16.38 NOTE
r-devel-osx-x86_64-clang 1.2-0 21.05 NOTE
r-devel-windows-ix86+x86_64 1.2-0 3.00 24.00 27.00 NOTE
r-patched-linux-x86_64 1.2-0 0.69 9.72 10.41 NOTE
r-patched-solaris-sparc 1.2-0 112.10 NOTE
r-patched-solaris-x86 1.2-0 26.20 NOTE
r-release-linux-x86_64 1.2-0 0.67 10.11 10.78 OK
r-release-osx-x86_64-mavericks 1.2-0 OK
r-release-windows-ix86+x86_64 1.2-0 3.00 17.00 20.00 OK
r-oldrel-windows-ix86+x86_64 1.2-0 5.00 19.00 24.00 OK

Check Details

Version: 1.2-0
Check: R code for possible problems
Result: NOTE
    r2gmt: no visible global function definition for ‘read.table’
    r2gmt: no visible global function definition for ‘write.table’
    Undefined global functions or variables:
     read.table write.table
    Consider adding
     importFrom("utils", "read.table", "write.table")
    to your NAMESPACE file.
Flavors: r-devel-linux-x86_64-debian-gcc, r-devel-linux-x86_64-fedora-clang, r-devel-linux-x86_64-fedora-gcc, r-devel-osx-x86_64-clang, r-devel-windows-ix86+x86_64, r-patched-linux-x86_64, r-patched-solaris-sparc, r-patched-solaris-x86