CRAN Package Check Results for Package gmt

Last updated on 2017-06-26 16:46:57.

Flavor Version Tinstall Tcheck Ttotal Status Flags
r-devel-linux-x86_64-debian-clang 2.0-0 0.71 12.45 13.16 OK
r-devel-linux-x86_64-debian-gcc 2.0-0 0.71 11.62 12.33 OK
r-devel-linux-x86_64-fedora-clang 2.0-0 22.73 NOTE
r-devel-linux-x86_64-fedora-gcc 2.0-0 21.54 NOTE
r-devel-windows-ix86+x86_64 2.0-0 4.00 28.00 32.00 OK
r-patched-linux-x86_64 2.0-0 0.78 12.29 13.08 OK
r-patched-solaris-sparc 1.2-0 123.30 NOTE
r-patched-solaris-x86 2.0-0 31.90 NOTE
r-release-linux-x86_64 2.0-0 0.66 12.60 13.26 OK
r-release-windows-ix86+x86_64 2.0-0 3.00 41.00 44.00 OK
r-release-osx-x86_64 1.2-0 NOTE
r-oldrel-windows-ix86+x86_64 2.0-0 3.00 37.00 40.00 OK
r-oldrel-osx-x86_64 2.0-0 NOTE

Check Details

Version: 2.0-0
Check: dependencies in R code
Result: NOTE
    Namespaces in Imports field not imported from:
     ‘Hmisc’ ‘coda’ ‘lattice’ ‘stats’
     All declared Imports should be used.
Flavors: r-devel-linux-x86_64-fedora-clang, r-devel-linux-x86_64-fedora-gcc, r-patched-solaris-x86, r-oldrel-osx-x86_64

Version: 1.2-0
Check: R code for possible problems
Result: NOTE
    r2gmt: no visible global function definition for ‘read.table’
    r2gmt: no visible global function definition for ‘write.table’
    Undefined global functions or variables:
     read.table write.table
    Consider adding
     importFrom("utils", "read.table", "write.table")
    to your NAMESPACE file.
Flavors: r-patched-solaris-sparc, r-release-osx-x86_64