CRAN Package Check Results for Package gmt

Last updated on 2017-02-27 23:48:05.

Flavor Version Tinstall Tcheck Ttotal Status Flags
r-devel-linux-x86_64-debian-clang 1.2-0 0.71 11.61 12.32 NOTE
r-devel-linux-x86_64-debian-gcc 1.2-0 0.81 11.55 12.36 NOTE
r-devel-linux-x86_64-fedora-clang 1.2-0 20.38 NOTE --no-stop-on-test-error
r-devel-linux-x86_64-fedora-gcc 1.2-0 20.37 NOTE --no-stop-on-test-error
r-devel-macos-x86_64-clang 1.2-0 19.08 NOTE --no-stop-on-test-error
r-devel-windows-ix86+x86_64 1.2-0 3.00 57.00 60.00 NOTE
r-patched-linux-x86_64 1.2-0 0.60 10.05 10.65 NOTE
r-patched-solaris-sparc 1.2-0 114.60 NOTE
r-patched-solaris-x86 1.2-0 25.10 NOTE
r-release-linux-x86_64 1.2-0 0.73 10.15 10.88 NOTE
r-release-osx-x86_64-mavericks 1.2-0 NOTE
r-release-windows-ix86+x86_64 1.2-0 3.00 23.00 26.00 NOTE
r-oldrel-windows-ix86+x86_64 1.2-0 3.00 25.00 28.00 OK

Check Details

Version: 1.2-0
Check: R code for possible problems
Result: NOTE
    r2gmt: no visible global function definition for ‘read.table’
    r2gmt: no visible global function definition for ‘write.table’
    Undefined global functions or variables:
     read.table write.table
    Consider adding
     importFrom("utils", "read.table", "write.table")
    to your NAMESPACE file.
Flavors: r-devel-linux-x86_64-debian-clang, r-devel-linux-x86_64-debian-gcc, r-devel-windows-ix86+x86_64, r-patched-linux-x86_64, r-patched-solaris-sparc, r-patched-solaris-x86, r-release-linux-x86_64, r-release-osx-x86_64-mavericks, r-release-windows-ix86+x86_64

Version: 1.2-0
Flags: --no-stop-on-test-error
Check: R code for possible problems
Result: NOTE
    r2gmt: no visible global function definition for ‘read.table’
    r2gmt: no visible global function definition for ‘write.table’
    Undefined global functions or variables:
     read.table write.table
    Consider adding
     importFrom("utils", "read.table", "write.table")
    to your NAMESPACE file.
Flavors: r-devel-linux-x86_64-fedora-clang, r-devel-linux-x86_64-fedora-gcc, r-devel-macos-x86_64-clang