CRAN Package Check Results for Package gmt

Last updated on 2016-12-08 03:54:18.

Flavor Version Tinstall Tcheck Ttotal Status Flags
r-devel-linux-x86_64-debian-clang 1.2-0 0.68 11.32 12.01 NOTE
r-devel-linux-x86_64-debian-gcc 1.2-0 0.70 11.05 11.75 NOTE
r-devel-linux-x86_64-fedora-clang 1.2-0 20.76 NOTE --no-stop-on-test-error
r-devel-linux-x86_64-fedora-gcc 1.2-0 20.07 NOTE --no-stop-on-test-error
r-devel-macos-x86_64-clang 1.2-0 18.97 NOTE
r-devel-windows-ix86+x86_64 1.2-0 3.00 33.00 36.00 NOTE
r-patched-linux-x86_64 1.2-0 0.61 9.79 10.40 NOTE
r-patched-solaris-sparc 1.2-0 113.00 NOTE
r-patched-solaris-x86 1.2-0 25.70 NOTE
r-release-linux-x86_64 1.2-0 0.67 9.64 10.31 NOTE
r-release-osx-x86_64-mavericks 1.2-0 NOTE
r-release-windows-ix86+x86_64 1.2-0 3.00 23.00 26.00 NOTE
r-oldrel-windows-ix86+x86_64 1.2-0 3.00 25.00 28.00 OK

Check Details

Version: 1.2-0
Check: R code for possible problems
Result: NOTE
    r2gmt: no visible global function definition for ‘read.table’
    r2gmt: no visible global function definition for ‘write.table’
    Undefined global functions or variables:
     read.table write.table
    Consider adding
     importFrom("utils", "read.table", "write.table")
    to your NAMESPACE file.
Flavors: r-devel-linux-x86_64-debian-clang, r-devel-linux-x86_64-debian-gcc, r-devel-macos-x86_64-clang, r-devel-windows-ix86+x86_64, r-patched-linux-x86_64, r-patched-solaris-sparc, r-patched-solaris-x86, r-release-linux-x86_64, r-release-osx-x86_64-mavericks, r-release-windows-ix86+x86_64

Version: 1.2-0
Flags: --no-stop-on-test-error
Check: R code for possible problems
Result: NOTE
    r2gmt: no visible global function definition for ‘read.table’
    r2gmt: no visible global function definition for ‘write.table’
    Undefined global functions or variables:
     read.table write.table
    Consider adding
     importFrom("utils", "read.table", "write.table")
    to your NAMESPACE file.
Flavors: r-devel-linux-x86_64-fedora-clang, r-devel-linux-x86_64-fedora-gcc