CRAN Package Check Results for Package gmt

Last updated on 2015-09-04 19:47:25.

Flavor Version Tinstall Tcheck Ttotal Status Flags
r-devel-linux-x86_64-debian-clang 1.2-0 0.60 9.46 10.06 NOTE
r-devel-linux-x86_64-debian-gcc 1.2-0 0.56 9.35 9.92 NOTE
r-devel-linux-x86_64-fedora-clang 1.2-0 17.80 NOTE
r-devel-linux-x86_64-fedora-gcc 1.2-0 16.95 NOTE
r-devel-osx-x86_64-clang 1.2-0 19.12 OK
r-devel-windows-ix86+x86_64 1.2-0 3.00 26.00 29.00 NOTE
r-patched-linux-x86_64 1.2-0 0.64 9.80 10.44 OK
r-patched-solaris-sparc 1.2-0 132.40 OK
r-patched-solaris-x86 1.2-0 29.60 OK
r-release-linux-x86_64 1.2-0 0.64 10.12 10.76 OK
r-release-osx-x86_64-mavericks 1.2-0 OK
r-release-windows-ix86+x86_64 1.2-0 3.00 18.00 21.00 OK
r-oldrel-windows-ix86+x86_64 1.2-0 5.00 19.00 24.00 OK

Check Details

Version: 1.2-0
Check: R code for possible problems
Result: NOTE
    r2gmt: no visible global function definition for ‘read.table’
    r2gmt: no visible global function definition for ‘write.table’
    Undefined global functions or variables:
     read.table write.table
    Consider adding
     importFrom("utils", "read.table", "write.table")
    to your NAMESPACE.
Flavors: r-devel-linux-x86_64-debian-clang, r-devel-linux-x86_64-debian-gcc, r-devel-linux-x86_64-fedora-clang, r-devel-linux-x86_64-fedora-gcc, r-devel-windows-ix86+x86_64