CRAN Package Check Results for Package gmt

Last updated on 2015-07-01 19:47:45.

Flavor Version Tinstall Tcheck Ttotal Status Flags
r-devel-linux-x86_64-debian-clang 1.2-0 0.61 9.42 10.04 NOTE
r-devel-linux-x86_64-debian-gcc 1.2-0 0.60 9.12 9.73 NOTE
r-devel-linux-x86_64-fedora-clang 1.2-0 18.42 NOTE
r-devel-linux-x86_64-fedora-gcc 1.2-0 17.52 NOTE
r-devel-osx-x86_64-clang 1.2-0 20.08 OK
r-devel-windows-ix86+x86_64 1.2-0 3.00 30.00 33.00 OK
r-patched-linux-x86_64 1.2-0 0.64 9.58 10.22 OK
r-patched-solaris-sparc 1.2-0 132.90 OK
r-patched-solaris-x86 1.2-0 29.40 OK
r-release-linux-x86_64 1.2-0 0.63 9.92 10.54 OK
r-release-osx-x86_64-mavericks 1.2-0 OK
r-release-windows-ix86+x86_64 1.2-0 3.00 16.00 19.00 OK
r-oldrel-windows-ix86+x86_64 1.2-0 5.00 19.00 24.00 OK

Check Details

Version: 1.2-0
Check: R code for possible problems
Result: NOTE
    r2gmt: no visible global function definition for ‘read.table’
    r2gmt: no visible global function definition for ‘write.table’
Flavors: r-devel-linux-x86_64-debian-clang, r-devel-linux-x86_64-debian-gcc, r-devel-linux-x86_64-fedora-clang, r-devel-linux-x86_64-fedora-gcc