CRAN Package Check Results for Package gmt

Last updated on 2017-08-20 05:47:07.

Flavor Version Tinstall Tcheck Ttotal Status Flags
r-devel-linux-x86_64-debian-clang 2.0-0 0.71 12.49 13.20 OK
r-devel-linux-x86_64-debian-gcc 2.0-0 0.68 12.06 12.74 OK
r-devel-linux-x86_64-fedora-clang 2.0-0 21.52 NOTE
r-devel-linux-x86_64-fedora-gcc 2.0-0 20.73 NOTE
r-devel-windows-ix86+x86_64 2.0-0 3.00 25.00 28.00 OK
r-patched-linux-x86_64 2.0-0 0.82 12.37 13.19 OK
r-patched-solaris-x86 2.0-0 31.90 NOTE
r-release-linux-x86_64 2.0-0 0.73 12.57 13.31 OK
r-release-windows-ix86+x86_64 2.0-0 5.00 40.00 45.00 OK
r-release-osx-x86_64 2.0-0 NOTE
r-oldrel-windows-ix86+x86_64 2.0-0 3.00 43.00 46.00 OK
r-oldrel-osx-x86_64 2.0-0 NOTE

Check Details

Version: 2.0-0
Check: dependencies in R code
Result: NOTE
    Namespaces in Imports field not imported from:
     ‘Hmisc’ ‘coda’ ‘lattice’ ‘stats’
     All declared Imports should be used.
Flavors: r-devel-linux-x86_64-fedora-clang, r-devel-linux-x86_64-fedora-gcc, r-patched-solaris-x86, r-release-osx-x86_64, r-oldrel-osx-x86_64