CRAN Package Check Results for Package gmt

Last updated on 2017-04-26 21:47:15.

Flavor Version Tinstall Tcheck Ttotal Status Flags
r-devel-linux-x86_64-debian-clang 1.2-0 0.68 11.82 12.49 NOTE
r-devel-linux-x86_64-debian-gcc 1.2-0 0.66 11.42 12.09 NOTE
r-devel-linux-x86_64-fedora-clang 1.2-0 20.57 NOTE --no-stop-on-test-error
r-devel-linux-x86_64-fedora-gcc 1.2-0 19.64 NOTE --no-stop-on-test-error
r-devel-windows-ix86+x86_64 1.2-0 6.00 34.00 40.00 NOTE
r-patched-linux-x86_64 1.2-0 0.70 11.95 12.66 NOTE
r-patched-solaris-sparc 1.2-0 123.30 NOTE
r-patched-solaris-x86 1.2-0 28.60 NOTE
r-release-linux-x86_64 1.2-0 0.69 12.03 12.72 NOTE
r-release-windows-ix86+x86_64 1.2-0 3.00 25.00 28.00 NOTE
r-release-osx-x86_64 1.2-0 NOTE
r-oldrel-windows-ix86+x86_64 1.2-0 3.00 23.00 26.00 NOTE
r-oldrel-osx-x86_64 1.2-0 NOTE

Check Details

Version: 1.2-0
Check: R code for possible problems
Result: NOTE
    r2gmt: no visible global function definition for ‘read.table’
    r2gmt: no visible global function definition for ‘write.table’
    Undefined global functions or variables:
     read.table write.table
    Consider adding
     importFrom("utils", "read.table", "write.table")
    to your NAMESPACE file.
Flavors: r-devel-linux-x86_64-debian-clang, r-devel-linux-x86_64-debian-gcc, r-devel-windows-ix86+x86_64, r-patched-linux-x86_64, r-patched-solaris-sparc, r-patched-solaris-x86, r-release-linux-x86_64, r-release-windows-ix86+x86_64, r-release-osx-x86_64, r-oldrel-windows-ix86+x86_64, r-oldrel-osx-x86_64

Version: 1.2-0
Flags: --no-stop-on-test-error
Check: R code for possible problems
Result: NOTE
    r2gmt: no visible global function definition for ‘read.table’
    r2gmt: no visible global function definition for ‘write.table’
    Undefined global functions or variables:
     read.table write.table
    Consider adding
     importFrom("utils", "read.table", "write.table")
    to your NAMESPACE file.
Flavors: r-devel-linux-x86_64-fedora-clang, r-devel-linux-x86_64-fedora-gcc