CRAN Package Check Results for Package gmt

Last updated on 2016-02-06 11:48:14.

Flavor Version Tinstall Tcheck Ttotal Status Flags
r-devel-linux-x86_64-debian-gcc 1.2-0 0.65 8.68 9.33 NOTE
r-devel-linux-x86_64-fedora-clang 1.2-0 17.21 NOTE
r-devel-linux-x86_64-fedora-gcc 1.2-0 15.95 NOTE
r-devel-osx-x86_64-clang 1.2-0 20.43 NOTE
r-devel-windows-ix86+x86_64 1.2-0 6.00 20.00 26.00 NOTE
r-patched-linux-x86_64 1.2-0 0.66 9.54 10.20 OK
r-patched-solaris-sparc 1.2-0 109.30 OK
r-patched-solaris-x86 1.2-0 24.90 OK
r-release-linux-x86_64 1.2-0 0.65 9.54 10.19 OK
r-release-osx-x86_64-mavericks 1.2-0 OK
r-release-windows-ix86+x86_64 1.2-0 3.00 17.00 20.00 OK
r-oldrel-windows-ix86+x86_64 1.2-0 5.00 19.00 24.00 OK

Check Details

Version: 1.2-0
Check: R code for possible problems
Result: NOTE
    r2gmt: no visible global function definition for ‘read.table’
    r2gmt: no visible global function definition for ‘write.table’
    Undefined global functions or variables:
     read.table write.table
    Consider adding
     importFrom("utils", "read.table", "write.table")
    to your NAMESPACE.
Flavors: r-devel-linux-x86_64-debian-gcc, r-devel-linux-x86_64-fedora-clang, r-devel-linux-x86_64-fedora-gcc, r-devel-windows-ix86+x86_64

Version: 1.2-0
Check: R code for possible problems
Result: NOTE
    r2gmt: no visible global function definition for ‘read.table’
    r2gmt: no visible global function definition for ‘write.table’
    Undefined global functions or variables:
     read.table write.table
    Consider adding
     importFrom("utils", "read.table", "write.table")
    to your NAMESPACE file.
Flavor: r-devel-osx-x86_64-clang