CRAN Package Check Results for Package gmt

Last updated on 2016-05-30 13:47:32.

Flavor Version Tinstall Tcheck Ttotal Status Flags
r-devel-linux-x86_64-debian-gcc 1.2-0 0.68 9.98 10.66 NOTE
r-devel-linux-x86_64-fedora-clang 1.2-0 18.84 NOTE
r-devel-linux-x86_64-fedora-gcc 1.2-0 16.15 NOTE
r-devel-osx-x86_64-clang 1.2-0 21.64 NOTE
r-devel-windows-ix86+x86_64 1.2-0 3.00 21.00 24.00 NOTE
r-patched-linux-x86_64 1.2-0 0.64 9.77 10.41 NOTE
r-patched-solaris-sparc 1.2-0 111.50 NOTE
r-patched-solaris-x86 1.2-0 26.30 NOTE
r-release-linux-x86_64 1.2-0 0.61 9.83 10.44 NOTE
r-release-osx-x86_64-mavericks 1.2-0 NOTE
r-release-windows-ix86+x86_64 1.2-0 3.00 32.00 35.00 NOTE
r-oldrel-windows-ix86+x86_64 1.2-0 3.00 17.00 20.00 OK

Check Details

Version: 1.2-0
Check: R code for possible problems
Result: NOTE
    r2gmt: no visible global function definition for ‘read.table’
    r2gmt: no visible global function definition for ‘write.table’
    Undefined global functions or variables:
     read.table write.table
    Consider adding
     importFrom("utils", "read.table", "write.table")
    to your NAMESPACE file.
Flavors: r-devel-linux-x86_64-debian-gcc, r-devel-linux-x86_64-fedora-clang, r-devel-linux-x86_64-fedora-gcc, r-devel-osx-x86_64-clang, r-devel-windows-ix86+x86_64, r-patched-linux-x86_64, r-patched-solaris-sparc, r-patched-solaris-x86, r-release-linux-x86_64, r-release-osx-x86_64-mavericks, r-release-windows-ix86+x86_64