CRAN Package Check Results for Package gnm

Last updated on 2015-07-05 17:47:29.

Flavor Version Tinstall Tcheck Ttotal Status Flags
r-devel-linux-x86_64-debian-clang 1.0-8 3.76 92.36 96.11 NOTE
r-devel-linux-x86_64-debian-gcc 1.0-8 3.83 89.01 92.84 NOTE
r-devel-linux-x86_64-fedora-clang 1.0-8 188.53 NOTE
r-devel-linux-x86_64-fedora-gcc 1.0-8 179.30 NOTE
r-devel-osx-x86_64-clang 1.0-8 155.11 NOTE
r-devel-windows-ix86+x86_64 1.0-8 13.00 272.00 285.00 NOTE
r-patched-linux-x86_64 1.0-8 3.65 91.36 95.01 NOTE
r-patched-solaris-sparc 1.0-8 1180.20 NOTE
r-patched-solaris-x86 1.0-8 245.80 NOTE
r-release-linux-x86_64 1.0-8 3.64 90.22 93.86 NOTE
r-release-osx-x86_64-mavericks 1.0-8 NOTE
r-release-windows-ix86+x86_64 1.0-8 17.00 183.00 200.00 NOTE
r-oldrel-windows-ix86+x86_64 1.0-8 19.00 213.00 232.00 NOTE

Check Details

Version: 1.0-8
Check: R code for possible problems
Result: NOTE
    confint.gnm: no visible global function definition for ‘flush.console’
    hatvalues.gnm: no visible global function definition for ‘as’
    plot.gnm: no visible binding for global variable ‘panel.smooth’
    plot.gnm: no visible binding for global variable ‘points’
    plot.gnm: no visible global function definition for ‘par’
    plot.gnm: no visible global function definition for ‘dev.interactive’
    plot.gnm : text.id: no visible global function definition for ‘text’
    plot.gnm : getCaption: no visible global function definition for
     ‘as.graphicsAnnot’
    plot.gnm: no visible global function definition for ‘devAskNewPage’
    plot.gnm: no visible global function definition for ‘extendrange’
    plot.gnm: no visible global function definition for ‘title’
    plot.gnm: no visible global function definition for ‘mtext’
    plot.gnm: no visible global function definition for ‘strheight’
    plot.gnm: no visible global function definition for ‘abline’
    plot.gnm: no visible global function definition for ‘axis’
    plot.gnm: no visible global function definition for ‘frame’
    plot.gnm: no visible global function definition for ‘lines’
    plot.gnm: no visible global function definition for ‘legend’
    plot.profile.gnm: no visible global function definition for ‘par’
    plot.profile.gnm: no visible global function definition for ‘points’
    plot.profile.gnm: no visible global function definition for ‘lines’
    prattle: no visible global function definition for ‘flush.console’
    predict.gnm: no visible binding for global variable ‘eliminate’
    Undefined global functions or variables:
     abline as as.graphicsAnnot axis dev.interactive devAskNewPage
     eliminate extendrange flush.console frame legend lines mtext
     panel.smooth par points strheight text title
Flavors: r-devel-linux-x86_64-debian-clang, r-devel-linux-x86_64-debian-gcc, r-devel-linux-x86_64-fedora-clang, r-devel-linux-x86_64-fedora-gcc, r-devel-windows-ix86+x86_64

Version: 1.0-8
Check: R code for possible problems
Result: NOTE
    predict.gnm: no visible binding for global variable ‘eliminate’
    Undefined global functions or variables:
     eliminate
Flavor: r-devel-osx-x86_64-clang

Version: 1.0-8
Check: R code for possible problems
Result: NOTE
    predict.gnm: no visible binding for global variable ‘eliminate’
Flavors: r-patched-linux-x86_64, r-patched-solaris-sparc, r-patched-solaris-x86, r-release-linux-x86_64, r-release-osx-x86_64-mavericks, r-release-windows-ix86+x86_64, r-oldrel-windows-ix86+x86_64