CRAN Package Check Results for Package gnm

Last updated on 2015-04-25 03:47:44.

Flavor Version Tinstall Tcheck Ttotal Status Flags
r-devel-linux-x86_64-debian-clang 1.0-8 3.56 91.45 95.01 NOTE
r-devel-linux-x86_64-debian-gcc 1.0-8 3.62 90.66 94.29 NOTE
r-devel-linux-x86_64-fedora-clang 1.0-8 194.01 NOTE
r-devel-linux-x86_64-fedora-gcc 1.0-8 186.64 NOTE
r-devel-osx-x86_64-clang 1.0-8 119.85 NOTE
r-devel-windows-ix86+x86_64 1.0-8 13.00 178.00 191.00 NOTE
r-patched-linux-x86_64 1.0-8 5.18 92.31 97.49 NOTE
r-patched-solaris-sparc 1.0-8 1048.10 NOTE
r-patched-solaris-x86 1.0-8 206.80 NOTE
r-release-linux-x86_64 1.0-8 4.68 91.28 95.96 NOTE
r-release-osx-x86_64-mavericks 1.0-8 NOTE
r-release-osx-x86_64-snowleopard 1.0-8 NOTE
r-release-windows-ix86+x86_64 1.0-8 15.00 177.00 192.00 NOTE
r-oldrel-windows-ix86+x86_64 1.0-7 13.00 195.00 208.00 NOTE

Check Details

Version: 1.0-8
Check: R code for possible problems
Result: NOTE
    predict.gnm: no visible binding for global variable 'eliminate'
Flavors: r-devel-windows-ix86+x86_64, r-patched-linux-x86_64, r-release-windows-ix86+x86_64

Version: 1.0-7
Check: dependencies in R code
Result: NOTE
    Unexported objects imported by ':::' calls:
     'stats:::safe_pchisq' 'stats:::safe_pf'
     See the note in ?`:::` about the use of this operator.
Flavor: r-oldrel-windows-ix86+x86_64