CRAN Package Check Results for Package gnm

Last updated on 2017-04-27 11:53:35.

Flavor Version Tinstall Tcheck Ttotal Status Flags
r-devel-linux-x86_64-debian-clang 1.0-8 3.50 98.71 102.21 NOTE
r-devel-linux-x86_64-debian-gcc 1.0-8 3.83 92.93 96.77 NOTE
r-devel-linux-x86_64-fedora-clang 1.0-8 211.36 NOTE --no-stop-on-test-error
r-devel-linux-x86_64-fedora-gcc 1.0-8 205.05 NOTE --no-stop-on-test-error
r-devel-windows-ix86+x86_64 1.0-8 10.00 286.00 296.00 NOTE
r-patched-linux-x86_64 1.0-8 3.63 94.53 98.16 NOTE
r-patched-solaris-sparc 1.0-8 1225.90 NOTE
r-patched-solaris-x86 1.0-8 264.30 NOTE
r-release-linux-x86_64 1.0-8 3.36 96.13 99.49 NOTE
r-release-windows-ix86+x86_64 1.0-8 12.00 245.00 257.00 NOTE
r-release-osx-x86_64 1.0-8 NOTE
r-oldrel-windows-ix86+x86_64 1.0-8 13.00 191.00 204.00 NOTE
r-oldrel-osx-x86_64 1.0-8 NOTE

Check Details

Version: 1.0-8
Check: R code for possible problems
Result: NOTE
    confint.gnm: no visible global function definition for ‘flush.console’
    hatvalues.gnm: no visible global function definition for ‘as’
    plot.gnm: no visible binding for global variable ‘panel.smooth’
    plot.gnm: no visible binding for global variable ‘points’
    plot.gnm: no visible global function definition for ‘par’
    plot.gnm: no visible global function definition for ‘dev.interactive’
    plot.gnm : text.id: no visible global function definition for ‘text’
    plot.gnm : getCaption: no visible global function definition for
     ‘as.graphicsAnnot’
    plot.gnm: no visible global function definition for ‘devAskNewPage’
    plot.gnm: no visible global function definition for ‘extendrange’
    plot.gnm: no visible global function definition for ‘title’
    plot.gnm: no visible global function definition for ‘mtext’
    plot.gnm: no visible global function definition for ‘strheight’
    plot.gnm: no visible global function definition for ‘abline’
    plot.gnm: no visible global function definition for ‘axis’
    plot.gnm: no visible global function definition for ‘frame’
    plot.gnm: no visible global function definition for ‘lines’
    plot.gnm: no visible global function definition for ‘legend’
    plot.profile.gnm: no visible global function definition for ‘par’
    plot.profile.gnm: no visible global function definition for ‘points’
    plot.profile.gnm: no visible global function definition for ‘lines’
    prattle: no visible global function definition for ‘flush.console’
    predict.gnm: no visible binding for global variable ‘eliminate’
    Undefined global functions or variables:
     abline as as.graphicsAnnot axis dev.interactive devAskNewPage
     eliminate extendrange flush.console frame legend lines mtext
     panel.smooth par points strheight text title
    Consider adding
     importFrom("grDevices", "as.graphicsAnnot", "dev.interactive",
     "devAskNewPage", "extendrange")
     importFrom("graphics", "abline", "axis", "frame", "legend", "lines",
     "mtext", "panel.smooth", "par", "points", "strheight",
     "text", "title")
     importFrom("methods", "as")
     importFrom("utils", "flush.console")
    to your NAMESPACE file (and ensure that your DESCRIPTION Imports field
    contains 'methods').
Flavors: r-devel-linux-x86_64-debian-clang, r-devel-linux-x86_64-debian-gcc, r-devel-windows-ix86+x86_64, r-patched-linux-x86_64, r-patched-solaris-sparc, r-patched-solaris-x86, r-release-linux-x86_64, r-release-windows-ix86+x86_64, r-release-osx-x86_64, r-oldrel-windows-ix86+x86_64, r-oldrel-osx-x86_64

Version: 1.0-8
Check: compiled code
Result: NOTE
    File ‘gnm/libs/gnm.so’:
     Found no calls to: ‘R_registerRoutines’, ‘R_useDynamicSymbols’
    
    It is good practice to register native routines and to disable symbol
    search.
    
    See ‘Writing portable packages’ in the ‘Writing R Extensions’ manual.
Flavors: r-devel-linux-x86_64-debian-clang, r-devel-linux-x86_64-debian-gcc, r-patched-linux-x86_64, r-release-linux-x86_64

Version: 1.0-8
Flags: --no-stop-on-test-error
Check: R code for possible problems
Result: NOTE
    confint.gnm: no visible global function definition for ‘flush.console’
    hatvalues.gnm: no visible global function definition for ‘as’
    plot.gnm: no visible binding for global variable ‘panel.smooth’
    plot.gnm: no visible binding for global variable ‘points’
    plot.gnm: no visible global function definition for ‘par’
    plot.gnm: no visible global function definition for ‘dev.interactive’
    plot.gnm : text.id: no visible global function definition for ‘text’
    plot.gnm : getCaption: no visible global function definition for
     ‘as.graphicsAnnot’
    plot.gnm: no visible global function definition for ‘devAskNewPage’
    plot.gnm: no visible global function definition for ‘extendrange’
    plot.gnm: no visible global function definition for ‘title’
    plot.gnm: no visible global function definition for ‘mtext’
    plot.gnm: no visible global function definition for ‘strheight’
    plot.gnm: no visible global function definition for ‘abline’
    plot.gnm: no visible global function definition for ‘axis’
    plot.gnm: no visible global function definition for ‘frame’
    plot.gnm: no visible global function definition for ‘lines’
    plot.gnm: no visible global function definition for ‘legend’
    plot.profile.gnm: no visible global function definition for ‘par’
    plot.profile.gnm: no visible global function definition for ‘points’
    plot.profile.gnm: no visible global function definition for ‘lines’
    prattle: no visible global function definition for ‘flush.console’
    predict.gnm: no visible binding for global variable ‘eliminate’
    Undefined global functions or variables:
     abline as as.graphicsAnnot axis dev.interactive devAskNewPage
     eliminate extendrange flush.console frame legend lines mtext
     panel.smooth par points strheight text title
    Consider adding
     importFrom("grDevices", "as.graphicsAnnot", "dev.interactive",
     "devAskNewPage", "extendrange")
     importFrom("graphics", "abline", "axis", "frame", "legend", "lines",
     "mtext", "panel.smooth", "par", "points", "strheight",
     "text", "title")
     importFrom("methods", "as")
     importFrom("utils", "flush.console")
    to your NAMESPACE file (and ensure that your DESCRIPTION Imports field
    contains 'methods').
Flavors: r-devel-linux-x86_64-fedora-clang, r-devel-linux-x86_64-fedora-gcc

Version: 1.0-8
Flags: --no-stop-on-test-error
Check: compiled code
Result: NOTE
    File ‘gnm/libs/gnm.so’:
     Found no calls to: ‘R_registerRoutines’, ‘R_useDynamicSymbols’
    
    It is good practice to register native routines and to disable symbol
    search.
    
    See ‘Writing portable packages’ in the ‘Writing R Extensions’ manual.
Flavors: r-devel-linux-x86_64-fedora-clang, r-devel-linux-x86_64-fedora-gcc

Version: 1.0-8
Check: re-building of vignette outputs
Result: NOTE
    Error in re-building vignettes:
     ...
    
    Warning in setCoefs - ref %*% setCoefs :
     Recycling array of length 1 in vector-array arithmetic is deprecated.
     Use c() or as.vector() instead.
    
    Warning in setCoefs - scaleRef %*% setCoefs :
     Recycling array of length 1 in vector-array arithmetic is deprecated.
     Use c() or as.vector() instead.
    
    Warning in setCoefs - ref %*% setCoefs :
     Recycling array of length 1 in vector-array arithmetic is deprecated.
     Use c() or as.vector() instead.
    
    Error in texi2dvi(file = file, pdf = TRUE, clean = clean, quiet = quiet, :
     Running 'texi2dvi' on 'gnmOverview.tex' failed.
    BibTeX errors:
    The top-level auxiliary file: gnmOverview.aux
    I couldn't open style file chicago.bst
    ---line 181 of file gnmOverview.aux
     : \bibstyle{chicago
     : }
    I'm skipping whatever remains of this command
    I found no style file---while reading file gnmOverview.aux
    Calls: buildVignettes -> texi2pdf -> texi2dvi
    Execution halted
Flavor: r-release-osx-x86_64