CRAN Package Check Results for Package gnm

Last updated on 2015-03-01 03:48:35.

Flavor Version Tinstall Tcheck Ttotal Status Flags
r-devel-linux-x86_64-debian-clang 1.0-7 3.85 93.40 97.25 NOTE
r-devel-linux-x86_64-debian-gcc 1.0-7 4.06 89.92 93.98 NOTE
r-devel-linux-x86_64-fedora-clang 1.0-7 191.65 NOTE
r-devel-linux-x86_64-fedora-gcc 1.0-7 187.02 NOTE
r-devel-osx-x86_64-clang 1.0-7 164.37 NOTE
r-devel-windows-ix86+x86_64 1.0-7 17.00 184.00 201.00 NOTE
r-patched-linux-x86_64 1.0-7 5.71 108.46 114.17 NOTE
r-patched-solaris-sparc 1.0-7 1452.10 NOTE
r-patched-solaris-x86 1.0-7 308.70 NOTE
r-release-linux-ix86 1.0-7 5.71 126.97 132.68 NOTE
r-release-linux-x86_64 1.0-7 5.02 105.83 110.85 NOTE
r-release-osx-x86_64-mavericks 1.0-7 NOTE
r-release-osx-x86_64-snowleopard 1.0-7 NOTE
r-release-windows-ix86+x86_64 1.0-7 15.00 221.00 236.00 NOTE
r-oldrel-windows-ix86+x86_64 1.0-7 15.00 206.00 221.00 NOTE

Check Details

Version: 1.0-7
Check: dependencies in R code
Result: NOTE
    Unexported objects imported by ':::' calls:
     ‘stats:::safe_pchisq’ ‘stats:::safe_pf’
     See the note in ?`:::` about the use of this operator.
Flavors: r-devel-linux-x86_64-debian-clang, r-devel-linux-x86_64-debian-gcc, r-devel-linux-x86_64-fedora-clang, r-devel-linux-x86_64-fedora-gcc, r-devel-osx-x86_64-clang, r-devel-windows-ix86+x86_64, r-patched-linux-x86_64, r-patched-solaris-x86

Version: 1.0-7
Check: dependencies in R code
Result: NOTE
    Unexported objects imported by ':::' calls:
     ‘stats:::safe_pchisq’ ‘stats:::safe_pf’
     See the note in ?`:::` about the use of this operator.
    See the information on DESCRIPTION files in the chapter ‘Creating R
    packages’ of the ‘Writing R Extensions’ manual.
Flavors: r-patched-solaris-sparc, r-release-linux-ix86, r-release-linux-x86_64, r-release-osx-x86_64-mavericks, r-release-osx-x86_64-snowleopard, r-release-windows-ix86+x86_64, r-oldrel-windows-ix86+x86_64

Version: 1.0-7
Check: package dependencies
Result: NOTE
    Package suggested but not available for checking: 'vcdExtra'
Flavor: r-release-osx-x86_64-snowleopard