CRAN Package Check Results for Package gnm

Last updated on 2014-04-23 12:48:19.

Flavor Version Tinstall Tcheck Ttotal Status Flags
r-devel-linux-x86_64-debian-clang 1.0-7 5.34 111.20 116.54 NOTE
r-devel-linux-x86_64-debian-gcc 1.0-7 5.60 111.10 116.70 NOTE
r-devel-linux-x86_64-fedora-clang 1.0-7 263.86 NOTE
r-devel-linux-x86_64-fedora-gcc 1.0-7 257.90 NOTE
r-devel-osx-x86_64-clang 1.0-7 191.95 NOTE
r-devel-osx-x86_64-gcc 1.0-7 NOTE
r-devel-windows-ix86+x86_64 1.0-7 14.00 218.00 232.00 NOTE
r-patched-linux-x86_64 1.0-7 5.22 110.46 115.69 NOTE
r-patched-solaris-sparc 1.0-7 1380.50 NOTE
r-patched-solaris-x86 1.0-7 351.80 NOTE
r-release-linux-ix86 1.0-7 8.00 170.00 178.00 NOTE
r-release-linux-x86_64 1.0-7 5.64 111.38 117.02 NOTE
r-release-osx-x86_64-mavericks 1.0-7 WARN
r-release-osx-x86_64-snowleopard 1.0-7 NOTE
r-release-windows-ix86+x86_64 1.0-7 14.00 215.00 229.00 NOTE
r-oldrel-windows-ix86+x86_64 1.0-7 13.00 203.00 216.00 NOTE

Check Details

Version: 1.0-7
Check: dependencies in R code
Result: NOTE
    Unexported objects imported by ':::' calls:
     ‘stats:::safe_pchisq’ ‘stats:::safe_pf’
     See the note in ?`:::` about the use of this operator.
    See the information on DESCRIPTION files in the chapter ‘Creating R
    packages’ of the ‘Writing R Extensions’ manual.
Flavors: r-devel-linux-x86_64-debian-clang, r-devel-linux-x86_64-debian-gcc, r-devel-linux-x86_64-fedora-clang, r-devel-linux-x86_64-fedora-gcc, r-devel-osx-x86_64-clang, r-devel-osx-x86_64-gcc, r-devel-windows-ix86+x86_64, r-patched-linux-x86_64, r-patched-solaris-sparc, r-patched-solaris-x86, r-release-linux-ix86, r-release-linux-x86_64, r-release-osx-x86_64-mavericks, r-release-osx-x86_64-snowleopard, r-release-windows-ix86+x86_64, r-oldrel-windows-ix86+x86_64

Version: 1.0-7
Check: package dependencies
Result: NOTE
    Package suggested but not available for checking: ‘vcdExtra’
Flavors: r-devel-osx-x86_64-gcc, r-release-osx-x86_64-mavericks, r-release-osx-x86_64-snowleopard

Version: 1.0-7
Check: Rd cross-references
Result: NOTE
    Package unavailable to check Rd xrefs: ‘catspec’
Flavor: r-devel-osx-x86_64-gcc

Version: 1.0-7
Check: re-building of vignette outputs
Result: NOTE
    Error in re-building vignettes:
     ...
    Refitting with parameters of first Dref weight constrained to zero
    Refitting with parameters of first Dref weight constrained to zero
    Refitting with parameters of first Dref weight constrained to zero
    Error in texi2dvi(file = file, pdf = TRUE, clean = clean, quiet = quiet, :
     Running 'texi2dvi' on 'gnmOverview.tex' failed.
    BibTeX errors:
    The top-level auxiliary file: gnmOverview.aux
    I couldn't open style file chicago.bst
    ---line 178 of file gnmOverview.aux
     : \bibstyle{chicago
     : }
    I'm skipping whatever remains of this command
    I found no style file---while reading file gnmOverview.aux
    Calls: buildVignettes -> texi2pdf -> texi2dvi
    Execution halted
Flavor: r-release-osx-x86_64-mavericks

Version: 1.0-7
Check: PDF version of manual
Result: WARNING
    LaTeX errors when creating PDF version.
    This typically indicates Rd problems.
    LaTeX errors found:
    ! LaTeX Error: File `upquote.sty' not found.
    
    Type X to quit or <RETURN> to proceed,
    or enter new name. (Default extension: sty)
    
    147a5a/Rd2.tex:8: ==> Fatal error occurred, no output PDF file produced!
Flavor: r-release-osx-x86_64-mavericks