CRAN Package Check Results for Package gnm

Last updated on 2015-01-30 14:48:49.

Flavor Version Tinstall Tcheck Ttotal Status Flags
r-devel-linux-x86_64-debian-clang 1.0-7 4.57 100.33 104.90 NOTE
r-devel-linux-x86_64-debian-gcc 1.0-7 4.88 98.61 103.49 NOTE
r-devel-linux-x86_64-fedora-clang 1.0-7 240.88 NOTE
r-devel-linux-x86_64-fedora-gcc 1.0-7 229.14 NOTE
r-devel-osx-x86_64-clang 1.0-7 207.69 NOTE
r-devel-windows-ix86+x86_64 1.0-7 19.00 192.00 211.00 NOTE
r-patched-linux-x86_64 1.0-7 4.98 110.42 115.41 NOTE
r-patched-solaris-sparc 1.0-7 1452.10 NOTE
r-patched-solaris-x86 1.0-7 332.10 NOTE
r-release-linux-ix86 1.0-7 6.03 129.31 135.34 NOTE
r-release-linux-x86_64 1.0-7 5.22 109.57 114.79 NOTE
r-release-osx-x86_64-mavericks 1.0-7 NOTE
r-release-osx-x86_64-snowleopard 1.0-7 NOTE
r-release-windows-ix86+x86_64 1.0-7 15.00 214.00 229.00 NOTE
r-oldrel-windows-ix86+x86_64 1.0-7 16.00 212.00 228.00 NOTE

Check Details

Version: 1.0-7
Check: dependencies in R code
Result: NOTE
    Unexported objects imported by ':::' calls:
     ‘stats:::safe_pchisq’ ‘stats:::safe_pf’
     See the note in ?`:::` about the use of this operator.
Flavors: r-devel-linux-x86_64-debian-clang, r-devel-linux-x86_64-debian-gcc, r-devel-linux-x86_64-fedora-clang, r-devel-linux-x86_64-fedora-gcc, r-devel-osx-x86_64-clang, r-devel-windows-ix86+x86_64

Version: 1.0-7
Check: dependencies in R code
Result: NOTE
    Unexported objects imported by ':::' calls:
     ‘stats:::safe_pchisq’ ‘stats:::safe_pf’
     See the note in ?`:::` about the use of this operator.
    See the information on DESCRIPTION files in the chapter ‘Creating R
    packages’ of the ‘Writing R Extensions’ manual.
Flavors: r-patched-linux-x86_64, r-patched-solaris-sparc, r-patched-solaris-x86, r-release-linux-ix86, r-release-linux-x86_64, r-release-osx-x86_64-mavericks, r-release-osx-x86_64-snowleopard, r-release-windows-ix86+x86_64, r-oldrel-windows-ix86+x86_64

Version: 1.0-7
Check: package dependencies
Result: NOTE
    Package suggested but not available for checking: 'vcdExtra'
Flavor: r-release-osx-x86_64-snowleopard