CRAN Package Check Results for Package gnm

Last updated on 2014-10-02 11:48:07.

Flavor Version Tinstall Tcheck Ttotal Status Flags
r-devel-linux-x86_64-debian-clang 1.0-7 5.88 104.02 109.90 NOTE
r-devel-linux-x86_64-debian-gcc 1.0-7 4.89 104.20 109.08 NOTE
r-devel-linux-x86_64-fedora-clang 1.0-7 251.89 NOTE
r-devel-linux-x86_64-fedora-gcc 1.0-7 244.48 NOTE
r-devel-osx-x86_64-clang 1.0-7 195.10 NOTE
r-devel-windows-ix86+x86_64 1.0-7 14.00 184.00 198.00 NOTE
r-patched-linux-x86_64 1.0-7 5.18 110.60 115.78 NOTE
r-patched-solaris-sparc 1.0-7 1457.20 NOTE
r-patched-solaris-x86 1.0-7 339.00 NOTE
r-release-linux-ix86 1.0-7 6.30 135.27 141.57 NOTE
r-release-linux-x86_64 1.0-7 5.30 111.10 116.40 NOTE
r-release-osx-x86_64-mavericks 1.0-7 NOTE
r-release-osx-x86_64-snowleopard 1.0-7 NOTE
r-release-windows-ix86+x86_64 1.0-7 15.00 206.00 221.00 NOTE
r-oldrel-windows-ix86+x86_64 1.0-7 14.00 211.00 225.00 NOTE

Check Details

Version: 1.0-7
Check: dependencies in R code
Result: NOTE
    Unexported objects imported by ':::' calls:
     ‘stats:::safe_pchisq’ ‘stats:::safe_pf’
     See the note in ?`:::` about the use of this operator.
    See the information on DESCRIPTION files in the chapter ‘Creating R
    packages’ of the ‘Writing R Extensions’ manual.
Flavors: r-devel-linux-x86_64-debian-clang, r-devel-linux-x86_64-debian-gcc, r-devel-linux-x86_64-fedora-clang, r-devel-linux-x86_64-fedora-gcc, r-devel-osx-x86_64-clang, r-devel-windows-ix86+x86_64, r-patched-linux-x86_64, r-patched-solaris-sparc, r-patched-solaris-x86, r-release-linux-ix86, r-release-linux-x86_64, r-release-osx-x86_64-mavericks, r-release-osx-x86_64-snowleopard, r-release-windows-ix86+x86_64, r-oldrel-windows-ix86+x86_64

Version: 1.0-7
Check: re-building of vignette outputs
Result: NOTE
    Error in re-building vignettes:
     ...
    Refitting with parameters of first Dref weight constrained to zero
    Refitting with parameters of first Dref weight constrained to zero
    Refitting with parameters of first Dref weight constrained to zero
    Error in texi2dvi(file = file, pdf = TRUE, clean = clean, quiet = quiet, :
     Running 'texi2dvi' on 'gnmOverview.tex' failed.
    BibTeX errors:
    The top-level auxiliary file: gnmOverview.aux
    I couldn't open style file chicago.bst
    ---line 178 of file gnmOverview.aux
     : \bibstyle{chicago
     : }
    I'm skipping whatever remains of this command
    I found no style file---while reading file gnmOverview.aux
    Calls: buildVignettes -> texi2pdf -> texi2dvi
    Execution halted
Flavor: r-release-osx-x86_64-mavericks

Version: 1.0-7
Check: package dependencies
Result: NOTE
    Package suggested but not available for checking: 'vcdExtra'
Flavor: r-release-osx-x86_64-snowleopard