CRAN Package Check Results for Package gnm

Last updated on 2015-05-25 19:47:10.

Flavor Version Tinstall Tcheck Ttotal Status Flags
r-devel-linux-x86_64-debian-clang 1.0-8 3.62 97.91 101.53 NOTE
r-devel-linux-x86_64-debian-gcc 1.0-8 3.73 89.70 93.43 NOTE
r-devel-linux-x86_64-fedora-clang 1.0-8 191.80 NOTE
r-devel-linux-x86_64-fedora-gcc 1.0-8 189.53 NOTE
r-devel-osx-x86_64-clang 1.0-8 159.29 NOTE
r-devel-windows-ix86+x86_64 1.0-8 14.00 192.00 206.00 NOTE
r-patched-linux-x86_64 1.0-8 3.77 91.94 95.71 NOTE
r-patched-solaris-sparc 1.0-8 1180.20 NOTE
r-patched-solaris-x86 1.0-8 248.80 NOTE
r-release-linux-x86_64 1.0-8 3.59 91.42 95.01 NOTE
r-release-osx-x86_64-mavericks 1.0-8 NOTE
r-release-osx-x86_64-snowleopard 1.0-8 NOTE
r-release-windows-ix86+x86_64 1.0-8 16.00 178.00 194.00 NOTE
r-oldrel-windows-ix86+x86_64 1.0-8 16.00 196.00 212.00 NOTE

Check Details

Version: 1.0-8
Check: R code for possible problems
Result: NOTE
    predict.gnm: no visible binding for global variable ‘eliminate’
Flavors: r-devel-linux-x86_64-debian-clang, r-devel-linux-x86_64-debian-gcc, r-devel-linux-x86_64-fedora-clang, r-devel-linux-x86_64-fedora-gcc, r-devel-osx-x86_64-clang, r-devel-windows-ix86+x86_64, r-patched-linux-x86_64, r-patched-solaris-sparc, r-patched-solaris-x86, r-release-linux-x86_64, r-release-osx-x86_64-mavericks, r-release-osx-x86_64-snowleopard, r-release-windows-ix86+x86_64, r-oldrel-windows-ix86+x86_64

Version: 1.0-8
Check: package dependencies
Result: NOTE
    Package suggested but not available for checking: ‘vcdExtra’
Flavor: r-release-osx-x86_64-snowleopard

Version: 1.0-8
Check: Rd cross-references
Result: NOTE
    Package unavailable to check Rd xrefs: ‘catspec’
Flavor: r-release-osx-x86_64-snowleopard