CRAN Package Check Results for Package gnomonicM

Last updated on 2022-07-01 11:52:01 CEST.

Flavor Version Tinstall Tcheck Ttotal Status Flags
r-devel-linux-x86_64-debian-clang 1.0.1 5.01 59.98 64.99 NOTE
r-devel-linux-x86_64-debian-gcc 1.0.1 4.72 46.16 50.88 NOTE
r-devel-linux-x86_64-fedora-clang 1.0.1 90.19 NOTE
r-devel-linux-x86_64-fedora-gcc 1.0.1 87.54 NOTE
r-devel-windows-x86_64 1.0.1 19.00 90.00 109.00 NOTE
r-patched-linux-x86_64 1.0.1 5.10 58.04 63.14 NOTE
r-release-linux-x86_64 1.0.1 5.66 58.53 64.19 NOTE
r-release-macos-arm64 1.0.1 29.00 NOTE
r-release-macos-x86_64 1.0.1 49.00 NOTE
r-release-windows-x86_64 1.0.1 10.00 90.00 100.00 NOTE
r-oldrel-macos-arm64 1.0.1 33.00 NOTE
r-oldrel-macos-x86_64 1.0.1 43.00 NOTE
r-oldrel-windows-ix86+x86_64 1.0.1 14.00 83.00 97.00 NOTE

Check Details

Version: 1.0.1
Check: LazyData
Result: NOTE
     'LazyData' is specified without a 'data' directory
Flavors: r-devel-linux-x86_64-debian-clang, r-devel-linux-x86_64-debian-gcc, r-devel-linux-x86_64-fedora-clang, r-devel-linux-x86_64-fedora-gcc, r-devel-windows-x86_64, r-patched-linux-x86_64, r-release-linux-x86_64, r-release-macos-arm64, r-release-macos-x86_64, r-release-windows-x86_64, r-oldrel-macos-arm64, r-oldrel-macos-x86_64, r-oldrel-windows-ix86+x86_64