CRAN Package Check Results for Package gnumeric

Last updated on 2022-10-01 23:00:10 CEST.

Flavor Version Tinstall Tcheck Ttotal Status Flags
r-devel-linux-x86_64-debian-clang 0.7-8 2.61 31.96 34.57 OK
r-devel-linux-x86_64-debian-gcc 0.7-8 2.26 24.80 27.06 OK
r-devel-linux-x86_64-fedora-clang 0.7-8 54.77 NOTE
r-devel-linux-x86_64-fedora-gcc 0.7-8 55.92 OK
r-devel-windows-x86_64 0.7-8 11.00 57.00 68.00 OK
r-patched-linux-x86_64 0.7-8 2.61 30.48 33.09 OK
r-release-linux-x86_64 0.7-8 2.50 30.76 33.26 OK
r-release-macos-arm64 0.7-8 17.00 OK
r-release-macos-x86_64 0.7-8 25.00 OK
r-release-windows-x86_64 0.7-8 9.00 54.00 63.00 OK
r-oldrel-macos-arm64 0.7-8 21.00 OK
r-oldrel-macos-x86_64 0.7-8 30.00 OK
r-oldrel-windows-ix86+x86_64 0.7-8 7.00 47.00 54.00 OK

Check Details

Version: 0.7-8
Check: Rd cross-references
Result: NOTE
    Undeclared package ‘gdata’ in Rd xrefs
Flavor: r-devel-linux-x86_64-fedora-clang