CRAN Package Check Results for Package gnumeric

Last updated on 2014-08-21 07:49:13.

Flavor Version Tinstall Tcheck Ttotal Status Flags
r-devel-linux-x86_64-debian-clang 0.7-2 1.08 15.52 16.60 OK
r-devel-linux-x86_64-debian-gcc 0.7-2 1.00 14.50 15.50 OK
r-devel-linux-x86_64-fedora-clang 0.7-2 33.98 NOTE
r-devel-linux-x86_64-fedora-gcc 0.7-2 31.50 NOTE
r-devel-osx-x86_64-clang 0.7-2 34.49 OK
r-devel-windows-ix86+x86_64 0.7-2 4.00 24.00 28.00 OK
r-patched-linux-x86_64 0.7-2 1.01 14.59 15.60 OK
r-patched-solaris-sparc 0.7-2 213.60 OK
r-patched-solaris-x86 0.7-2 47.00 OK
r-release-linux-ix86 0.7-2 1.37 21.36 22.73 OK
r-release-linux-x86_64 0.7-2 1.13 15.14 16.27 OK
r-release-osx-x86_64-mavericks 0.7-2 OK
r-release-osx-x86_64-snowleopard 0.7-2 OK
r-release-windows-ix86+x86_64 0.7-2 3.00 32.00 35.00 OK
r-oldrel-windows-ix86+x86_64 0.7-2 6.00 32.00 38.00 OK

Check Details

Version: 0.7-2
Check: top-level files
Result: NOTE
    Non-standard file/directory found at top level:
     ‘changelog’
Flavors: r-devel-linux-x86_64-fedora-clang, r-devel-linux-x86_64-fedora-gcc