CRAN Package Check Results for Package gnumeric

Last updated on 2014-04-25 05:47:16.

Flavor Version Tinstall Tcheck Ttotal Status Flags
r-devel-linux-x86_64-debian-clang 0.7-2 1.20 15.89 17.08 OK
r-devel-linux-x86_64-debian-gcc 0.7-2 1.06 15.35 16.41 OK
r-devel-linux-x86_64-fedora-clang 0.7-2 34.41 NOTE
r-devel-linux-x86_64-fedora-gcc 0.7-2 33.31 NOTE
r-devel-osx-x86_64-clang 0.7-2 32.94 OK
r-devel-osx-x86_64-gcc 0.7-2 ERROR
r-devel-windows-ix86+x86_64 0.7-2 3.00 24.00 27.00 OK
r-patched-linux-x86_64 0.7-2 1.08 15.69 16.77 OK
r-patched-solaris-sparc 0.7-2 193.00 OK
r-patched-solaris-x86 0.7-2 47.80 OK
r-release-linux-ix86 0.7-2 2.00 30.00 32.00 OK
r-release-linux-x86_64 0.7-2 1.10 15.56 16.66 OK
r-release-osx-x86_64-mavericks 0.7-2 WARN
r-release-osx-x86_64-snowleopard 0.7-2 OK
r-release-windows-ix86+x86_64 0.7-2 6.00 34.00 40.00 OK
r-oldrel-windows-ix86+x86_64 0.7-2 3.00 24.00 27.00 OK

Check Details

Version: 0.7-2
Check: top-level files
Result: NOTE
    Non-standard file/directory found at top level:
     ‘changelog’
Flavors: r-devel-linux-x86_64-fedora-clang, r-devel-linux-x86_64-fedora-gcc

Version: 0.7-2
Check: package dependencies
Result: ERROR
    Package required but not available: ‘XML’
    
    See the information on DESCRIPTION files in the chapter ‘Creating R
    packages’ of the ‘Writing R Extensions’ manual.
Flavor: r-devel-osx-x86_64-gcc

Version: 0.7-2
Check: PDF version of manual
Result: WARNING
    LaTeX errors when creating PDF version.
    This typically indicates Rd problems.
    LaTeX errors found:
    ! LaTeX Error: File `upquote.sty' not found.
    
    Type X to quit or <RETURN> to proceed,
    or enter new name. (Default extension: sty)
    
    929a523/Rd2.tex:8: ==> Fatal error occurred, no output PDF file produced!
Flavor: r-release-osx-x86_64-mavericks