CRAN Package Check Results for Package gnumeric

Last updated on 2014-10-02 03:47:46.

Flavor Version Tinstall Tcheck Ttotal Status Flags
r-devel-linux-x86_64-debian-clang 0.7-2 1.00 14.86 15.86 NOTE
r-devel-linux-x86_64-debian-gcc 0.7-2 0.97 14.86 15.83 NOTE
r-devel-linux-x86_64-fedora-clang 0.7-2 33.48 NOTE
r-devel-linux-x86_64-fedora-gcc 0.7-2 31.16 NOTE
r-devel-osx-x86_64-clang 0.7-2 35.13 OK
r-devel-windows-ix86+x86_64 0.7-2 3.00 23.00 26.00 OK
r-patched-linux-x86_64 0.7-2 1.02 15.42 16.44 NOTE
r-patched-solaris-sparc 0.7-2 213.60 OK
r-patched-solaris-x86 0.7-2 47.70 OK
r-release-linux-ix86 0.7-2 1.38 21.56 22.94 OK
r-release-linux-x86_64 0.7-2 1.05 15.54 16.59 NOTE
r-release-osx-x86_64-mavericks 0.7-2 OK
r-release-osx-x86_64-snowleopard 0.7-2 OK
r-release-windows-ix86+x86_64 0.7-2 3.00 32.00 35.00 OK
r-oldrel-windows-ix86+x86_64 0.7-2 6.00 32.00 38.00 OK

Check Details

Version: 0.7-2
Check: top-level files
Result: NOTE
    Non-standard file/directory found at top level:
     ‘changelog’
Flavors: r-devel-linux-x86_64-debian-clang, r-devel-linux-x86_64-debian-gcc, r-devel-linux-x86_64-fedora-clang, r-devel-linux-x86_64-fedora-gcc, r-patched-linux-x86_64, r-release-linux-x86_64