CRAN Package Check Results for Package gnumeric

Last updated on 2014-07-24 21:48:44.

Flavor Version Tinstall Tcheck Ttotal Status Flags
r-devel-linux-x86_64-debian-clang 0.7-2 1.08 15.52 16.61 OK
r-devel-linux-x86_64-debian-gcc 0.7-2 1.00 15.07 16.07 OK
r-devel-linux-x86_64-fedora-clang 0.7-2 34.76 NOTE
r-devel-linux-x86_64-fedora-gcc 0.7-2 33.20 NOTE
r-devel-osx-x86_64-clang 0.7-2 35.87 OK
r-devel-windows-ix86+x86_64 0.7-2 3.00 25.00 28.00 OK
r-patched-linux-x86_64 0.7-2 1.02 15.44 16.46 OK
r-patched-solaris-sparc 0.7-2 193.00 OK
r-patched-solaris-x86 0.7-2 47.40 OK
r-release-linux-ix86 0.7-2 1.37 21.25 22.62 OK
r-release-linux-x86_64 0.7-2 1.11 14.84 15.95 OK
r-release-osx-x86_64-mavericks 0.7-2 OK
r-release-osx-x86_64-snowleopard 0.7-2 OK
r-release-windows-ix86+x86_64 0.7-2 5.00 36.00 41.00 OK
r-oldrel-windows-ix86+x86_64 0.7-2 3.00 24.00 27.00 OK

Check Details

Version: 0.7-2
Check: top-level files
Result: NOTE
    Non-standard file/directory found at top level:
     ‘changelog’
Flavors: r-devel-linux-x86_64-fedora-clang, r-devel-linux-x86_64-fedora-gcc