CRAN Package Check Results for Package gnumeric

Last updated on 2014-11-24 19:50:24.

Flavor Version Tinstall Tcheck Ttotal Status Flags
r-devel-linux-x86_64-debian-clang 0.7-2 0.99 14.69 15.68 NOTE
r-devel-linux-x86_64-debian-gcc 0.7-2 0.94 15.07 16.01 NOTE
r-devel-linux-x86_64-fedora-clang 0.7-2 34.35 NOTE
r-devel-linux-x86_64-fedora-gcc 0.7-2 31.91 NOTE
r-devel-osx-x86_64-clang 0.7-2 35.10 OK
r-devel-windows-ix86+x86_64 0.7-2 3.00 25.00 28.00 OK
r-patched-linux-x86_64 0.7-2 1.01 14.80 15.81 NOTE
r-patched-solaris-sparc 0.7-2 213.60 OK
r-patched-solaris-x86 0.7-2 46.80 OK
r-release-linux-ix86 0.7-2 1.31 20.28 21.59 OK
r-release-linux-x86_64 0.7-2 1.01 14.58 15.59 NOTE
r-release-osx-x86_64-mavericks 0.7-2 OK
r-release-osx-x86_64-snowleopard 0.7-2 OK
r-release-windows-ix86+x86_64 0.7-2 4.00 35.00 39.00 OK
r-oldrel-windows-ix86+x86_64 0.7-2 6.00 32.00 38.00 OK

Check Details

Version: 0.7-2
Check: top-level files
Result: NOTE
    Non-standard file/directory found at top level:
     ‘changelog’
Flavors: r-devel-linux-x86_64-debian-clang, r-devel-linux-x86_64-debian-gcc, r-devel-linux-x86_64-fedora-clang, r-devel-linux-x86_64-fedora-gcc, r-patched-linux-x86_64, r-release-linux-x86_64