CRAN Package Check Results for Package gnumeric

Last updated on 2015-05-29 09:47:03.

Flavor Version Tinstall Tcheck Ttotal Status Flags
r-devel-linux-x86_64-debian-clang 0.7-2 0.90 13.50 14.40 NOTE
r-devel-linux-x86_64-debian-gcc 0.7-2 0.87 13.26 14.13 NOTE
r-devel-linux-x86_64-fedora-clang 0.7-2 28.24 NOTE
r-devel-linux-x86_64-fedora-gcc 0.7-2 26.06 NOTE
r-devel-osx-x86_64-clang 0.7-2 29.64 OK
r-devel-windows-ix86+x86_64 0.7-2 3.00 21.00 24.00 OK
r-patched-linux-x86_64 0.7-2 0.86 12.81 13.66 NOTE
r-patched-solaris-sparc 0.7-2 184.60 OK
r-patched-solaris-x86 0.7-2 40.60 OK
r-release-linux-x86_64 0.7-2 0.88 13.11 14.00 NOTE
r-release-osx-x86_64-mavericks 0.7-2 OK
r-release-osx-x86_64-snowleopard 0.7-2 ERROR
r-release-windows-ix86+x86_64 0.7-2 3.00 22.00 25.00 OK
r-oldrel-windows-ix86+x86_64 0.7-2 4.00 24.00 28.00 OK

Check Details

Version: 0.7-2
Check: top-level files
Result: NOTE
    Non-standard file/directory found at top level:
     ‘changelog’
Flavors: r-devel-linux-x86_64-debian-clang, r-devel-linux-x86_64-debian-gcc, r-devel-linux-x86_64-fedora-clang, r-devel-linux-x86_64-fedora-gcc, r-patched-linux-x86_64, r-release-linux-x86_64

Version: 0.7-2
Check: package dependencies
Result: ERROR
    Package required but not available: ‘XML’
    
    See section ‘The DESCRIPTION file’ in the ‘Writing R Extensions’
    manual.
Flavor: r-release-osx-x86_64-snowleopard