CRAN Package Check Results for Package gnumeric

Last updated on 2015-03-03 22:48:19.

Flavor Version Tinstall Tcheck Ttotal Status Flags
r-devel-linux-x86_64-debian-clang 0.7-2 0.91 13.38 14.29 NOTE
r-devel-linux-x86_64-debian-gcc 0.7-2 0.90 13.11 14.01 NOTE
r-devel-linux-x86_64-fedora-clang 0.7-2 27.98 NOTE
r-devel-linux-x86_64-fedora-gcc 0.7-2 26.31 NOTE
r-devel-osx-x86_64-clang 0.7-2 30.04 OK
r-devel-windows-ix86+x86_64 0.7-2 3.00 22.00 25.00 OK
r-patched-linux-x86_64 0.7-2 1.08 15.34 16.42 NOTE
r-patched-solaris-sparc 0.7-2 212.00 OK
r-patched-solaris-x86 0.7-2 49.20 OK
r-release-linux-ix86 0.7-2 1.30 21.02 22.32 NOTE
r-release-linux-x86_64 0.7-2 1.01 14.98 15.99 NOTE
r-release-osx-x86_64-mavericks 0.7-2 OK
r-release-osx-x86_64-snowleopard 0.7-2 OK
r-release-windows-ix86+x86_64 0.7-2 4.00 23.00 27.00 OK
r-oldrel-windows-ix86+x86_64 0.7-2 3.00 23.00 26.00 OK

Check Details

Version: 0.7-2
Check: top-level files
Result: NOTE
    Non-standard file/directory found at top level:
     ‘changelog’
Flavors: r-devel-linux-x86_64-debian-clang, r-devel-linux-x86_64-debian-gcc, r-devel-linux-x86_64-fedora-clang, r-devel-linux-x86_64-fedora-gcc, r-patched-linux-x86_64, r-release-linux-ix86, r-release-linux-x86_64