CRAN Package Check Results for Package gnumeric

Last updated on 2014-12-18 05:48:16.

Flavor Version Tinstall Tcheck Ttotal Status Flags
r-devel-linux-x86_64-debian-clang 0.7-2 1.06 14.71 15.77 NOTE
r-devel-linux-x86_64-debian-gcc 0.7-2 0.97 14.56 15.53 NOTE
r-devel-linux-x86_64-fedora-clang 0.7-2 33.69 NOTE
r-devel-linux-x86_64-fedora-gcc 0.7-2 31.70 NOTE
r-devel-osx-x86_64-clang 0.7-2 33.91 OK
r-devel-windows-ix86+x86_64 0.7-2 3.00 52.00 55.00 OK
r-patched-linux-x86_64 0.7-2 1.07 15.74 16.81 NOTE
r-patched-solaris-sparc 0.7-2 213.60 OK
r-patched-solaris-x86 0.7-2 47.20 OK
r-release-linux-ix86 0.7-2 1.30 20.27 21.56 OK
r-release-linux-x86_64 0.7-2 1.02 15.17 16.19 NOTE
r-release-osx-x86_64-mavericks 0.7-2 OK
r-release-osx-x86_64-snowleopard 0.7-2 OK
r-release-windows-ix86+x86_64 0.7-2 4.00 23.00 27.00 OK
r-oldrel-windows-ix86+x86_64 0.7-2 3.00 23.00 26.00 OK

Check Details

Version: 0.7-2
Check: top-level files
Result: NOTE
    Non-standard file/directory found at top level:
     ‘changelog’
Flavors: r-devel-linux-x86_64-debian-clang, r-devel-linux-x86_64-debian-gcc, r-devel-linux-x86_64-fedora-clang, r-devel-linux-x86_64-fedora-gcc, r-patched-linux-x86_64, r-release-linux-x86_64