CRAN Package Check Results for Package gnumeric

Last updated on 2015-01-29 20:48:53.

Flavor Version Tinstall Tcheck Ttotal Status Flags
r-devel-linux-x86_64-debian-clang 0.7-2 0.98 14.04 15.02 NOTE
r-devel-linux-x86_64-debian-gcc 0.7-2 0.95 13.74 14.69 NOTE
r-devel-linux-x86_64-fedora-clang 0.7-2 32.55 NOTE
r-devel-linux-x86_64-fedora-gcc 0.7-2 30.59 NOTE
r-devel-osx-x86_64-clang 0.7-2 34.68 OK
r-devel-windows-ix86+x86_64 0.7-2 3.00 25.00 28.00 OK
r-patched-linux-x86_64 0.7-2 1.04 15.01 16.05 NOTE
r-patched-solaris-sparc 0.7-2 226.00 OK
r-patched-solaris-x86 0.7-2 48.00 OK
r-release-linux-ix86 0.7-2 1.29 20.45 21.74 OK
r-release-linux-x86_64 0.7-2 1.14 14.88 16.02 NOTE
r-release-osx-x86_64-mavericks 0.7-2 OK
r-release-osx-x86_64-snowleopard 0.7-2 OK
r-release-windows-ix86+x86_64 0.7-2 4.00 23.00 27.00 OK
r-oldrel-windows-ix86+x86_64 0.7-2 3.00 23.00 26.00 OK

Check Details

Version: 0.7-2
Check: top-level files
Result: NOTE
    Non-standard file/directory found at top level:
     ‘changelog’
Flavors: r-devel-linux-x86_64-debian-clang, r-devel-linux-x86_64-debian-gcc, r-devel-linux-x86_64-fedora-clang, r-devel-linux-x86_64-fedora-gcc, r-patched-linux-x86_64, r-release-linux-x86_64