CRAN Package Check Results for Package gnumeric

Last updated on 2020-07-03 15:48:02 CEST.

Flavor Version Tinstall Tcheck Ttotal Status Flags
r-devel-linux-x86_64-debian-clang 0.7-8 2.97 26.33 29.30 OK
r-devel-linux-x86_64-debian-gcc 0.7-8 2.20 21.38 23.58 OK
r-devel-linux-x86_64-fedora-clang 0.7-8 45.58 NOTE
r-devel-linux-x86_64-fedora-gcc 0.7-8 35.20 OK
r-devel-windows-ix86+x86_64 0.7-8 12.00 55.00 67.00 OK
r-patched-linux-x86_64 0.7-8 2.44 26.67 29.11 OK
r-patched-solaris-x86 0.7-8 57.60 OK
r-release-linux-x86_64 0.7-8 2.59 26.22 28.81 OK
r-release-osx-x86_64 0.7-8 OK
r-release-windows-ix86+x86_64 0.7-8 7.00 35.00 42.00 OK
r-oldrel-osx-x86_64 0.7-8 OK
r-oldrel-windows-ix86+x86_64 0.7-8 5.00 40.00 45.00 OK

Check Details

Version: 0.7-8
Check: Rd cross-references
Result: NOTE
    Undeclared package ‘gdata’ in Rd xrefs
Flavor: r-devel-linux-x86_64-fedora-clang