CRAN Package Check Results for Package gnumeric

Last updated on 2014-09-16 23:47:37.

Flavor Version Tinstall Tcheck Ttotal Status Flags
r-devel-linux-x86_64-debian-clang 0.7-2 0.99 15.09 16.08 NOTE
r-devel-linux-x86_64-debian-gcc 0.7-2 0.96 14.76 15.72 NOTE
r-devel-linux-x86_64-fedora-clang 0.7-2 34.33 NOTE
r-devel-linux-x86_64-fedora-gcc 0.7-2 30.44 NOTE
r-devel-osx-x86_64-clang 0.7-2 35.17 OK
r-devel-windows-ix86+x86_64 0.7-2 3.00 24.00 27.00 OK
r-patched-linux-x86_64 0.7-2 1.03 14.68 15.71 OK
r-patched-solaris-sparc 0.7-2 213.60 OK
r-patched-solaris-x86 0.7-2 47.00 OK
r-release-linux-ix86 0.7-2 1.36 21.34 22.70 OK
r-release-linux-x86_64 0.7-2 1.06 15.74 16.79 NOTE
r-release-osx-x86_64-mavericks 0.7-2 OK
r-release-osx-x86_64-snowleopard 0.7-2 OK
r-release-windows-ix86+x86_64 0.7-2 3.00 32.00 35.00 OK
r-oldrel-windows-ix86+x86_64 0.7-2 6.00 32.00 38.00 OK

Check Details

Version: 0.7-2
Check: top-level files
Result: NOTE
    Non-standard file/directory found at top level:
     ‘changelog’
Flavors: r-devel-linux-x86_64-debian-clang, r-devel-linux-x86_64-debian-gcc, r-devel-linux-x86_64-fedora-clang, r-devel-linux-x86_64-fedora-gcc, r-release-linux-x86_64