Last updated on 2023-10-02 17:01:38 CEST.
Flavor | Version | Tinstall | Tcheck | Ttotal | Status | Flags |
---|---|---|---|---|---|---|
r-devel-linux-x86_64-debian-clang | 0.7-8 | 2.65 | 30.65 | 33.30 | OK | |
r-devel-linux-x86_64-debian-gcc | 0.7-8 | 2.31 | 24.00 | 26.31 | OK | |
r-devel-linux-x86_64-fedora-clang | 0.7-8 | 41.07 | NOTE | |||
r-devel-linux-x86_64-fedora-gcc | 0.7-8 | 43.22 | OK | |||
r-devel-windows-x86_64 | 0.7-8 | 4.00 | 46.00 | 50.00 | OK | |
r-patched-linux-x86_64 | 0.7-8 | 2.64 | 29.72 | 32.36 | OK | |
r-release-linux-x86_64 | 0.7-8 | 2.86 | 30.30 | 33.16 | OK | |
r-release-macos-arm64 | 0.7-8 | 19.00 | OK | |||
r-release-macos-x86_64 | 0.7-8 | 24.00 | OK | |||
r-release-windows-x86_64 | 0.7-8 | 3.00 | 53.00 | 56.00 | OK | |
r-oldrel-macos-arm64 | 0.7-8 | 19.00 | OK | |||
r-oldrel-macos-x86_64 | 0.7-8 | 25.00 | OK | |||
r-oldrel-windows-x86_64 | 0.7-8 | 12.00 | 62.00 | 74.00 | OK |
Version: 0.7-8
Check: Rd cross-references
Result: NOTE
Undeclared package ‘gdata’ in Rd xrefs
Flavor: r-devel-linux-x86_64-fedora-clang