CRAN Package Check Results for Package goalprog

Last updated on 2014-07-31 01:47:46.

Flavor Version Tinstall Tcheck Ttotal Status Flags
r-devel-linux-x86_64-debian-clang 1.0-2 0.85 11.98 12.83 NOTE
r-devel-linux-x86_64-debian-gcc 1.0-2 0.83 12.01 12.84 NOTE
r-devel-linux-x86_64-fedora-clang 1.0-2 25.82 NOTE
r-devel-linux-x86_64-fedora-gcc 1.0-2 24.20 NOTE
r-devel-osx-x86_64-clang 1.0-2 28.06 NOTE
r-devel-windows-ix86+x86_64 1.0-2 3.00 21.00 24.00 NOTE
r-patched-linux-x86_64 1.0-2 0.81 12.14 12.95 NOTE
r-patched-solaris-sparc 1.0-2 172.30 NOTE
r-patched-solaris-x86 1.0-2 35.90 NOTE
r-release-linux-ix86 1.0-2 1.14 18.35 19.49 NOTE
r-release-linux-x86_64 1.0-2 0.83 12.51 13.34 NOTE
r-release-osx-x86_64-mavericks 1.0-2 NOTE
r-release-osx-x86_64-snowleopard 1.0-2 NOTE
r-release-windows-ix86+x86_64 1.0-2 3.00 22.00 25.00 NOTE
r-oldrel-windows-ix86+x86_64 1.0-2 3.00 21.00 24.00 NOTE

Check Details

Version: 1.0-2
Check: dependencies in R code
Result: NOTE
    Package in Depends field not imported from: lpSolve
     These packages need to be imported from (in the NAMESPACE file)
     for when this namespace is loaded but not attached.
    See the information on DESCRIPTION files in the chapter Creating R
    packages of the Writing R Extensions manual.
Flavors: r-devel-linux-x86_64-debian-clang, r-devel-linux-x86_64-debian-gcc, r-devel-linux-x86_64-fedora-clang, r-devel-linux-x86_64-fedora-gcc, r-devel-osx-x86_64-clang, r-devel-windows-ix86+x86_64, r-patched-linux-x86_64, r-patched-solaris-sparc, r-patched-solaris-x86, r-release-linux-ix86, r-release-linux-x86_64, r-release-osx-x86_64-mavericks, r-release-windows-ix86+x86_64, r-oldrel-windows-ix86+x86_64

Version: 1.0-2
Check: Rd files
Result: NOTE
    prepare_Rd: llgpcp.Rd:45-46: Dropping empty section \examples
Flavors: r-devel-linux-x86_64-debian-clang, r-devel-linux-x86_64-debian-gcc, r-devel-linux-x86_64-fedora-clang, r-devel-linux-x86_64-fedora-gcc, r-devel-osx-x86_64-clang, r-devel-windows-ix86+x86_64, r-patched-linux-x86_64, r-patched-solaris-sparc, r-patched-solaris-x86, r-release-linux-ix86, r-release-linux-x86_64, r-release-osx-x86_64-mavericks, r-release-osx-x86_64-snowleopard, r-release-windows-ix86+x86_64, r-oldrel-windows-ix86+x86_64

Version: 1.0-2
Check: Rd \usage sections
Result: NOTE
    S3 methods shown with full name in documentation object 'print.llgpcptab':
     print.llgpcptab
    
    S3 methods shown with full name in documentation object 'print.llgpout':
     print.llgpout
    
    S3 methods shown with full name in documentation object 'print.llgptab':
     print.llgptab
    
    The \usage entries for S3 methods should use the \method markup and not
    their full name.
    See the chapter Writing R documentation files in the Writing R
    Extensions manual.
Flavors: r-devel-linux-x86_64-debian-clang, r-devel-linux-x86_64-debian-gcc, r-devel-linux-x86_64-fedora-clang, r-devel-linux-x86_64-fedora-gcc, r-devel-osx-x86_64-clang, r-devel-windows-ix86+x86_64, r-patched-linux-x86_64, r-patched-solaris-sparc, r-patched-solaris-x86, r-release-linux-ix86, r-release-linux-x86_64, r-release-osx-x86_64-mavericks, r-release-osx-x86_64-snowleopard, r-release-windows-ix86+x86_64, r-oldrel-windows-ix86+x86_64

Version: 1.0-2
Check: Rd line widths
Result: NOTE
    Rd file 'llgpcp.Rd':
     \usage lines wider than 90 characters:
     llgpcp(coefficients, targets, achievements, variable.classes, maxiter = 1000, verbose = FALSE)
    
    These lines will be truncated in the PDF manual.
Flavors: r-devel-linux-x86_64-fedora-clang, r-devel-linux-x86_64-fedora-gcc