CRAN Package Check Results for Package goalprog

Last updated on 2016-05-04 11:38:54.

Flavor Version Tinstall Tcheck Ttotal Status Flags
r-devel-linux-x86_64-debian-gcc 1.0-2 0.71 11.71 12.42 NOTE
r-devel-linux-x86_64-fedora-clang 1.0-2 20.51 NOTE
r-devel-linux-x86_64-fedora-gcc 1.0-2 19.78 NOTE
r-devel-osx-x86_64-clang 1.0-2 24.83 NOTE
r-devel-windows-ix86+x86_64 1.0-2 3.00 29.00 32.00 NOTE
r-patched-linux-x86_64 1.0-2 0.77 11.78 12.55 NOTE
r-patched-solaris-sparc 1.0-2 134.10 NOTE
r-patched-solaris-x86 1.0-2 29.80 NOTE
r-release-linux-x86_64 1.0-2 0.73 11.72 12.45 NOTE
r-release-osx-x86_64-mavericks 1.0-2 NOTE
r-release-windows-ix86+x86_64 1.0-2 4.00 21.00 25.00 NOTE
r-oldrel-windows-ix86+x86_64 1.0-2 7.00 24.00 31.00 NOTE

Check Details

Version: 1.0-2
Check: dependencies in R code
Result: NOTE
    Package in Depends field not imported from: ‘lpSolve’
     These packages need to be imported from (in the NAMESPACE file)
     for when this namespace is loaded but not attached.
Flavors: r-devel-linux-x86_64-debian-gcc, r-devel-linux-x86_64-fedora-clang, r-devel-linux-x86_64-fedora-gcc, r-devel-osx-x86_64-clang, r-devel-windows-ix86+x86_64, r-patched-linux-x86_64, r-patched-solaris-sparc, r-patched-solaris-x86, r-release-linux-x86_64, r-release-osx-x86_64-mavericks, r-release-windows-ix86+x86_64, r-oldrel-windows-ix86+x86_64

Version: 1.0-2
Check: S3 generic/method consistency
Result: NOTE
    Found the following apparent S3 methods exported but not registered:
     print.llgpcptab print.llgpout print.llgptab
    See section ‘Registering S3 methods’ in the ‘Writing R Extensions’
    manual.
Flavors: r-devel-linux-x86_64-debian-gcc, r-devel-linux-x86_64-fedora-clang, r-devel-linux-x86_64-fedora-gcc, r-devel-osx-x86_64-clang, r-patched-linux-x86_64, r-patched-solaris-sparc, r-patched-solaris-x86, r-release-linux-x86_64

Version: 1.0-2
Check: Rd files
Result: NOTE
    prepare_Rd: llgpcp.Rd:45-46: Dropping empty section \examples
Flavors: r-devel-linux-x86_64-debian-gcc, r-devel-linux-x86_64-fedora-clang, r-devel-linux-x86_64-fedora-gcc, r-devel-osx-x86_64-clang, r-devel-windows-ix86+x86_64, r-patched-linux-x86_64, r-patched-solaris-sparc, r-patched-solaris-x86, r-release-linux-x86_64, r-release-osx-x86_64-mavericks, r-release-windows-ix86+x86_64, r-oldrel-windows-ix86+x86_64

Version: 1.0-2
Check: Rd line widths
Result: NOTE
    Rd file 'llgpcp.Rd':
     \usage lines wider than 90 characters:
     llgpcp(coefficients, targets, achievements, variable.classes, maxiter = 1000, verbose = FALSE)
    
    These lines will be truncated in the PDF manual.
Flavors: r-devel-linux-x86_64-debian-gcc, r-devel-linux-x86_64-fedora-clang, r-devel-linux-x86_64-fedora-gcc, r-patched-linux-x86_64, r-release-linux-x86_64

Version: 1.0-2
Check: Rd \usage sections
Result: NOTE
    S3 methods shown with full name in documentation object 'print.llgpcptab':
     ‘print.llgpcptab’
    
    S3 methods shown with full name in documentation object 'print.llgpout':
     ‘print.llgpout’
    
    S3 methods shown with full name in documentation object 'print.llgptab':
     ‘print.llgptab’
    
    The \usage entries for S3 methods should use the \method markup and not
    their full name.
    See chapter ‘Writing R documentation files’ in the ‘Writing R
    Extensions’ manual.
Flavors: r-devel-linux-x86_64-debian-gcc, r-devel-linux-x86_64-fedora-clang, r-devel-linux-x86_64-fedora-gcc, r-devel-osx-x86_64-clang, r-devel-windows-ix86+x86_64, r-patched-linux-x86_64, r-patched-solaris-sparc, r-patched-solaris-x86, r-release-linux-x86_64, r-release-osx-x86_64-mavericks, r-release-windows-ix86+x86_64, r-oldrel-windows-ix86+x86_64