CRAN Package Check Results for Package goalprog

Last updated on 2015-04-18 10:00:11.

Flavor Version Tinstall Tcheck Ttotal Status Flags
r-devel-linux-x86_64-debian-clang 1.0-2 0.81 12.08 12.88 NOTE
r-devel-linux-x86_64-debian-gcc 1.0-2 0.78 11.74 12.52 NOTE
r-devel-linux-x86_64-fedora-clang 1.0-2 24.06 NOTE
r-devel-linux-x86_64-fedora-gcc 1.0-2 23.15 NOTE
r-devel-osx-x86_64-clang 1.0-2 26.86 NOTE
r-prerel-windows-ix86+x86_64 1.0-2 5.00 16.00 21.00 NOTE
r-prerel-linux-x86_64 1.0-2 1.08 11.43 12.51 NOTE
r-prerel-solaris-sparc 1.0-2 147.30 NOTE
r-prerel-solaris-x86 1.0-2 33.30 NOTE
r-release-linux-x86_64 1.0-2 0.77 11.77 12.54 NOTE
r-release-osx-x86_64-mavericks 1.0-2 NOTE
r-release-osx-x86_64-snowleopard 1.0-2 NOTE
r-release-windows-ix86+x86_64 1.0-2 6.00 30.00 36.00 NOTE
r-oldrel-windows-ix86+x86_64 1.0-2 4.00 24.00 28.00 NOTE

Check Details

Version: 1.0-2
Check: dependencies in R code
Result: NOTE
    Package in Depends field not imported from: ‘lpSolve’
     These packages need to be imported from (in the NAMESPACE file)
     for when this namespace is loaded but not attached.
Flavors: r-devel-linux-x86_64-debian-clang, r-devel-linux-x86_64-debian-gcc, r-devel-linux-x86_64-fedora-clang, r-devel-linux-x86_64-fedora-gcc, r-devel-osx-x86_64-clang, r-prerel-windows-ix86+x86_64, r-prerel-linux-x86_64, r-prerel-solaris-sparc, r-prerel-solaris-x86, r-release-linux-x86_64, r-release-windows-ix86+x86_64

Version: 1.0-2
Check: S3 generic/method consistency
Result: NOTE
    Found the following apparent S3 methods exported but not registered:
     print.llgpcptab print.llgpout print.llgptab
    See section ‘Registering S3 methods’ in the ‘Writing R Extensions’
    manual.
Flavors: r-devel-linux-x86_64-debian-clang, r-devel-linux-x86_64-debian-gcc, r-devel-linux-x86_64-fedora-clang, r-devel-linux-x86_64-fedora-gcc, r-devel-osx-x86_64-clang, r-prerel-linux-x86_64, r-release-linux-x86_64

Version: 1.0-2
Check: Rd files
Result: NOTE
    prepare_Rd: llgpcp.Rd:45-46: Dropping empty section \examples
Flavors: r-devel-linux-x86_64-debian-clang, r-devel-linux-x86_64-debian-gcc, r-devel-linux-x86_64-fedora-clang, r-devel-linux-x86_64-fedora-gcc, r-devel-osx-x86_64-clang, r-prerel-windows-ix86+x86_64, r-prerel-linux-x86_64, r-prerel-solaris-sparc, r-prerel-solaris-x86, r-release-linux-x86_64, r-release-osx-x86_64-mavericks, r-release-osx-x86_64-snowleopard, r-release-windows-ix86+x86_64, r-oldrel-windows-ix86+x86_64

Version: 1.0-2
Check: Rd line widths
Result: NOTE
    Rd file 'llgpcp.Rd':
     \usage lines wider than 90 characters:
     llgpcp(coefficients, targets, achievements, variable.classes, maxiter = 1000, verbose = FALSE)
    
    These lines will be truncated in the PDF manual.
Flavors: r-devel-linux-x86_64-debian-clang, r-devel-linux-x86_64-debian-gcc, r-devel-linux-x86_64-fedora-clang, r-devel-linux-x86_64-fedora-gcc, r-prerel-linux-x86_64, r-release-linux-x86_64

Version: 1.0-2
Check: Rd \usage sections
Result: NOTE
    S3 methods shown with full name in documentation object 'print.llgpcptab':
     ‘print.llgpcptab’
    
    S3 methods shown with full name in documentation object 'print.llgpout':
     ‘print.llgpout’
    
    S3 methods shown with full name in documentation object 'print.llgptab':
     ‘print.llgptab’
    
    The \usage entries for S3 methods should use the \method markup and not
    their full name.
    See chapter ‘Writing R documentation files’ in the ‘Writing R
    Extensions’ manual.
Flavors: r-devel-linux-x86_64-debian-clang, r-devel-linux-x86_64-debian-gcc, r-devel-linux-x86_64-fedora-clang, r-devel-linux-x86_64-fedora-gcc, r-devel-osx-x86_64-clang, r-prerel-windows-ix86+x86_64, r-prerel-linux-x86_64, r-prerel-solaris-sparc, r-prerel-solaris-x86, r-release-linux-x86_64, r-release-windows-ix86+x86_64

Version: 1.0-2
Check: dependencies in R code
Result: NOTE
    Package in Depends field not imported from: ‘lpSolve’
     These packages need to be imported from (in the NAMESPACE file)
     for when this namespace is loaded but not attached.
    See the information on DESCRIPTION files in the chapter ‘Creating R
    packages’ of the ‘Writing R Extensions’ manual.
Flavors: r-release-osx-x86_64-mavericks, r-oldrel-windows-ix86+x86_64

Version: 1.0-2
Check: Rd \usage sections
Result: NOTE
    S3 methods shown with full name in documentation object 'print.llgpcptab':
     ‘print.llgpcptab’
    
    S3 methods shown with full name in documentation object 'print.llgpout':
     ‘print.llgpout’
    
    S3 methods shown with full name in documentation object 'print.llgptab':
     ‘print.llgptab’
    
    The \usage entries for S3 methods should use the \method markup and not
    their full name.
    See the chapter ‘Writing R documentation files’ in the ‘Writing R
    Extensions’ manual.
Flavors: r-release-osx-x86_64-mavericks, r-release-osx-x86_64-snowleopard, r-oldrel-windows-ix86+x86_64