CRAN Package Check Results for Package goeveg

Last updated on 2021-11-29 02:48:31 CET.

Flavor Version Tinstall Tcheck Ttotal Status Flags
r-devel-linux-x86_64-debian-clang 0.5.1 OK
r-devel-linux-x86_64-debian-gcc 0.5.1 8.36 79.33 87.69 OK
r-devel-linux-x86_64-fedora-clang 0.5.1 148.17 NOTE
r-devel-linux-x86_64-fedora-gcc 0.5.1 136.38 NOTE
r-devel-windows-x86_64-new-UL 0.5.1 22.00 142.00 164.00 OK
r-devel-windows-x86_64-new-TK 0.5.1 NOTE
r-devel-windows-x86_64-old 0.5.1 15.00 134.00 149.00 OK
r-patched-linux-x86_64 0.5.1 9.31 98.94 108.25 OK
r-patched-solaris-x86 0.5.1 197.80 NOTE
r-release-linux-x86_64 0.5.1 10.00 99.73 109.73 OK
r-release-macos-arm64 0.5.1 NOTE
r-release-macos-x86_64 0.5.1 NOTE
r-release-windows-ix86+x86_64 0.5.1 29.00 89.00 118.00 OK
r-oldrel-macos-x86_64 0.5.1 NOTE
r-oldrel-windows-ix86+x86_64 0.5.1 34.00 128.00 162.00 OK

Check Details

Version: 0.5.1
Check: dependencies in R code
Result: NOTE
    Namespace in Imports field not imported from: ‘Hmisc’
     All declared Imports should be used.
Flavors: r-devel-linux-x86_64-fedora-clang, r-devel-linux-x86_64-fedora-gcc, r-devel-windows-x86_64-new-TK, r-patched-solaris-x86, r-release-macos-arm64, r-release-macos-x86_64, r-oldrel-macos-x86_64