CRAN Package Check Results for Package gof

Last updated on 2014-11-26 11:48:36.

Flavor Version Tinstall Tcheck Ttotal Status Flags
r-devel-linux-x86_64-debian-clang 0.9.1 6.75 13.24 19.99 NOTE
r-devel-linux-x86_64-debian-gcc 0.9.1 8.16 12.92 21.08 NOTE
r-devel-linux-x86_64-fedora-clang 0.9.1 43.39 NOTE
r-devel-linux-x86_64-fedora-gcc 0.9.1 39.52 NOTE
r-devel-osx-x86_64-clang 0.9.1 39.15 NOTE
r-devel-windows-ix86+x86_64 0.9.1 24.00 45.00 69.00 NOTE
r-patched-linux-x86_64 0.9.1 8.28 13.04 21.33 NOTE
r-patched-solaris-sparc 0.9.1 288.40 NOTE
r-patched-solaris-x86 0.9.1 60.00 NOTE
r-release-linux-ix86 0.9.1 10.92 19.66 30.58 NOTE
r-release-linux-x86_64 0.9.1 8.18 12.86 21.05 NOTE
r-release-osx-x86_64-mavericks 0.9.1 OK
r-release-osx-x86_64-snowleopard 0.9.1 OK
r-release-windows-ix86+x86_64 0.9.1 24.00 48.00 72.00 NOTE
r-oldrel-windows-ix86+x86_64 0.9.1 23.00 47.00 70.00 OK

Check Details

Version: 0.9.1
Check: R code for possible problems
Result: NOTE
    cumres.lvmfit : myres: no visible global function definition for ‘vars’
    cumres.lvmfit: no visible global function definition for ‘iid’
Flavors: r-devel-linux-x86_64-debian-clang, r-devel-linux-x86_64-debian-gcc, r-devel-linux-x86_64-fedora-clang, r-devel-linux-x86_64-fedora-gcc, r-devel-osx-x86_64-clang, r-devel-windows-ix86+x86_64, r-patched-linux-x86_64, r-patched-solaris-sparc, r-patched-solaris-x86, r-release-linux-ix86, r-release-linux-x86_64, r-release-windows-ix86+x86_64