CRAN Package Check Results for Package gof

Last updated on 2014-04-23 07:55:00.

Flavor Version Tinstall Tcheck Ttotal Status Flags
r-devel-linux-x86_64-debian-clang 0.9.1 6.28 13.77 20.05 OK
r-devel-linux-x86_64-debian-gcc 0.9.1 7.68 14.41 22.10 OK
r-devel-linux-x86_64-fedora-clang 0.9.1 40.95 OK
r-devel-linux-x86_64-fedora-gcc 0.9.1 39.29 OK
r-devel-osx-x86_64-clang 0.9.1 33.95 OK
r-devel-osx-x86_64-gcc 0.9.1 NOTE
r-devel-windows-ix86+x86_64 0.9.1 22.00 46.00 68.00 OK
r-patched-linux-x86_64 0.9.1 7.71 13.71 21.42 OK
r-patched-solaris-sparc 0.9.1 252.40 OK
r-patched-solaris-x86 0.9.1 56.60 OK
r-release-linux-ix86 0.9.1 12.00 29.00 41.00 OK
r-release-linux-x86_64 0.9.1 7.61 14.20 21.81 OK
r-release-osx-x86_64-mavericks 0.9.1 WARN
r-release-osx-x86_64-snowleopard 0.9.1 OK
r-release-windows-ix86+x86_64 0.9.1 23.00 50.00 73.00 OK
r-oldrel-windows-ix86+x86_64 0.9.1 23.00 46.00 69.00 OK

Check Details

Version: 0.9.1
Check: Rd cross-references
Result: NOTE
    Package unavailable to check Rd xrefs: ‘timereg’
Flavor: r-devel-osx-x86_64-gcc

Version: 0.9.1
Check: PDF version of manual
Result: WARNING
    LaTeX errors when creating PDF version.
    This typically indicates Rd problems.
    LaTeX errors found:
    ! LaTeX Error: File `upquote.sty' not found.
    
    Type X to quit or <RETURN> to proceed,
    or enter new name. (Default extension: sty)
    
    23c0539/Rd2.tex:8: ==> Fatal error occurred, no output PDF file produced!
Flavor: r-release-osx-x86_64-mavericks