CRAN Package Check Results for Package gof

Last updated on 2017-01-17 19:49:45.

Flavor Version Tinstall Tcheck Ttotal Status Flags
r-devel-linux-x86_64-debian-clang 0.9.1 8.60 15.83 24.42 NOTE
r-devel-linux-x86_64-debian-gcc 0.9.1 8.85 15.75 24.60 NOTE
r-devel-linux-x86_64-fedora-clang 0.9.1 45.25 NOTE --no-stop-on-test-error
r-devel-linux-x86_64-fedora-gcc 0.9.1 45.14 NOTE --no-stop-on-test-error
r-devel-macos-x86_64-clang 0.9.1 35.63 NOTE --no-stop-on-test-error
r-devel-windows-ix86+x86_64 0.9.1 36.00 44.00 80.00 NOTE
r-patched-linux-x86_64 0.9.1 8.09 13.95 22.04 NOTE
r-patched-solaris-sparc 0.9.1 256.40 NOTE
r-patched-solaris-x86 0.9.1 53.70 NOTE
r-release-linux-x86_64 0.9.1 8.27 14.05 22.32 NOTE
r-release-osx-x86_64-mavericks 0.9.1 NOTE
r-release-windows-ix86+x86_64 0.9.1 28.00 53.00 81.00 NOTE
r-oldrel-windows-ix86+x86_64 0.9.1 24.00 77.00 101.00 NOTE

Check Details

Version: 0.9.1
Check: DESCRIPTION meta-information
Result: NOTE
    Malformed Description field: should contain one or more complete sentences.
Flavors: r-devel-linux-x86_64-debian-clang, r-devel-linux-x86_64-debian-gcc, r-devel-windows-ix86+x86_64, r-patched-linux-x86_64, r-patched-solaris-sparc, r-patched-solaris-x86, r-release-linux-x86_64, r-release-osx-x86_64-mavericks, r-release-windows-ix86+x86_64, r-oldrel-windows-ix86+x86_64

Version: 0.9.1
Check: dependencies in R code
Result: NOTE
    'library' or 'require' calls in package code:
     ‘lava’ ‘numDeriv’ ‘survival’
     Please use :: or requireNamespace() instead.
     See section 'Suggested packages' in the 'Writing R Extensions' manual.
Flavors: r-devel-linux-x86_64-debian-clang, r-devel-linux-x86_64-debian-gcc, r-devel-windows-ix86+x86_64, r-patched-linux-x86_64, r-patched-solaris-sparc, r-patched-solaris-x86, r-release-linux-x86_64, r-release-osx-x86_64-mavericks, r-release-windows-ix86+x86_64, r-oldrel-windows-ix86+x86_64

Version: 0.9.1
Check: R code for possible problems
Result: NOTE
    cumres.lvmfit : myres: no visible global function definition for ‘vars’
    cumres.lvmfit: no visible global function definition for ‘iid’
    plot.cumres : sampleproc: no visible global function definition for
     ‘lines’
    plot.cumres : predband : <anonymous>: no visible binding for global
     variable ‘rgb’
    plot.cumres : predband : <anonymous>: no visible global function
     definition for ‘col2rgb’
    plot.cumres : predband: no visible global function definition for
     ‘lines’
    plot.cumres : predband: no visible global function definition for
     ‘polygon’
    Undefined global functions or variables:
     col2rgb iid lines polygon rgb vars
    Consider adding
     importFrom("grDevices", "col2rgb", "rgb")
     importFrom("graphics", "lines", "polygon")
    to your NAMESPACE file.
Flavors: r-devel-linux-x86_64-debian-clang, r-devel-linux-x86_64-debian-gcc, r-devel-windows-ix86+x86_64, r-patched-linux-x86_64, r-patched-solaris-sparc, r-patched-solaris-x86, r-release-linux-x86_64, r-release-osx-x86_64-mavericks, r-release-windows-ix86+x86_64

Version: 0.9.1
Flags: --no-stop-on-test-error
Check: DESCRIPTION meta-information
Result: NOTE
    Malformed Description field: should contain one or more complete sentences.
Flavors: r-devel-linux-x86_64-fedora-clang, r-devel-linux-x86_64-fedora-gcc, r-devel-macos-x86_64-clang

Version: 0.9.1
Flags: --no-stop-on-test-error
Check: dependencies in R code
Result: NOTE
    'library' or 'require' calls in package code:
     ‘lava’ ‘numDeriv’ ‘survival’
     Please use :: or requireNamespace() instead.
     See section 'Suggested packages' in the 'Writing R Extensions' manual.
Flavors: r-devel-linux-x86_64-fedora-clang, r-devel-linux-x86_64-fedora-gcc, r-devel-macos-x86_64-clang

Version: 0.9.1
Flags: --no-stop-on-test-error
Check: R code for possible problems
Result: NOTE
    cumres.lvmfit : myres: no visible global function definition for ‘vars’
    cumres.lvmfit: no visible global function definition for ‘iid’
    plot.cumres : sampleproc: no visible global function definition for
     ‘lines’
    plot.cumres : predband : <anonymous>: no visible binding for global
     variable ‘rgb’
    plot.cumres : predband : <anonymous>: no visible global function
     definition for ‘col2rgb’
    plot.cumres : predband: no visible global function definition for
     ‘lines’
    plot.cumres : predband: no visible global function definition for
     ‘polygon’
    Undefined global functions or variables:
     col2rgb iid lines polygon rgb vars
    Consider adding
     importFrom("grDevices", "col2rgb", "rgb")
     importFrom("graphics", "lines", "polygon")
    to your NAMESPACE file.
Flavors: r-devel-linux-x86_64-fedora-clang, r-devel-linux-x86_64-fedora-gcc, r-devel-macos-x86_64-clang

Version: 0.9.1
Check: R code for possible problems
Result: NOTE
    cumres.lvmfit : myres: no visible global function definition for 'vars'
    cumres.lvmfit: no visible global function definition for 'iid'
Flavor: r-oldrel-windows-ix86+x86_64