CRAN Package Check Results for Package gof

Last updated on 2014-10-26 03:47:32.

Flavor Version Tinstall Tcheck Ttotal Status Flags
r-devel-linux-x86_64-debian-clang 0.9.1 6.62 12.83 19.44 NOTE
r-devel-linux-x86_64-debian-gcc 0.9.1 8.26 13.22 21.49 NOTE
r-devel-linux-x86_64-fedora-clang 0.9.1 41.29 NOTE
r-devel-linux-x86_64-fedora-gcc 0.9.1 38.77 NOTE
r-devel-osx-x86_64-clang 0.9.1 39.46 NOTE
r-devel-windows-ix86+x86_64 0.9.1 23.00 47.00 70.00 NOTE
r-patched-linux-x86_64 0.9.1 8.30 13.12 21.42 NOTE
r-patched-solaris-sparc 0.9.1 288.40 NOTE
r-patched-solaris-x86 0.9.1 60.30 NOTE
r-release-linux-ix86 0.9.1 11.26 20.10 31.36 OK
r-release-linux-x86_64 0.9.1 8.18 14.54 22.72 OK
r-release-osx-x86_64-mavericks 0.9.1 OK
r-release-osx-x86_64-snowleopard 0.9.1 OK
r-release-windows-ix86+x86_64 0.9.1 21.00 48.00 69.00 OK
r-oldrel-windows-ix86+x86_64 0.9.1 25.00 51.00 76.00 OK

Check Details

Version: 0.9.1
Check: R code for possible problems
Result: NOTE
    cumres.lvmfit : myres: no visible global function definition for ‘vars’
    cumres.lvmfit: no visible global function definition for ‘iid’
Flavors: r-devel-linux-x86_64-debian-clang, r-devel-linux-x86_64-debian-gcc, r-devel-linux-x86_64-fedora-clang, r-devel-linux-x86_64-fedora-gcc, r-devel-osx-x86_64-clang, r-devel-windows-ix86+x86_64, r-patched-linux-x86_64, r-patched-solaris-sparc, r-patched-solaris-x86