CRAN Package Check Results for Package gof

Last updated on 2014-12-18 11:50:06.

Flavor Version Tinstall Tcheck Ttotal Status Flags
r-devel-linux-x86_64-debian-clang 0.9.1 6.46 12.61 19.07 NOTE
r-devel-linux-x86_64-debian-gcc 0.9.1 8.36 12.53 20.90 NOTE
r-devel-linux-x86_64-fedora-clang 0.9.1 41.92 NOTE
r-devel-linux-x86_64-fedora-gcc 0.9.1 36.77 NOTE
r-devel-osx-x86_64-clang 0.9.1 38.22 NOTE
r-devel-windows-ix86+x86_64 0.9.1 32.00 44.00 76.00 NOTE
r-patched-linux-x86_64 0.9.1 8.41 12.96 21.36 NOTE
r-patched-solaris-sparc 0.9.1 288.40 NOTE
r-patched-solaris-x86 0.9.1 60.80 NOTE
r-release-linux-ix86 0.9.1 10.85 19.54 30.39 NOTE
r-release-linux-x86_64 0.9.1 8.57 13.06 21.64 NOTE
r-release-osx-x86_64-mavericks 0.9.1 OK
r-release-osx-x86_64-snowleopard 0.9.1 OK
r-release-windows-ix86+x86_64 0.9.1 22.00 48.00 70.00 NOTE
r-oldrel-windows-ix86+x86_64 0.9.1 24.00 51.00 75.00 OK

Check Details

Version: 0.9.1
Check: R code for possible problems
Result: NOTE
    cumres.lvmfit : myres: no visible global function definition for ‘vars’
    cumres.lvmfit: no visible global function definition for ‘iid’
Flavors: r-devel-linux-x86_64-debian-clang, r-devel-linux-x86_64-debian-gcc, r-devel-linux-x86_64-fedora-clang, r-devel-linux-x86_64-fedora-gcc, r-devel-osx-x86_64-clang, r-devel-windows-ix86+x86_64, r-patched-linux-x86_64, r-patched-solaris-sparc, r-patched-solaris-x86, r-release-linux-ix86, r-release-linux-x86_64, r-release-windows-ix86+x86_64