CRAN Package Check Results for Package gof

Last updated on 2015-01-31 13:48:23.

Flavor Version Tinstall Tcheck Ttotal Status Flags
r-devel-linux-x86_64-debian-clang 0.9.1 6.55 11.80 18.35 NOTE
r-devel-linux-x86_64-debian-gcc 0.9.1 8.20 11.76 19.96 NOTE
r-devel-linux-x86_64-fedora-clang 0.9.1 42.51 NOTE
r-devel-linux-x86_64-fedora-gcc 0.9.1 38.69 NOTE
r-devel-osx-x86_64-clang 0.9.1 39.46 NOTE
r-devel-windows-ix86+x86_64 0.9.1 32.00 44.00 76.00 NOTE
r-patched-linux-x86_64 0.9.1 8.36 13.28 21.64 NOTE
r-patched-solaris-sparc 0.9.1 313.80 NOTE
r-patched-solaris-x86 0.9.1 61.70 NOTE
r-release-linux-ix86 0.9.1 10.77 20.17 30.94 NOTE
r-release-linux-x86_64 0.9.1 9.37 12.95 22.32 NOTE
r-release-osx-x86_64-mavericks 0.9.1 NOTE
r-release-osx-x86_64-snowleopard 0.9.1 OK
r-release-windows-ix86+x86_64 0.9.1 25.00 46.00 71.00 NOTE
r-oldrel-windows-ix86+x86_64 0.9.1 25.00 51.00 76.00 OK

Check Details

Version: 0.9.1
Check: dependencies in R code
Result: NOTE
    'library' or 'require' calls in package code:
     ‘lava’ ‘numDeriv’ ‘survival’
     Please use :: or requireNamespace() instead.
     See section 'Suggested packages' in the 'Writing R Extensions' manual.
Flavors: r-devel-linux-x86_64-debian-clang, r-devel-linux-x86_64-debian-gcc, r-devel-linux-x86_64-fedora-clang, r-devel-linux-x86_64-fedora-gcc, r-devel-osx-x86_64-clang, r-devel-windows-ix86+x86_64

Version: 0.9.1
Check: R code for possible problems
Result: NOTE
    cumres.lvmfit : myres: no visible global function definition for ‘vars’
    cumres.lvmfit: no visible global function definition for ‘iid’
Flavors: r-devel-linux-x86_64-debian-clang, r-devel-linux-x86_64-debian-gcc, r-devel-linux-x86_64-fedora-clang, r-devel-linux-x86_64-fedora-gcc, r-devel-osx-x86_64-clang, r-devel-windows-ix86+x86_64, r-patched-linux-x86_64, r-patched-solaris-sparc, r-patched-solaris-x86, r-release-linux-ix86, r-release-linux-x86_64, r-release-osx-x86_64-mavericks, r-release-windows-ix86+x86_64