CRAN Package Check Results for Package gof

Last updated on 2015-02-27 16:47:48.

Flavor Version Tinstall Tcheck Ttotal Status Flags
r-devel-linux-x86_64-debian-clang 0.9.1 6.42 12.32 18.73 NOTE
r-devel-linux-x86_64-debian-gcc 0.9.1 8.16 12.22 20.37 NOTE
r-devel-linux-x86_64-fedora-clang 0.9.1 39.62 NOTE
r-devel-linux-x86_64-fedora-gcc 0.9.1 37.20 NOTE
r-devel-osx-x86_64-clang 0.9.1 37.58 NOTE
r-devel-windows-ix86+x86_64 0.9.1 31.00 46.00 77.00 NOTE
r-patched-linux-x86_64 0.9.1 8.24 13.36 21.60 NOTE
r-patched-solaris-sparc 0.9.1 303.20 NOTE
r-release-linux-ix86 0.9.1 10.81 20.41 31.22 NOTE
r-release-linux-x86_64 0.9.1 8.28 13.74 22.02 NOTE
r-release-osx-x86_64-mavericks 0.9.1 NOTE
r-release-osx-x86_64-snowleopard 0.9.1 OK
r-release-windows-ix86+x86_64 0.9.1 25.00 50.00 75.00 NOTE
r-oldrel-windows-ix86+x86_64 0.9.1 24.00 51.00 75.00 OK

Check Details

Version: 0.9.1
Check: DESCRIPTION meta-information
Result: NOTE
    Malformed Description field: should contain one or more complete sentences.
Flavors: r-devel-linux-x86_64-debian-clang, r-devel-linux-x86_64-debian-gcc, r-devel-linux-x86_64-fedora-clang, r-devel-linux-x86_64-fedora-gcc, r-devel-osx-x86_64-clang, r-devel-windows-ix86+x86_64

Version: 0.9.1
Check: dependencies in R code
Result: NOTE
    'library' or 'require' calls in package code:
     ‘lava’ ‘numDeriv’ ‘survival’
     Please use :: or requireNamespace() instead.
     See section 'Suggested packages' in the 'Writing R Extensions' manual.
Flavors: r-devel-linux-x86_64-debian-clang, r-devel-linux-x86_64-debian-gcc, r-devel-linux-x86_64-fedora-clang, r-devel-linux-x86_64-fedora-gcc, r-devel-osx-x86_64-clang, r-devel-windows-ix86+x86_64, r-patched-linux-x86_64, r-patched-solaris-sparc

Version: 0.9.1
Check: R code for possible problems
Result: NOTE
    cumres.lvmfit : myres: no visible global function definition for ‘vars’
    cumres.lvmfit: no visible global function definition for ‘iid’
Flavors: r-devel-linux-x86_64-debian-clang, r-devel-linux-x86_64-debian-gcc, r-devel-linux-x86_64-fedora-clang, r-devel-linux-x86_64-fedora-gcc, r-devel-osx-x86_64-clang, r-devel-windows-ix86+x86_64, r-patched-linux-x86_64, r-patched-solaris-sparc, r-release-linux-ix86, r-release-linux-x86_64, r-release-osx-x86_64-mavericks, r-release-windows-ix86+x86_64