CRAN Package Check Results for Package gof

Last updated on 2015-04-01 08:50:05.

Flavor Version Tinstall Tcheck Ttotal Status Flags
r-devel-linux-x86_64-debian-clang 0.9.1 6.81 12.48 19.28 NOTE
r-devel-linux-x86_64-debian-gcc 0.9.1 8.22 11.96 20.18 NOTE
r-devel-linux-x86_64-fedora-clang 0.9.1 38.86 NOTE
r-devel-linux-x86_64-fedora-gcc 0.9.1 40.37 NOTE
r-devel-osx-x86_64-clang 0.9.1 38.52 NOTE
r-prerel-windows-ix86+x86_64 0.9.1 31.00 45.00 76.00 NOTE
r-prerel-linux-x86_64 0.9.1 8.37 11.96 20.33 NOTE
r-prerel-solaris-sparc 0.9.1 279.80 NOTE
r-prerel-solaris-x86 0.9.1 56.10 NOTE
r-release-linux-x86_64 0.9.1 8.28 13.19 21.48 NOTE
r-release-osx-x86_64-mavericks 0.9.1 NOTE
r-release-osx-x86_64-snowleopard 0.9.1 OK
r-release-windows-ix86+x86_64 0.9.1 22.00 50.00 72.00 NOTE
r-oldrel-windows-ix86+x86_64 0.9.1 22.00 47.00 69.00 OK

Check Details

Version: 0.9.1
Check: DESCRIPTION meta-information
Result: NOTE
    Malformed Description field: should contain one or more complete sentences.
Flavors: r-devel-linux-x86_64-debian-clang, r-devel-linux-x86_64-debian-gcc, r-devel-linux-x86_64-fedora-clang, r-devel-linux-x86_64-fedora-gcc, r-devel-osx-x86_64-clang, r-prerel-windows-ix86+x86_64, r-prerel-linux-x86_64, r-prerel-solaris-sparc, r-prerel-solaris-x86

Version: 0.9.1
Check: dependencies in R code
Result: NOTE
    'library' or 'require' calls in package code:
     ‘lava’ ‘numDeriv’ ‘survival’
     Please use :: or requireNamespace() instead.
     See section 'Suggested packages' in the 'Writing R Extensions' manual.
Flavors: r-devel-linux-x86_64-debian-clang, r-devel-linux-x86_64-debian-gcc, r-devel-linux-x86_64-fedora-clang, r-devel-linux-x86_64-fedora-gcc, r-devel-osx-x86_64-clang, r-prerel-windows-ix86+x86_64, r-prerel-linux-x86_64, r-prerel-solaris-sparc, r-prerel-solaris-x86, r-release-linux-x86_64, r-release-windows-ix86+x86_64

Version: 0.9.1
Check: R code for possible problems
Result: NOTE
    cumres.lvmfit : myres: no visible global function definition for ‘vars’
    cumres.lvmfit: no visible global function definition for ‘iid’
Flavors: r-devel-linux-x86_64-debian-clang, r-devel-linux-x86_64-debian-gcc, r-devel-linux-x86_64-fedora-clang, r-devel-linux-x86_64-fedora-gcc, r-devel-osx-x86_64-clang, r-prerel-windows-ix86+x86_64, r-prerel-linux-x86_64, r-prerel-solaris-sparc, r-prerel-solaris-x86, r-release-linux-x86_64, r-release-osx-x86_64-mavericks, r-release-windows-ix86+x86_64