CRAN Package Check Results for Package gof

Last updated on 2016-08-29 06:47:08.

Flavor Version Tinstall Tcheck Ttotal Status Flags
r-devel-linux-x86_64-debian-clang 0.9.1 8.70 13.49 22.20 NOTE
r-devel-linux-x86_64-debian-gcc 0.9.1 8.69 13.39 22.09 NOTE
r-devel-linux-x86_64-fedora-clang 0.9.1 39.82 NOTE
r-devel-linux-x86_64-fedora-gcc 0.9.1 39.27 NOTE
r-devel-osx-x86_64-clang 0.9.1 32.57 NOTE
r-devel-windows-ix86+x86_64 0.9.1 45.00 48.00 93.00 NOTE
r-patched-linux-x86_64 0.9.1 8.13 13.60 21.73 NOTE
r-patched-solaris-sparc 0.9.1 245.10 NOTE
r-patched-solaris-x86 0.9.1 51.60 NOTE
r-release-linux-x86_64 0.9.1 8.25 13.60 21.85 NOTE
r-release-osx-x86_64-mavericks 0.9.1 NOTE
r-release-windows-ix86+x86_64 0.9.1 47.00 47.00 94.00 NOTE
r-oldrel-windows-ix86+x86_64 0.9.1 33.00 70.00 103.00 NOTE

Check Details

Version: 0.9.1
Check: DESCRIPTION meta-information
Result: NOTE
    Malformed Description field: should contain one or more complete sentences.
Flavors: r-devel-linux-x86_64-debian-clang, r-devel-linux-x86_64-debian-gcc, r-devel-linux-x86_64-fedora-clang, r-devel-linux-x86_64-fedora-gcc, r-devel-osx-x86_64-clang, r-devel-windows-ix86+x86_64, r-patched-linux-x86_64, r-patched-solaris-sparc, r-patched-solaris-x86, r-release-linux-x86_64, r-release-osx-x86_64-mavericks, r-release-windows-ix86+x86_64, r-oldrel-windows-ix86+x86_64

Version: 0.9.1
Check: dependencies in R code
Result: NOTE
    'library' or 'require' calls in package code:
     ‘lava’ ‘numDeriv’ ‘survival’
     Please use :: or requireNamespace() instead.
     See section 'Suggested packages' in the 'Writing R Extensions' manual.
Flavors: r-devel-linux-x86_64-debian-clang, r-devel-linux-x86_64-debian-gcc, r-devel-linux-x86_64-fedora-clang, r-devel-linux-x86_64-fedora-gcc, r-devel-osx-x86_64-clang, r-devel-windows-ix86+x86_64, r-patched-linux-x86_64, r-patched-solaris-sparc, r-patched-solaris-x86, r-release-linux-x86_64, r-release-osx-x86_64-mavericks, r-release-windows-ix86+x86_64, r-oldrel-windows-ix86+x86_64

Version: 0.9.1
Check: R code for possible problems
Result: NOTE
    cumres.lvmfit : myres: no visible global function definition for ‘vars’
    cumres.lvmfit: no visible global function definition for ‘iid’
    plot.cumres : sampleproc: no visible global function definition for
     ‘lines’
    plot.cumres : predband : <anonymous>: no visible binding for global
     variable ‘rgb’
    plot.cumres : predband : <anonymous>: no visible global function
     definition for ‘col2rgb’
    plot.cumres : predband: no visible global function definition for
     ‘lines’
    plot.cumres : predband: no visible global function definition for
     ‘polygon’
    Undefined global functions or variables:
     col2rgb iid lines polygon rgb vars
    Consider adding
     importFrom("grDevices", "col2rgb", "rgb")
     importFrom("graphics", "lines", "polygon")
    to your NAMESPACE file.
Flavors: r-devel-linux-x86_64-debian-clang, r-devel-linux-x86_64-debian-gcc, r-devel-linux-x86_64-fedora-clang, r-devel-linux-x86_64-fedora-gcc, r-devel-osx-x86_64-clang, r-devel-windows-ix86+x86_64, r-patched-linux-x86_64, r-patched-solaris-sparc, r-patched-solaris-x86, r-release-linux-x86_64, r-release-osx-x86_64-mavericks, r-release-windows-ix86+x86_64

Version: 0.9.1
Check: R code for possible problems
Result: NOTE
    cumres.lvmfit : myres: no visible global function definition for 'vars'
    cumres.lvmfit: no visible global function definition for 'iid'
Flavor: r-oldrel-windows-ix86+x86_64