CRAN Package Check Results for Package gof

Last updated on 2014-09-20 15:49:22.

Flavor Version Tinstall Tcheck Ttotal Status Flags
r-devel-linux-x86_64-debian-clang 0.9.1 6.41 12.86 19.27 NOTE
r-devel-linux-x86_64-debian-gcc 0.9.1 8.02 12.09 20.12 NOTE
r-devel-linux-x86_64-fedora-clang 0.9.1 40.69 NOTE
r-devel-linux-x86_64-fedora-gcc 0.9.1 36.81 NOTE
r-devel-osx-x86_64-clang 0.9.1 39.67 NOTE
r-devel-windows-ix86+x86_64 0.9.1 21.00 45.00 66.00 NOTE
r-patched-linux-x86_64 0.9.1 8.20 13.08 21.28 OK
r-patched-solaris-sparc 0.9.1 290.70 OK
r-patched-solaris-x86 0.9.1 59.40 OK
r-release-linux-ix86 0.9.1 11.33 19.88 31.20 OK
r-release-linux-x86_64 0.9.1 8.28 13.31 21.58 OK
r-release-osx-x86_64-mavericks 0.9.1 OK
r-release-osx-x86_64-snowleopard 0.9.1 OK
r-release-windows-ix86+x86_64 0.9.1 24.00 45.00 69.00 OK
r-oldrel-windows-ix86+x86_64 0.9.1 26.00 46.00 72.00 OK

Check Details

Version: 0.9.1
Check: R code for possible problems
Result: NOTE
    cumres.lvmfit : myres: no visible global function definition for ‘vars’
    cumres.lvmfit: no visible global function definition for ‘iid’
Flavors: r-devel-linux-x86_64-debian-clang, r-devel-linux-x86_64-debian-gcc, r-devel-linux-x86_64-fedora-clang, r-devel-linux-x86_64-fedora-gcc, r-devel-osx-x86_64-clang, r-devel-windows-ix86+x86_64