CRAN Package Check Results for Package gof

Last updated on 2014-08-21 07:49:13.

Flavor Version Tinstall Tcheck Ttotal Status Flags
r-devel-linux-x86_64-debian-clang 0.9.1 5.99 12.82 18.81 OK
r-devel-linux-x86_64-debian-gcc 0.9.1 8.80 12.21 21.00 OK
r-devel-linux-x86_64-fedora-clang 0.9.1 40.48 NOTE
r-devel-linux-x86_64-fedora-gcc 0.9.1 37.40 NOTE
r-devel-osx-x86_64-clang 0.9.1 34.46 NOTE
r-devel-windows-ix86+x86_64 0.9.1 21.00 45.00 66.00 OK
r-patched-linux-x86_64 0.9.1 8.13 12.36 20.49 OK
r-patched-solaris-sparc 0.9.1 290.70 OK
r-patched-solaris-x86 0.9.1 57.70 OK
r-release-linux-ix86 0.9.1 11.31 19.89 31.20 OK
r-release-linux-x86_64 0.9.1 8.10 12.66 20.76 OK
r-release-osx-x86_64-mavericks 0.9.1 OK
r-release-osx-x86_64-snowleopard 0.9.1 OK
r-release-windows-ix86+x86_64 0.9.1 23.00 45.00 68.00 OK
r-oldrel-windows-ix86+x86_64 0.9.1 24.00 49.00 73.00 OK

Check Details

Version: 0.9.1
Check: R code for possible problems
Result: NOTE
    cumres.lvmfit : myres: no visible global function definition for ‘vars’
    cumres.lvmfit: no visible global function definition for ‘iid’
Flavors: r-devel-linux-x86_64-fedora-clang, r-devel-linux-x86_64-fedora-gcc, r-devel-osx-x86_64-clang