Last updated on 2025-01-18 08:49:16 CET.
Flavor | Version | Tinstall | Tcheck | Ttotal | Status | Flags |
---|---|---|---|---|---|---|
r-devel-linux-x86_64-debian-clang | 0.1 | 49.81 | 75.05 | 124.86 | OK | |
r-devel-linux-x86_64-debian-gcc | 0.1 | 33.54 | 54.16 | 87.70 | OK | |
r-devel-linux-x86_64-fedora-clang | 0.1 | 200.20 | NOTE | |||
r-devel-linux-x86_64-fedora-gcc | 0.1 | 209.79 | NOTE | |||
r-devel-windows-x86_64 | 0.1 | 48.00 | 106.00 | 154.00 | OK | |
r-patched-linux-x86_64 | 0.1 | 45.60 | 69.21 | 114.81 | OK | |
r-release-linux-x86_64 | 0.1 | 46.29 | 70.16 | 116.45 | OK | |
r-release-macos-arm64 | 0.1 | 53.00 | NOTE | |||
r-release-macos-x86_64 | 0.1 | 94.00 | NOTE | |||
r-release-windows-x86_64 | 0.1 | 46.00 | 104.00 | 150.00 | OK | |
r-oldrel-macos-arm64 | 0.1 | 60.00 | NOTE | |||
r-oldrel-macos-x86_64 | 0.1 | 96.00 | NOTE | |||
r-oldrel-windows-x86_64 | 0.1 | 56.00 | 127.00 | 183.00 | OK |
Version: 0.1
Check: dependencies in R code
Result: NOTE
Namespace in Imports field not imported from: ‘Rcpp’
All declared Imports should be used.
Flavors: r-devel-linux-x86_64-fedora-clang, r-devel-linux-x86_64-fedora-gcc
Version: 0.1
Check: installed package size
Result: NOTE
installed size is 5.4Mb
sub-directories of 1Mb or more:
libs 5.1Mb
Flavors: r-release-macos-arm64, r-release-macos-x86_64, r-oldrel-macos-arm64, r-oldrel-macos-x86_64