Last updated on 2023-03-28 09:53:47 CEST.
Flavor | Version | Tinstall | Tcheck | Ttotal | Status | Flags |
---|---|---|---|---|---|---|
r-devel-linux-x86_64-debian-clang | 1.6.4 | 234.83 | 147.73 | 382.56 | NOTE | |
r-devel-linux-x86_64-debian-gcc | 1.6.4 | 182.74 | 108.48 | 291.22 | NOTE | |
r-devel-linux-x86_64-fedora-clang | 1.6.4 | 572.71 | NOTE | |||
r-devel-linux-x86_64-fedora-gcc | 1.6.4 | 494.12 | NOTE | |||
r-patched-linux-x86_64 | 1.6.4 | 195.22 | 139.59 | 334.81 | NOTE | |
r-release-linux-x86_64 | 1.6.4 | 197.39 | 137.12 | 334.51 | OK | |
r-release-macos-arm64 | 1.6.4 | 100.00 | NOTE | |||
r-release-macos-x86_64 | 1.6.4 | 148.00 | NOTE | |||
r-release-windows-x86_64 | 1.6.4 | 227.00 | 185.00 | 412.00 | OK | |
r-oldrel-macos-arm64 | 1.6.4 | 91.00 | NOTE | |||
r-oldrel-macos-x86_64 | 1.6.4 | 158.00 | NOTE | |||
r-oldrel-windows-ix86+x86_64 | 1.6.4 | 566.00 | 237.00 | 803.00 | OK |
Version: 1.6.4
Check: C++ specification
Result: NOTE
Specified C++11: please drop specification unless essential
Flavors: r-devel-linux-x86_64-debian-clang, r-devel-linux-x86_64-debian-gcc, r-devel-linux-x86_64-fedora-clang, r-devel-linux-x86_64-fedora-gcc, r-patched-linux-x86_64
Version: 1.6.4
Check: installed package size
Result: NOTE
installed size is 7.5Mb
sub-directories of 1Mb or more:
libs 6.1Mb
Flavors: r-release-macos-arm64, r-release-macos-x86_64, r-oldrel-macos-arm64, r-oldrel-macos-x86_64