CRAN Package Check Results for Package gooJSON

Last updated on 2014-11-27 03:47:43.

Flavor Version Tinstall Tcheck Ttotal Status Flags
r-devel-linux-x86_64-debian-clang 1.0.01 0.60 9.24 9.84 NOTE
r-devel-linux-x86_64-debian-gcc 1.0.01 0.56 8.99 9.55 NOTE
r-devel-linux-x86_64-fedora-clang 1.0.01 21.15 NOTE
r-devel-linux-x86_64-fedora-gcc 1.0.01 22.66 NOTE
r-devel-osx-x86_64-clang 1.0.01 23.05 NOTE
r-devel-windows-ix86+x86_64 1.0.01 2.00 17.00 19.00 NOTE
r-patched-linux-x86_64 1.0.01 0.60 9.42 10.02 NOTE
r-patched-solaris-sparc 1.0.01 127.80 NOTE
r-patched-solaris-x86 1.0.01 30.20 NOTE
r-release-linux-ix86 1.0.01 0.83 14.39 15.22 NOTE
r-release-linux-x86_64 1.0.01 0.62 9.28 9.90 NOTE
r-release-osx-x86_64-mavericks 1.0.01 NOTE
r-release-osx-x86_64-snowleopard 1.0.01 NOTE
r-release-windows-ix86+x86_64 1.0.01 3.00 18.00 21.00 NOTE
r-oldrel-windows-ix86+x86_64 1.0.01 3.00 19.00 22.00 NOTE

Check Details

Version: 1.0.01
Check: dependencies in R code
Result: NOTE
    'library' or 'require' call to ‘rjson’ which was already attached by Depends.
     Please remove these calls from your code.
    Package in Depends field not imported from: ‘rjson’
     These packages need to be imported from (in the NAMESPACE file)
     for when this namespace is loaded but not attached.
    See the information on DESCRIPTION files in the chapter ‘Creating R
    packages’ of the ‘Writing R Extensions’ manual.
Flavors: r-devel-linux-x86_64-debian-clang, r-devel-linux-x86_64-debian-gcc, r-devel-linux-x86_64-fedora-clang, r-devel-linux-x86_64-fedora-gcc, r-devel-osx-x86_64-clang, r-devel-windows-ix86+x86_64, r-patched-linux-x86_64, r-patched-solaris-sparc, r-patched-solaris-x86, r-release-linux-ix86, r-release-linux-x86_64, r-release-osx-x86_64-mavericks, r-release-windows-ix86+x86_64, r-oldrel-windows-ix86+x86_64

Version: 1.0.01
Check: R code for possible problems
Result: NOTE
    File ‘gooJSON/R/zzz.R’:
     .onLoad calls:
     packageStartupMessage(c("\n\t", abt$Title, "\n"), c("Version: ", abt$Version, "\n"), c("Compiled:", abt$Built, "\n\n"), c(paste("copyright (c) 2011, Christopher S. Marcum\n", sep = "")), c("Type help(package=\"gooJSON\") to get started.\n"))
    
    See section ‘Good practice’ in '?.onAttach'.
    
    goomap: no visible global function definition for ‘fromJSON’
Flavors: r-devel-linux-x86_64-debian-clang, r-devel-linux-x86_64-debian-gcc, r-devel-linux-x86_64-fedora-clang, r-devel-linux-x86_64-fedora-gcc, r-devel-osx-x86_64-clang, r-devel-windows-ix86+x86_64, r-patched-linux-x86_64, r-patched-solaris-sparc, r-patched-solaris-x86, r-release-linux-ix86, r-release-linux-x86_64, r-release-windows-ix86+x86_64

Version: 1.0.01
Check: R code for possible problems
Result: NOTE
    File ‘gooJSON/R/zzz.R’:
     .onLoad calls:
     packageStartupMessage(c("\n\t", abt$Title, "\n"), c("Version: ", abt$Version, "\n"), c("Compiled:", abt$Built, "\n\n"), c(paste("copyright (c) 2011, Christopher S. Marcum\n", sep = "")), c("Type help(package=\"gooJSON\") to get started.\n"))
    
    See section ‘Good practice’ in '?.onAttach'.
Flavors: r-release-osx-x86_64-mavericks, r-release-osx-x86_64-snowleopard, r-oldrel-windows-ix86+x86_64

Version: 1.0.01
Check: dependencies in R code
Result: NOTE
    'library' or 'require' call to 'rjson' which was already attached by Depends.
     Please remove these calls from your code.
    Package in Depends field not imported from: 'rjson'
     These packages need to be imported from for the case when
     this namespace is loaded but not attached.
    See the information on DESCRIPTION files in the chapter 'Creating R
    packages' of the 'Writing R Extensions' manual.
Flavor: r-release-osx-x86_64-snowleopard