CRAN Package Check Results for Package gooJSON

Last updated on 2014-08-22 12:49:03.

Flavor Version Tinstall Tcheck Ttotal Status Flags
r-devel-linux-x86_64-debian-clang 1.0.01 0.48 8.52 9.00 NOTE
r-devel-linux-x86_64-debian-gcc 1.0.01 0.48 8.53 9.01 NOTE
r-devel-linux-x86_64-fedora-clang 1.0.01 17.89 NOTE
r-devel-linux-x86_64-fedora-gcc 1.0.01 16.94 NOTE
r-devel-osx-x86_64-clang 1.0.01 21.00 NOTE
r-devel-windows-ix86+x86_64 1.0.01 2.00 16.00 18.00 NOTE
r-patched-linux-x86_64 1.0.01 0.54 9.03 9.57 NOTE
r-patched-solaris-sparc 1.0.01 126.00 NOTE
r-patched-solaris-x86 1.0.01 27.90 NOTE
r-release-linux-ix86 1.0.01 0.81 14.55 15.36 NOTE
r-release-linux-x86_64 1.0.01 0.54 8.84 9.38 NOTE
r-release-osx-x86_64-mavericks 1.0.01 NOTE
r-release-osx-x86_64-snowleopard 1.0.01 NOTE
r-release-windows-ix86+x86_64 1.0.01 3.00 23.00 26.00 NOTE
r-oldrel-windows-ix86+x86_64 1.0.01 3.00 19.00 22.00 NOTE

Check Details

Version: 1.0.01
Check: dependencies in R code
Result: NOTE
    'library' or 'require' call to ‘rjson’ which was already attached by Depends.
     Please remove these calls from your code.
    Package in Depends field not imported from: ‘rjson’
     These packages need to be imported from (in the NAMESPACE file)
     for when this namespace is loaded but not attached.
    See the information on DESCRIPTION files in the chapter ‘Creating R
    packages’ of the ‘Writing R Extensions’ manual.
Flavors: r-devel-linux-x86_64-debian-clang, r-devel-linux-x86_64-debian-gcc, r-devel-linux-x86_64-fedora-clang, r-devel-linux-x86_64-fedora-gcc, r-devel-osx-x86_64-clang, r-devel-windows-ix86+x86_64, r-patched-linux-x86_64, r-patched-solaris-sparc, r-patched-solaris-x86, r-release-linux-ix86, r-release-linux-x86_64, r-release-osx-x86_64-mavericks, r-release-windows-ix86+x86_64, r-oldrel-windows-ix86+x86_64

Version: 1.0.01
Check: R code for possible problems
Result: NOTE
    File ‘gooJSON/R/zzz.R’:
     .onLoad calls:
     packageStartupMessage(c("\n\t", abt$Title, "\n"), c("Version: ", abt$Version, "\n"), c("Compiled:", abt$Built, "\n\n"), c(paste("copyright (c) 2011, Christopher S. Marcum\n", sep = "")), c("Type help(package=\"gooJSON\") to get started.\n"))
    
    See section ‘Good practice’ in '?.onAttach'.
Flavors: r-devel-linux-x86_64-debian-clang, r-devel-linux-x86_64-debian-gcc, r-devel-windows-ix86+x86_64, r-patched-linux-x86_64, r-patched-solaris-sparc, r-patched-solaris-x86, r-release-linux-ix86, r-release-linux-x86_64, r-release-osx-x86_64-mavericks, r-release-osx-x86_64-snowleopard, r-release-windows-ix86+x86_64, r-oldrel-windows-ix86+x86_64

Version: 1.0.01
Check: R code for possible problems
Result: NOTE
    File ‘gooJSON/R/zzz.R’:
     .onLoad calls:
     packageStartupMessage(c("\n\t", abt$Title, "\n"), c("Version: ", abt$Version, "\n"), c("Compiled:", abt$Built, "\n\n"), c(paste("copyright (c) 2011, Christopher S. Marcum\n", sep = "")), c("Type help(package=\"gooJSON\") to get started.\n"))
    
    See section ‘Good practice’ in '?.onAttach'.
    
    goomap: no visible global function definition for ‘fromJSON’
Flavors: r-devel-linux-x86_64-fedora-clang, r-devel-linux-x86_64-fedora-gcc, r-devel-osx-x86_64-clang

Version: 1.0.01
Check: dependencies in R code
Result: NOTE
    'library' or 'require' call to 'rjson' which was already attached by Depends.
     Please remove these calls from your code.
    Package in Depends field not imported from: 'rjson'
     These packages need to be imported from for the case when
     this namespace is loaded but not attached.
    See the information on DESCRIPTION files in the chapter 'Creating R
    packages' of the 'Writing R Extensions' manual.
Flavor: r-release-osx-x86_64-snowleopard