CRAN Package Check Results for Package gooJSON

Last updated on 2015-03-28 19:50:05.

Flavor Version Tinstall Tcheck Ttotal Status Flags
r-devel-linux-x86_64-debian-clang 1.0.01 0.52 8.41 8.94 NOTE
r-devel-linux-x86_64-debian-gcc 1.0.01 0.53 8.24 8.77 NOTE
r-devel-linux-x86_64-fedora-clang 1.0.01 17.11 NOTE
r-devel-linux-x86_64-fedora-gcc 1.0.01 17.12 NOTE
r-devel-osx-x86_64-clang 1.0.01 23.02 NOTE
r-prerel-windows-ix86+x86_64 1.0.01 2.00 14.00 16.00 NOTE
r-prerel-linux-x86_64 1.0.01 2.52 8.21 10.73 NOTE
r-prerel-solaris-sparc 1.0.01 105.00 NOTE
r-prerel-solaris-x86 1.0.01 26.10 NOTE
r-release-linux-x86_64 1.0.01 0.58 9.53 10.10 NOTE
r-release-osx-x86_64-mavericks 1.0.01 NOTE
r-release-osx-x86_64-snowleopard 1.0.01 NOTE
r-release-windows-ix86+x86_64 1.0.01 4.00 18.00 22.00 NOTE
r-oldrel-windows-ix86+x86_64 1.0.01 3.00 19.00 22.00 NOTE

Check Details

Version: 1.0.01
Check: dependencies in R code
Result: NOTE
    'library' or 'require' call to ‘rjson’ which was already attached by Depends.
     Please remove these calls from your code.
    Package in Depends field not imported from: ‘rjson’
     These packages need to be imported from (in the NAMESPACE file)
     for when this namespace is loaded but not attached.
Flavors: r-devel-linux-x86_64-debian-clang, r-devel-linux-x86_64-debian-gcc, r-devel-linux-x86_64-fedora-clang, r-devel-linux-x86_64-fedora-gcc, r-devel-osx-x86_64-clang, r-prerel-windows-ix86+x86_64, r-prerel-linux-x86_64, r-prerel-solaris-sparc, r-prerel-solaris-x86, r-release-linux-x86_64, r-release-windows-ix86+x86_64

Version: 1.0.01
Check: R code for possible problems
Result: NOTE
    File ‘gooJSON/R/zzz.R’:
     .onLoad calls:
     packageStartupMessage(c("\n\t", abt$Title, "\n"), c("Version: ", abt$Version, "\n"), c("Compiled:", abt$Built, "\n\n"), c(paste("copyright (c) 2011, Christopher S. Marcum\n", sep = "")), c("Type help(package=\"gooJSON\") to get started.\n"))
    
    See section ‘Good practice’ in '?.onAttach'.
    
    goomap: no visible global function definition for ‘fromJSON’
Flavors: r-devel-linux-x86_64-debian-clang, r-devel-linux-x86_64-debian-gcc, r-devel-linux-x86_64-fedora-clang, r-devel-linux-x86_64-fedora-gcc, r-devel-osx-x86_64-clang, r-prerel-windows-ix86+x86_64, r-prerel-linux-x86_64, r-prerel-solaris-sparc, r-prerel-solaris-x86, r-release-linux-x86_64, r-release-osx-x86_64-mavericks, r-release-windows-ix86+x86_64

Version: 1.0.01
Check: dependencies in R code
Result: NOTE
    'library' or 'require' call to ‘rjson’ which was already attached by Depends.
     Please remove these calls from your code.
    Package in Depends field not imported from: ‘rjson’
     These packages need to be imported from (in the NAMESPACE file)
     for when this namespace is loaded but not attached.
    See the information on DESCRIPTION files in the chapter ‘Creating R
    packages’ of the ‘Writing R Extensions’ manual.
Flavors: r-release-osx-x86_64-mavericks, r-oldrel-windows-ix86+x86_64

Version: 1.0.01
Check: dependencies in R code
Result: NOTE
    'library' or 'require' call to 'rjson' which was already attached by Depends.
     Please remove these calls from your code.
    Package in Depends field not imported from: 'rjson'
     These packages need to be imported from for the case when
     this namespace is loaded but not attached.
    See the information on DESCRIPTION files in the chapter 'Creating R
    packages' of the 'Writing R Extensions' manual.
Flavor: r-release-osx-x86_64-snowleopard

Version: 1.0.01
Check: R code for possible problems
Result: NOTE
    File 'gooJSON/R/zzz.R':
     .onLoad calls:
     packageStartupMessage(c("\n\t", abt$Title, "\n"), c("Version: ", abt$Version, "\n"), c("Compiled:", abt$Built, "\n\n"), c(paste("copyright (c) 2011, Christopher S. Marcum\n", sep = "")), c("Type help(package=\"gooJSON\") to get started.\n"))
    
    See section 'Good practice' in '?.onAttach'.
Flavors: r-release-osx-x86_64-snowleopard, r-oldrel-windows-ix86+x86_64