CRAN Package Check Results for Package gooJSON

Last updated on 2015-04-26 00:47:28.

Flavor Version Tinstall Tcheck Ttotal Status Flags
r-devel-linux-x86_64-debian-clang 1.0.01 0.54 9.05 9.58 NOTE
r-devel-linux-x86_64-debian-gcc 1.0.01 0.52 8.25 8.77 NOTE
r-devel-linux-x86_64-fedora-clang 1.0.01 16.95 NOTE
r-devel-linux-x86_64-fedora-gcc 1.0.01 15.76 NOTE
r-devel-osx-x86_64-clang 1.0.01 20.25 NOTE
r-devel-windows-ix86+x86_64 1.0.01 2.00 16.00 18.00 NOTE
r-patched-linux-x86_64 1.0.01 0.52 8.50 9.01 NOTE
r-patched-solaris-sparc 1.0.01 105.00 NOTE
r-patched-solaris-x86 1.0.01 26.60 NOTE
r-release-linux-x86_64 1.0.01 0.57 8.27 8.84 NOTE
r-release-osx-x86_64-mavericks 1.0.01 NOTE
r-release-osx-x86_64-snowleopard 1.0.01 NOTE
r-release-windows-ix86+x86_64 1.0.01 2.00 17.00 19.00 NOTE
r-oldrel-windows-ix86+x86_64 1.0.01 4.00 18.00 22.00 NOTE

Check Details

Version: 1.0.01
Check: dependencies in R code
Result: NOTE
    'library' or 'require' call to 'rjson' which was already attached by Depends.
     Please remove these calls from your code.
    Package in Depends field not imported from: 'rjson'
     These packages need to be imported from (in the NAMESPACE file)
     for when this namespace is loaded but not attached.
Flavors: r-devel-windows-ix86+x86_64, r-release-windows-ix86+x86_64, r-oldrel-windows-ix86+x86_64

Version: 1.0.01
Check: R code for possible problems
Result: NOTE
    File 'gooJSON/R/zzz.R':
     .onLoad calls:
     packageStartupMessage(c("\n\t", abt$Title, "\n"), c("Version: ", abt$Version, "\n"), c("Compiled:", abt$Built, "\n\n"), c(paste("copyright (c) 2011, Christopher S. Marcum\n", sep = "")), c("Type help(package=\"gooJSON\") to get started.\n"))
    
    See section 'Good practice' in '?.onAttach'.
    
    goomap: no visible global function definition for 'fromJSON'
Flavors: r-devel-windows-ix86+x86_64, r-release-windows-ix86+x86_64, r-oldrel-windows-ix86+x86_64