CRAN Package Check Results for Package googleAuthR

Last updated on 2020-07-12 14:47:37 CEST.

Flavor Version Tinstall Tcheck Ttotal Status Flags
r-devel-linux-x86_64-debian-clang 1.3.0 5.93 48.00 53.93 OK
r-devel-linux-x86_64-debian-gcc 1.3.0 4.96 37.55 42.51 WARN
r-devel-linux-x86_64-fedora-clang 1.3.0 73.00 OK
r-devel-linux-x86_64-fedora-gcc 1.3.0 63.31 OK
r-devel-windows-ix86+x86_64 1.3.0 11.00 82.00 93.00 OK
r-patched-linux-x86_64 1.3.0 6.75 47.81 54.56 OK
r-patched-solaris-x86 1.3.0 89.90 OK
r-release-linux-x86_64 1.3.0 5.93 47.88 53.81 OK
r-release-macos-x86_64 1.3.0 OK
r-release-windows-ix86+x86_64 1.3.0 16.00 65.00 81.00 OK
r-oldrel-macos-x86_64 1.3.0 OK
r-oldrel-windows-ix86+x86_64 1.3.0 15.00 68.00 83.00 OK

Check Details

Version: 1.3.0
Check: re-building of vignette outputs
Result: WARN
    Error(s) in re-building vignettes:
     ...
    --- re-building ‘advanced-building.Rmd’ using rmarkdown
    Could not fetch https://codecov.io/gh/MarkEdmondson1234/googleAuthR/branch/master/graph/badge.svg
    HttpExceptionRequest Request {
     host = "codecov.io"
     port = 443
     secure = True
     requestHeaders = []
     path = "/gh/MarkEdmondson1234/googleAuthR/branch/master/graph/badge.svg"
     queryString = ""
     method = "GET"
     proxy = Nothing
     rawBody = False
     redirectCount = 10
     responseTimeout = ResponseTimeoutDefault
     requestVersion = HTTP/1.1
    }
     ConnectionTimeout
    Error: processing vignette 'advanced-building.Rmd' failed with diagnostics:
    pandoc document conversion failed with error 61
    --- failed re-building ‘advanced-building.Rmd’
    
    --- re-building ‘building.Rmd’ using rmarkdown
    --- finished re-building ‘building.Rmd’
    
    --- re-building ‘google-authentication-types.Rmd’ using rmarkdown
    --- finished re-building ‘google-authentication-types.Rmd’
    
    --- re-building ‘setup.Rmd’ using rmarkdown
    --- finished re-building ‘setup.Rmd’
    
    --- re-building ‘troubleshooting.Rmd’ using rmarkdown
    --- finished re-building ‘troubleshooting.Rmd’
    
    SUMMARY: processing the following file failed:
     ‘advanced-building.Rmd’
    
    Error: Vignette re-building failed.
    Execution halted
Flavor: r-devel-linux-x86_64-debian-gcc