CRAN Package Check Results for Package googlePublicData

Last updated on 2014-08-29 11:54:51.

Flavor Version Tinstall Tcheck Ttotal Status Flags
r-devel-linux-x86_64-debian-clang 0.12.05 2.92 29.63 32.56 NOTE
r-devel-linux-x86_64-debian-gcc 0.12.05 2.36 28.71 31.06 NOTE
r-devel-linux-x86_64-fedora-clang 0.12.05 69.70 NOTE
r-devel-linux-x86_64-fedora-gcc 0.12.05 66.55 NOTE
r-devel-osx-x86_64-clang 0.12.05 59.13 NOTE
r-devel-windows-ix86+x86_64 0.12.05 7.00 43.00 50.00 NOTE
r-patched-linux-x86_64 0.12.05 2.48 30.29 32.77 NOTE
r-patched-solaris-sparc 0.12.05 410.20 NOTE
r-patched-solaris-x86 0.12.05 96.60 NOTE
r-release-linux-ix86 0.12.05 2.97 37.49 40.46 NOTE
r-release-linux-x86_64 0.12.05 2.70 29.70 32.40 NOTE
r-release-osx-x86_64-mavericks 0.12.05 NOTE
r-release-osx-x86_64-snowleopard 0.12.05 NOTE
r-release-windows-ix86+x86_64 0.12.05 8.00 48.00 56.00 NOTE
r-oldrel-windows-ix86+x86_64 0.12.05 8.00 46.00 54.00 NOTE

Check Details

Version: 0.12.05
Check: top-level files
Result: NOTE
    File
     LICENSE
    is not mentioned in the DESCRIPTION file.
Flavors: r-devel-linux-x86_64-debian-clang, r-devel-linux-x86_64-debian-gcc, r-devel-linux-x86_64-fedora-clang, r-devel-linux-x86_64-fedora-gcc, r-devel-osx-x86_64-clang, r-devel-windows-ix86+x86_64, r-patched-linux-x86_64, r-patched-solaris-sparc, r-patched-solaris-x86, r-release-linux-ix86, r-release-linux-x86_64, r-release-osx-x86_64-mavericks, r-release-osx-x86_64-snowleopard, r-release-windows-ix86+x86_64, r-oldrel-windows-ix86+x86_64

Version: 0.12.05
Check: dependencies in R code
Result: NOTE
    'library' or 'require' call to ‘XLConnect’ which was already attached by Depends.
     Please remove these calls from your code.
    See the information on DESCRIPTION files in the chapter ‘Creating R
    packages’ of the ‘Writing R Extensions’ manual.
Flavors: r-devel-linux-x86_64-debian-clang, r-devel-linux-x86_64-debian-gcc, r-devel-linux-x86_64-fedora-clang, r-devel-linux-x86_64-fedora-gcc, r-devel-osx-x86_64-clang, r-devel-windows-ix86+x86_64, r-patched-linux-x86_64, r-patched-solaris-sparc, r-patched-solaris-x86, r-release-linux-ix86, r-release-linux-x86_64, r-release-osx-x86_64-mavericks, r-release-osx-x86_64-snowleopard, r-release-windows-ix86+x86_64, r-oldrel-windows-ix86+x86_64

Version: 0.12.05
Check: R code for possible problems
Result: NOTE
    .addConcepts: multiple local function definitions for ‘fun’ with
     different formal arguments
    .checkDuplConcepts: no visible binding for global variable ‘type’
    .checkDuplConcepts: no visible binding for global variable ‘is.dim.tab’
    .checkDuplConcepts: no visible binding for global variable ‘id’
    .checkDuplConcepts: no visible binding for global variable ‘label’
    .checkDuplConcepts: no visible binding for global variable ‘freq’
    .getMoreInfo: no visible binding for global variable ‘id’
    .getMoreInfo: no visible binding for global variable ‘label’
    dspl: no visible binding for global variable ‘concept.type’
    dspl: no visible binding for global variable ‘id’
    dspl: no visible binding for global variable ‘slice’
    dspl: no visible binding for global variable ‘type’
    dspl: no visible binding for global variable ‘is.dim.tab’
    dspl: no visible binding for global variable ‘label’
    genMoreInfo: no visible binding for global variable ‘type’
    genMoreInfo: no visible binding for global variable ‘is.dim.tab’
    genMoreInfo: no visible binding for global variable ‘id’
    genMoreInfo: no visible binding for global variable ‘label’
    seekTables: no visible binding for global variable ‘is.dim.tab’
    seekTables: no visible binding for global variable ‘id’
    seekTables: no visible binding for global variable ‘slice’
Flavors: r-devel-linux-x86_64-debian-clang, r-devel-linux-x86_64-debian-gcc, r-devel-linux-x86_64-fedora-clang, r-devel-linux-x86_64-fedora-gcc, r-devel-osx-x86_64-clang, r-devel-windows-ix86+x86_64, r-patched-linux-x86_64, r-patched-solaris-sparc, r-patched-solaris-x86, r-release-linux-ix86, r-release-linux-x86_64, r-release-osx-x86_64-mavericks, r-release-osx-x86_64-snowleopard, r-release-windows-ix86+x86_64, r-oldrel-windows-ix86+x86_64