CRAN Package Check Results for Package googleVis

Last updated on 2014-08-27 10:47:49.

Flavor Version Tinstall Tcheck Ttotal Status Flags
r-devel-linux-x86_64-debian-clang 0.5.5 2.01 30.27 32.28 NOTE
r-devel-linux-x86_64-debian-gcc 0.5.5 1.93 29.99 31.92 NOTE
r-devel-linux-x86_64-fedora-clang 0.5.5 73.12 NOTE
r-devel-linux-x86_64-fedora-gcc 0.5.5 70.23 NOTE
r-devel-osx-x86_64-clang 0.5.5 73.05 NOTE
r-devel-windows-ix86+x86_64 0.5.5 7.00 48.00 55.00 NOTE
r-patched-linux-x86_64 0.5.5 1.99 31.34 33.33 OK
r-patched-solaris-sparc 0.5.5 383.30 OK
r-patched-solaris-x86 0.5.5 102.10 OK
r-release-linux-ix86 0.5.5 2.62 43.87 46.49 OK
r-release-linux-x86_64 0.5.5 2.10 31.56 33.66 OK
r-release-osx-x86_64-mavericks 0.5.5 OK
r-release-osx-x86_64-snowleopard 0.5.5 OK
r-release-windows-ix86+x86_64 0.5.5 7.00 52.00 59.00 OK
r-oldrel-windows-ix86+x86_64 0.5.5 7.00 50.00 57.00 OK

Check Details

Version: 0.5.5
Check: package namespace information
Result: NOTE
     Namespace with empty importFrom: ‘grDevices’
Flavors: r-devel-linux-x86_64-debian-clang, r-devel-linux-x86_64-debian-gcc, r-devel-linux-x86_64-fedora-clang, r-devel-linux-x86_64-fedora-gcc, r-devel-osx-x86_64-clang, r-devel-windows-ix86+x86_64