CRAN Package Check Results for Package googleVis

Last updated on 2016-09-27 18:47:49.

Flavor Version Tinstall Tcheck Ttotal Status Flags
r-devel-linux-x86_64-debian-clang 0.6.1 2.02 29.28 31.29 OK
r-devel-linux-x86_64-debian-gcc 0.6.1 1.90 29.38 31.27 OK
r-devel-linux-x86_64-fedora-clang 0.6.1 58.28 OK
r-devel-linux-x86_64-fedora-gcc 0.6.1 56.28 OK
r-devel-macos-x86_64-clang 0.6.1 49.17 OK
r-devel-windows-ix86+x86_64 0.6.1 13.00 82.00 95.00 OK
r-patched-linux-x86_64 0.6.1 1.70 29.25 30.95 OK
r-patched-solaris-sparc 0.6.1 337.80 OK
r-patched-solaris-x86 0.6.1 71.30 OK
r-release-linux-x86_64 0.6.1 1.71 29.86 31.57 OK
r-release-osx-x86_64-mavericks 0.6.1 NOTE
r-release-windows-ix86+x86_64 0.6.1 16.00 70.00 86.00 OK
r-oldrel-windows-ix86+x86_64 0.6.1 15.00 71.00 86.00 OK

Check Details

Version: 0.6.1
Check: re-building of vignette outputs
Result: NOTE
    Error in re-building vignettes:
     ...
    Warning in grepl("(Rerun to get|biblatex.*\\(re\\)run)", readLines(log, :
     input string 221 is invalid in this locale
    Error in texi2dvi(file = file, pdf = TRUE, clean = clean, quiet = quiet, :
     Running 'texi2dvi' on 'googleVis.tex' failed.
    LaTeX errors:
    ! LaTeX Error: Missing \begin{document}.
    
    See the LaTeX manual or LaTeX Companion for explanation.
    Type H <return> for immediate help.
     ...
    ! Missing $ inserted.
    <inserted text>
     $
    l.17 ...Q^^T;<9d>^^N^^@^^L^^O^^Oonn<8e><8c><8c>^^PB<8e>^^];<b6><b1><b1><e1>y^
     $^^R<f1>}<ff><e0><c1><83><fb><f7><ef>_]]}<f0><e0><c1><89>^^S'<c6>...
    ! Extra }, or forgotten $.
    l.17 ...^^N^^@^^L^^O^^Oonn<8e><8c><8c>^^PB<8e>^^];<b6><b1><b1><e1>y^$^^R<f1>}
     <ff><e0><c1><83><fb><f7><ef>_]]}<f0><e0><c1><89>^^S'<c6><c7><c7>EQl<b5>...
    I've deleted a group-closing symbol because it seems to be
    spurious, as in `$x}$'. But perhaps the } is legitimate and
    ! Extra }, or forgotten $.
    l.17 ...O^^Oonn<8e><8c><8c>^^PB<8e>^^];<b6><b1><b1><e1>y^$^^R<f1>}<ff><e0><c1><83><fb><f7><ef>_]]}
    
    Calls: buildVignettes -> texi2pdf -> texi2dvi
    Execution halted
Flavor: r-release-osx-x86_64-mavericks