CRAN Package Check Results for Package googleVis

Last updated on 2016-06-29 05:48:35.

Flavor Version Tinstall Tcheck Ttotal Status Flags
r-devel-linux-x86_64-debian-gcc 0.5.10 1.98 30.03 32.01 OK
r-devel-linux-x86_64-fedora-clang 0.5.10 53.94 OK
r-devel-linux-x86_64-fedora-gcc 0.5.10 51.72 OK
r-devel-osx-x86_64-clang 0.5.10 47.74 OK
r-devel-windows-ix86+x86_64 0.5.10 9.00 65.00 74.00 OK
r-patched-linux-x86_64 0.5.10 2.26 30.32 32.58 OK
r-patched-solaris-sparc 0.5.10 342.00 OK
r-patched-solaris-x86 0.5.10 76.20 OK
r-release-linux-x86_64 0.5.10 1.76 28.64 30.40 OK
r-release-osx-x86_64-mavericks 0.5.10 NOTE
r-release-windows-ix86+x86_64 0.5.10 14.00 83.00 97.00 OK
r-oldrel-windows-ix86+x86_64 0.5.10 15.00 63.00 78.00 OK

Check Details

Version: 0.5.10
Check: re-building of vignette outputs
Result: NOTE
    Error in re-building vignettes:
     ...
    Warning in grepl("(Rerun to get|biblatex.*\\(re\\)run)", readLines(log, :
     input string 221 is invalid in this locale
    Error in texi2dvi(file = file, pdf = TRUE, clean = clean, quiet = quiet, :
     Running 'texi2dvi' on 'googleVis.tex' failed.
    LaTeX errors:
    ! LaTeX Error: Missing \begin{document}.
    
    See the LaTeX manual or LaTeX Companion for explanation.
    Type H <return> for immediate help.
     ...
    ! Missing $ inserted.
    <inserted text>
     $
    l.15 ...<c7>?_<f7>Ń$}<9a><83><b3><90><c4>C@<db><c2><83><87>^^Fd^^Y΂-^^H^^^z<eb>I^^O^
     ,^^L<bd>(^^H;<a8>^^GO+<fe>^^Cj<cf>^^S<a4>...
    ! Undefined control sequence.
    l.16 ...y^^]Ƴ<e4>I<f6>y<ef><f3><e3><f9><e4> <f9>k8^^\<c2>^^Q<e0><d8>a^^[p@D:<c3>E<a4>3\D
     :<c3>E<a4>3\D:<c3>E<a4>3\D:<c3>E<a4>3\D:<c3>E^^...
    The control sequence at the end of the top line
    of your error message was never \def'ed. If you have
    ! Undefined control sequence.
    l.16 ...I<f6>y<ef><f3><e3><f9><e4> <f9>k8^^\<c2>^^Q<e0><d8>a^^[p@D:<c3>E<a4>3\D:<c3>E<a4>3\D
     :<c3>E<a4>3\D:
    Calls: buildVignettes -> texi2pdf -> texi2dvi
    Execution halted
Flavor: r-release-osx-x86_64-mavericks