CRAN Package Check Results for Package googleVis

Last updated on 2015-07-03 03:46:50.

Flavor Version Tinstall Tcheck Ttotal Status Flags
r-devel-linux-x86_64-debian-clang 0.5.8 2.58 29.52 32.10 NOTE
r-devel-linux-x86_64-debian-gcc 0.5.8 1.76 28.41 30.17 NOTE
r-devel-linux-x86_64-fedora-clang 0.5.8 61.43 NOTE
r-devel-linux-x86_64-fedora-gcc 0.5.8 57.15 NOTE
r-devel-osx-x86_64-clang 0.5.8 62.34 OK
r-devel-windows-ix86+x86_64 0.5.8 11.00 48.00 59.00 NOTE
r-patched-linux-x86_64 0.5.8 1.77 29.21 30.98 OK
r-patched-solaris-sparc 0.5.8 409.40 OK
r-patched-solaris-x86 0.5.8 82.80 OK
r-release-linux-x86_64 0.5.8 1.78 29.34 31.12 OK
r-release-osx-x86_64-mavericks 0.5.8 NOTE
r-release-windows-ix86+x86_64 0.5.8 10.00 52.00 62.00 OK
r-oldrel-windows-ix86+x86_64 0.5.8 11.00 57.00 68.00 OK

Check Details

Version: 0.5.8
Check: R code for possible problems
Result: NOTE
    gvisCheckAnnotatedTimeLineData: no visible global function definition
     for ‘reshape’
    gvisMotionChart: no visible global function definition for ‘na.omit’
    gvisOptions : <anonymous>: no visible global function definition for
     ‘type.convert’
    plot.gvis: no visible global function definition for ‘browseURL’
    toJSONarray : toJSONvec: no visible global function definition for ‘is’
    Undefined global functions or variables:
     browseURL is na.omit reshape type.convert
Flavors: r-devel-linux-x86_64-debian-clang, r-devel-linux-x86_64-fedora-clang, r-devel-linux-x86_64-fedora-gcc, r-devel-windows-ix86+x86_64

Version: 0.5.8
Check: R code for possible problems
Result: NOTE
    gvisCheckAnnotatedTimeLineData: no visible global function definition
     for ‘reshape’
    gvisMotionChart: no visible global function definition for ‘na.omit’
    gvisOptions : <anonymous>: no visible global function definition for
     ‘type.convert’
    plot.gvis: no visible global function definition for ‘browseURL’
    toJSONarray : toJSONvec: no visible global function definition for ‘is’
Flavor: r-devel-linux-x86_64-debian-gcc

Version: 0.5.8
Check: re-building of vignette outputs
Result: NOTE
    Error in re-building vignettes:
     ...
    suppressPackageStartupMessages(library(googleVis))
    
    Error in texi2dvi(file = file, pdf = TRUE, clean = clean, quiet = quiet, :
     Running 'texi2dvi' on 'googleVis.tex' failed.
    LaTeX errors:
    ! LaTeX Error: Missing \begin{document}.
    
    See the LaTeX manual or LaTeX Companion for explanation.
    Type H <return> for immediate help.
     ...
    ! Missing $ inserted.
    <inserted text>
     $
    l.15 ...L<c3> <84><ec><ec><ec>ܺu<8b><e3><b8><f9><f9>y:<81>^^Nt]7M<93><e3>8˲$I<f2>o!^^@@/P^
     <bf>~}<a8><e3>^^C#<e0><fc><d4>4<cd>^^[^^SBh<S<87>^...
    ! Extra }, or forgotten $.
    l.15 ...<84><ec><ec><ec>ܺu<8b><e3><b8><f9><f9>y:<81>^^Nt]7M<93><e3>8˲$I<f2>o!^^@@/P^<bf>~}
     <a8><e3>^^C#<e0><fc><d4>4<cd>^^[^^SBh<S<87>^^C<80>...
    I've deleted a group-closing symbol because it seems to be
    spurious, as in `$x}$'. But perhaps the } is legitimate and
    ! Extra }, or forgotten $.
    l.16 <8f>^^^=:s<e6><cc><d4>ԔeY<d5>j<d5>u<dd>^^G^^O^^^ܾ}
     <bb>P(^^X<86><b1><b6><b6
    Calls: buildVignettes -> texi2pdf -> texi2dvi
    Execution halted
Flavor: r-release-osx-x86_64-mavericks