CRAN Package Check Results for Package googleVis

Last updated on 2014-09-02 18:49:27.

Flavor Version Tinstall Tcheck Ttotal Status Flags
r-devel-linux-x86_64-debian-clang 0.5.5 1.96 30.24 32.20 NOTE
r-devel-linux-x86_64-debian-gcc 0.5.5 2.02 29.65 31.67 NOTE
r-devel-linux-x86_64-fedora-clang 0.5.5 72.35 NOTE
r-devel-linux-x86_64-fedora-gcc 0.5.5 69.11 NOTE
r-devel-osx-x86_64-clang 0.5.5 73.03 NOTE
r-devel-windows-ix86+x86_64 0.5.5 7.00 52.00 59.00 NOTE
r-patched-linux-x86_64 0.5.5 1.98 31.31 33.30 OK
r-patched-solaris-sparc 0.5.5 383.30 OK
r-patched-solaris-x86 0.5.5 106.10 OK
r-release-linux-ix86 0.5.5 2.62 44.13 46.75 OK
r-release-linux-x86_64 0.5.5 2.73 32.13 34.86 OK
r-release-osx-x86_64-mavericks 0.5.5 OK
r-release-osx-x86_64-snowleopard 0.5.5 OK
r-release-windows-ix86+x86_64 0.5.5 7.00 52.00 59.00 OK
r-oldrel-windows-ix86+x86_64 0.5.5 7.00 49.00 56.00 OK

Check Details

Version: 0.5.5
Check: package namespace information
Result: NOTE
     Namespace with empty importFrom: ‘grDevices’
Flavors: r-devel-linux-x86_64-debian-clang, r-devel-linux-x86_64-debian-gcc, r-devel-linux-x86_64-fedora-clang, r-devel-linux-x86_64-fedora-gcc, r-devel-osx-x86_64-clang, r-devel-windows-ix86+x86_64