CRAN Package Check Results for Package googleVis

Last updated on 2015-04-18 17:50:48.

Flavor Version Tinstall Tcheck Ttotal Status Flags
r-devel-linux-x86_64-debian-clang 0.5.8 1.96 29.84 31.80 OK
r-devel-linux-x86_64-debian-gcc 0.5.8 1.82 29.57 31.38 OK
r-devel-linux-x86_64-fedora-clang 0.5.8 65.47 OK
r-devel-linux-x86_64-fedora-gcc 0.5.8 61.26 OK
r-devel-osx-x86_64-clang 0.5.8 66.93 OK
r-patched-linux-x86_64 0.5.8 1.94 30.48 32.42 OK
r-patched-solaris-sparc 0.5.8 414.60 OK
r-patched-solaris-x86 0.5.8 81.90 OK
r-release-linux-x86_64 0.5.8 1.78 29.54 31.32 OK
r-release-osx-x86_64-mavericks 0.5.8 NOTE
r-release-osx-x86_64-snowleopard 0.5.8 ERROR
r-release-windows-ix86+x86_64 0.5.8 4.00 56.00 60.00 OK
r-oldrel-windows-ix86+x86_64 0.5.8 7.00 65.00 72.00 OK

Check Details

Version: 0.5.8
Check: package dependencies
Result: NOTE
    Package suggested but not available for checking: ‘shiny’
Flavor: r-release-osx-x86_64-mavericks

Version: 0.5.8
Check: re-building of vignette outputs
Result: NOTE
    Error in re-building vignettes:
     ...
    To suppress this message use:
    suppressPackageStartupMessages(library(googleVis))
    
    Error in texi2dvi(file = file, pdf = TRUE, clean = clean, quiet = quiet, :
     Running 'texi2dvi' on 'googleVis.tex' failed.
    LaTeX errors:
    ! LaTeX Error: Missing \begin{document}.
    
    See the LaTeX manual or LaTeX Companion for explanation.
    Type H <return> for immediate help.
     ...
    ! Undefined control sequence.
    l.18 ...<b8><a5><cc><ce><ce>zc^^Z<a2>4<f0>^^^=zT*<95>4M<f3>"<90>^^PB<e3>V<d3>4<c3>0<e8><b7><c0>q\<a1>
     P<98><9d><9d><d5>4<cd>4M<8e><e3>t]^^?<fe><fc>yP<e6>^^E^^...
    The control sequence at the end of the top line
    of your error message was never \def'ed. If you have
    ! Missing $ inserted.
    <inserted text>
     $
    l.18 ...B<e3>V<d3>4<c3>0<e8><b7><c0>q\<a1>P<98><9d><9d><d5>4<cd>4M<8e><e3>t]^^?<fe><fc>yP<e6>^^E^^V<b7>^
     d^^^5D^^O<ce>?<be><f0>>Ջ<f6><e3><c3>D`<f9><e9>A<cb><cc>...
    ! Undefined control sequence.
    l.19 ...G<f0><fe>^^D^^@]׫<d5><ea><bd>{<f7>^^Z<8d><86><aa><aa><92>$=}<fa><94>a<98>v<bb><cd><f3><^
    Calls: buildVignettes -> texi2pdf -> texi2dvi
    Execution halted
Flavor: r-release-osx-x86_64-mavericks

Version: 0.5.8
Check: package dependencies
Result: ERROR
    Package suggested but not available for checking: ‘knitr’
    
    VignetteBuilder package required for checking but installed: ‘knitr’
    
    See section ‘The DESCRIPTION file’ in the ‘Writing R Extensions’
    manual.
Flavor: r-release-osx-x86_64-snowleopard