CRAN Package Check Results for Package googleVis

Last updated on 2014-10-02 15:49:01.

Flavor Version Tinstall Tcheck Ttotal Status Flags
r-devel-linux-x86_64-debian-clang 0.5.5 1.94 33.85 35.79 NOTE
r-devel-linux-x86_64-debian-gcc 0.5.5 1.86 33.32 35.19 NOTE
r-devel-linux-x86_64-fedora-clang 0.5.5 71.75 NOTE
r-devel-linux-x86_64-fedora-gcc 0.5.5 69.92 NOTE
r-devel-osx-x86_64-clang 0.5.5 73.07 NOTE
r-devel-windows-ix86+x86_64 0.5.5 7.00 45.00 52.00 NOTE
r-patched-linux-x86_64 0.5.5 1.98 34.97 36.95 OK
r-patched-solaris-sparc 0.5.5 383.30 OK
r-patched-solaris-x86 0.5.5 100.00 OK
r-release-linux-ix86 0.5.5 2.63 43.96 46.58 OK
r-release-linux-x86_64 0.5.5 2.03 34.32 36.36 OK
r-release-osx-x86_64-mavericks 0.5.5 OK
r-release-osx-x86_64-snowleopard 0.5.5 OK
r-release-windows-ix86+x86_64 0.5.5 6.00 50.00 56.00 OK
r-oldrel-windows-ix86+x86_64 0.5.5 7.00 52.00 59.00 OK

Check Details

Version: 0.5.5
Check: package namespace information
Result: NOTE
     Namespace with empty importFrom: ‘grDevices’
Flavors: r-devel-linux-x86_64-debian-clang, r-devel-linux-x86_64-debian-gcc, r-devel-linux-x86_64-fedora-clang, r-devel-linux-x86_64-fedora-gcc, r-devel-osx-x86_64-clang, r-devel-windows-ix86+x86_64