CRAN Package Check Results for Package googleVis

Last updated on 2015-09-03 09:46:58.

Flavor Version Tinstall Tcheck Ttotal Status Flags
r-devel-linux-x86_64-debian-clang 0.5.10 1.80 28.39 30.19 OK
r-devel-linux-x86_64-debian-gcc 0.5.10 1.75 28.33 30.08 OK
r-devel-linux-x86_64-fedora-clang 0.5.10 60.95 OK
r-devel-linux-x86_64-fedora-gcc 0.5.10 58.11 OK
r-devel-osx-x86_64-clang 0.5.10 58.45 OK
r-devel-windows-ix86+x86_64 0.5.10 16.00 55.00 71.00 OK
r-patched-linux-x86_64 0.5.10 2.10 29.36 31.45 OK
r-patched-solaris-sparc 0.5.10 412.20 OK
r-patched-solaris-x86 0.5.10 84.20 OK
r-release-linux-x86_64 0.5.10 1.84 28.84 30.68 OK
r-release-osx-x86_64-mavericks 0.5.10 NOTE
r-release-windows-ix86+x86_64 0.5.10 14.00 82.00 96.00 OK
r-oldrel-windows-ix86+x86_64 0.5.10 17.00 63.00 80.00 OK

Check Details

Version: 0.5.10
Check: re-building of vignette outputs
Result: NOTE
    Error in re-building vignettes:
     ...
    suppressPackageStartupMessages(library(googleVis))
    
    Error in texi2dvi(file = file, pdf = TRUE, clean = clean, quiet = quiet, :
     Running 'texi2dvi' on 'googleVis.tex' failed.
    LaTeX errors:
    ! Undefined control sequence.
    l.19 ...^^Z<ba><ae><cf><cd><cd>^^Y<86><a1>iZ<bb>ݾt<e9>ҳg<cf><ca><e5><f2>q<98>4<e6>:42<97>F<f5>6\^^\
     K~<fe><c4><e2><e2>"^^@H<92>D<93><96>ƪi<9a><84><90><f7><ef><df>?}...
    The control sequence at the end of the top line
    of your error message was never \def'ed. If you have
    ! LaTeX Error: Missing \begin{document}.
    
    See the LaTeX manual or LaTeX Companion for explanation.
    Type H <return> for immediate help.
     ...
    ! Missing $ inserted.
    <inserted text>
     $
    l.20 ...n !<f5>z<bd><df><ef><e7>r9<ba><cd><c3>q<9c>eY<d4>^^U<b1>X<8c>e<d9><e5><e5><e5>\.G^^Hq]<97>:<93>^
     ;99<99>N<a7>[<ad>^^V˲<b2>,<b7>Z-A^^P<^^_...
    ! Undefined control sequence.
    l.21 ...^^Uc<cc>0^^L-T<db><db><db>^^@<b0><bf><bf>/<cb><f2><ea><ea><aa><eb><ba>gΜ^^A^^@<d7>u<af>\<b9>
    
    Calls: buildVignettes -> texi2pdf -> texi2dvi
    Execution halted
Flavor: r-release-osx-x86_64-mavericks