CRAN Package Check Results for Package googleVis

Last updated on 2017-03-26 21:47:50.

Flavor Version Tinstall Tcheck Ttotal Status Flags
r-devel-linux-x86_64-debian-clang 0.6.2 1.96 35.54 37.49 OK
r-devel-linux-x86_64-debian-gcc 0.6.2 1.92 35.60 37.52 OK
r-devel-linux-x86_64-fedora-clang 0.6.2 71.24 OK --no-stop-on-test-error
r-devel-linux-x86_64-fedora-gcc 0.6.2 72.21 OK --no-stop-on-test-error
r-devel-macos-x86_64-clang 0.6.2 57.64 OK --no-stop-on-test-error
r-patched-linux-x86_64 0.6.2 2.04 35.37 37.41 OK
r-patched-solaris-sparc 0.6.2 401.80 OK
r-patched-solaris-x86 0.6.2 88.90 OK
r-release-linux-x86_64 0.6.2 1.80 29.50 31.30 OK
r-release-osx-x86_64-mavericks 0.6.2 NOTE
r-release-windows-ix86+x86_64 0.6.2 15.00 69.00 84.00 OK
r-oldrel-windows-ix86+x86_64 0.6.2 11.00 69.00 80.00 OK

Check Details

Version: 0.6.2
Check: re-building of vignette outputs
Result: NOTE
    Error in re-building vignettes:
     ...
     input string 205 is invalid in this locale
    Warning in grepl("(Rerun to get|biblatex.*\\(re\\)run)", readLines(log, :
     input string 206 is invalid in this locale
    Warning in grepl("(Rerun to get|biblatex.*\\(re\\)run)", readLines(log, :
     input string 214 is invalid in this locale
    Error in texi2dvi(file = file, pdf = TRUE, clean = clean, quiet = quiet, :
     Running 'texi2dvi' on 'googleVis.tex' failed.
    LaTeX errors:
    ! Undefined control sequence.
    l.16 <ed><c1>E<98>e҃<a7>z<ea>ѣ<82>x^^V<(xt^^?<80><88><ee>\E
     <8a>B<0b>^^[<88>^^Y<e2><L'a"A:'^^AM<b2><c9>V<fb><98>&Vs<b0><f9>^^\^^^^^\...
    The control sequence at the end of the top line
    of your error message was never \def'ed. If you have
    ! Undefined control sequence.
    l.19 ...<97><cb>=x<f0>`vv<f6>ڵk<87>^^O^^_<be>x<f1><a2>i<9a><8f>^^_?<f6>}<ff>ʕ+^^W.\<98>
     <9d><9d><d5>4mmmM<92><a4><b9><b9><b9>;w<ee>D^^^<d5>n<b6>[<d3>4...
    The control sequence at the end of the top line
    of your error message was never \def'ed. If you have
    ! Undefined control sequence.
    l.20 ^^@^^X<86>^^A^^@<c5>b<b1><eb> {<ba><9f><84><90>r<b9>L<bb>\<b3>
     <d9>$<84><8c><8f><8f>˲L^^Hy<f9><f2><a5><e7>y<93><93><93><8d>F^^C^^@<c2>0ܖ<a4>q^^O
    The control sequence at the end of the top line
    of your error message was nev
    Calls: buildVignettes -> texi2pdf -> texi2dvi
    Execution halted
Flavor: r-release-osx-x86_64-mavericks