CRAN Package Check Results for Package googleVis

Last updated on 2014-04-24 19:53:59.

Flavor Version Tinstall Tcheck Ttotal Status Flags
r-devel-linux-x86_64-debian-clang 0.5.1 2.23 32.28 34.52 OK
r-devel-linux-x86_64-debian-gcc 0.5.1 2.03 32.03 34.06 OK
r-devel-linux-x86_64-fedora-clang 0.5.1 73.35 OK
r-devel-linux-x86_64-fedora-gcc 0.5.1 70.23 OK
r-devel-osx-x86_64-clang 0.5.1 68.89 OK
r-devel-osx-x86_64-gcc 0.5.1 ERROR
r-devel-windows-ix86+x86_64 0.5.1 7.00 49.00 56.00 OK
r-patched-linux-x86_64 0.5.1 2.07 31.95 34.02 OK
r-patched-solaris-sparc 0.5.1 366.60 OK
r-patched-solaris-x86 0.5.1 93.90 OK
r-release-linux-ix86 0.5.1 4.00 60.00 64.00 OK
r-release-linux-x86_64 0.5.1 2.02 31.74 33.77 OK
r-release-osx-x86_64-mavericks 0.5.1 OK
r-release-osx-x86_64-snowleopard 0.5.1 OK
r-release-windows-ix86+x86_64 0.5.1 6.00 48.00 54.00 OK
r-oldrel-windows-ix86+x86_64 0.5.1 7.00 50.00 57.00 OK

Check Details

Version: 0.5.1
Check: package dependencies
Result: NOTE
    Package suggested but not available for checking: ‘knitr’
Flavor: r-devel-osx-x86_64-gcc

Version: 0.5.1
Check: running R code from vignettes
Result: ERROR
    Errors in running code in vignettes:
    when running code in ‘googleVis.Rnw’
     ...
    Error in loadVignetteBuilder(pkgdir) : vignette builder 'knitr' not found
    Calls: <Anonymous> -> loadVignetteBuilder
    Execution halted
    
    ... incomplete output. Crash?
Flavor: r-devel-osx-x86_64-gcc