CRAN Package Check Results for Package googleVis

Last updated on 2016-07-30 23:47:30.

Flavor Version Tinstall Tcheck Ttotal Status Flags
r-devel-linux-x86_64-debian-clang 0.6.0 2.04 29.54 31.58 OK
r-devel-linux-x86_64-debian-gcc 0.6.0 1.80 29.09 30.88 OK
r-devel-linux-x86_64-fedora-clang 0.6.0 56.30 OK
r-devel-linux-x86_64-fedora-gcc 0.6.0 54.62 OK
r-devel-osx-x86_64-clang 0.6.0 49.80 OK
r-devel-windows-ix86+x86_64 0.6.0 10.00 67.00 77.00 OK
r-patched-linux-x86_64 0.6.0 1.88 29.63 31.51 OK
r-patched-solaris-sparc 0.6.0 336.00 OK
r-patched-solaris-x86 0.6.0 74.90 OK
r-release-linux-x86_64 0.6.0 1.81 35.24 37.05 OK
r-release-osx-x86_64-mavericks 0.6.0 NOTE
r-release-windows-ix86+x86_64 0.6.0 13.00 87.00 100.00 OK
r-oldrel-windows-ix86+x86_64 0.6.0 15.00 73.00 88.00 OK

Check Details

Version: 0.6.0
Check: re-building of vignette outputs
Result: NOTE
    Error in re-building vignettes:
     ...
    Warning in grepl("(Rerun to get|biblatex.*\\(re\\)run)", readLines(log, :
     input string 220 is invalid in this locale
    Error in texi2dvi(file = file, pdf = TRUE, clean = clean, quiet = quiet, :
     Running 'texi2dvi' on 'googleVis.tex' failed.
    LaTeX errors:
    ! Undefined control sequence.
    l.20 ...^Q<96>e^^W^^W^^W3<99>^^L!<c4>q^^\<ea>Lz<ed><c8><c8>H2<99><ac><d5>j,<cb>ʲ\<ab>
     <d5>^^DAp}H^^HqoE/^^TE<d1>ˎ<df>S<bd>]...
    The control sequence at the end of the top line
    of your error message was never \def'ed. If you have
    ! LaTeX Error: Missing \begin{document}.
    
    See the LaTeX manual or LaTeX Companion for explanation.
    Type H <return> for immediate help.
     ...
    ! Missing $ inserted.
    <inserted text>
     $
    l.38 ...^N<81><b7><a0>.<ad><83>^^E^^^<84><85><98>^^Q^^R<bc><0b><87>^^PQ<8d><bd>^^S1<88><fc>^^\^
     <b4><af><94><9a>nӭ<b9><c7>Ab<ba>|<bf>x<be>ޯ_<ef>9<d6>l6a^...
    ! Please use \mathaccent for accents in math mode.
    \add@accent ...@spacefactor \spacefactor }\accent
     #1 #2\egroup \spa
    Calls: buildVignettes -> texi2pdf -> texi2dvi
    Execution halted
Flavor: r-release-osx-x86_64-mavericks