CRAN Package Check Results for Package googleformr

Last updated on 2022-01-23 12:59:41 CET.

Flavor Version Tinstall Tcheck Ttotal Status Flags
r-devel-linux-x86_64-debian-clang 0.0.3 2.29 30.13 32.42 NOTE
r-devel-linux-x86_64-debian-gcc 0.0.3 1.98 25.58 27.56 NOTE
r-devel-linux-x86_64-fedora-clang 0.0.3 41.00 NOTE
r-devel-linux-x86_64-fedora-gcc 0.0.3 28.67 NOTE
r-devel-windows-x86_64-new-UL 0.0.3 32.00 48.00 80.00 NOTE
r-devel-windows-x86_64-new-TK 0.0.3 NOTE
r-patched-linux-x86_64 0.0.3 2.28 28.57 30.85 NOTE
r-release-linux-x86_64 0.0.3 2.28 28.70 30.98 NOTE
r-release-macos-arm64 0.0.3 NOTE
r-release-macos-x86_64 0.0.3 NOTE
r-release-windows-ix86+x86_64 0.0.3 7.00 38.00 45.00 NOTE
r-oldrel-macos-x86_64 0.0.3 OK
r-oldrel-windows-ix86+x86_64 0.0.3 7.00 38.00 45.00 OK

Check Details

Version: 0.0.3
Check: LazyData
Result: NOTE
     'LazyData' is specified without a 'data' directory
Flavors: r-devel-linux-x86_64-debian-clang, r-devel-linux-x86_64-debian-gcc, r-devel-linux-x86_64-fedora-clang, r-devel-linux-x86_64-fedora-gcc, r-devel-windows-x86_64-new-UL, r-devel-windows-x86_64-new-TK, r-patched-linux-x86_64, r-release-linux-x86_64, r-release-macos-arm64, r-release-macos-x86_64, r-release-windows-ix86+x86_64