CRAN Package Check Results for Package goric

Last updated on 2014-09-02 05:46:34.

Flavor Version Tinstall Tcheck Ttotal Status Flags
r-devel-linux-x86_64-debian-clang 0.0-7 3.62 40.39 44.01 NOTE
r-devel-linux-x86_64-debian-gcc 0.0-7 3.28 39.23 42.50 NOTE
r-devel-linux-x86_64-fedora-clang 0.0-7 105.74 NOTE
r-devel-linux-x86_64-fedora-gcc 0.0-7 100.52 NOTE
r-devel-osx-x86_64-clang 0.0-7 79.59 NOTE
r-devel-windows-ix86+x86_64 0.0-7 9.00 61.00 70.00 NOTE
r-patched-linux-x86_64 0.0-7 3.47 41.98 45.45 NOTE
r-patched-solaris-sparc 0.0-7 604.00 NOTE
r-patched-solaris-x86 0.0-7 144.90 NOTE
r-release-linux-ix86 0.0-7 4.25 52.87 57.12 NOTE
r-release-linux-x86_64 0.0-7 3.56 45.14 48.69 NOTE
r-release-osx-x86_64-mavericks 0.0-7 NOTE
r-release-osx-x86_64-snowleopard 0.0-7 NOTE
r-release-windows-ix86+x86_64 0.0-7 10.00 62.00 72.00 NOTE
r-oldrel-windows-ix86+x86_64 0.0-7 10.00 61.00 71.00 NOTE

Check Details

Version: 0.0-7
Check: dependencies in R code
Result: NOTE
    'library' or 'require' calls to packages already attached by Depends:
     ‘MASS’ ‘Matrix’ ‘mvtnorm’ ‘nlme’ ‘quadprog’
     Please remove these calls from your code.
    Packages in Depends field not imported from:
     ‘MASS’ ‘Matrix’ ‘mvtnorm’ ‘nlme’ ‘quadprog’
     These packages need to be imported from (in the NAMESPACE file)
     for when this namespace is loaded but not attached.
    See the information on DESCRIPTION files in the chapter ‘Creating R
    packages’ of the ‘Writing R Extensions’ manual.
Flavors: r-devel-linux-x86_64-debian-clang, r-devel-linux-x86_64-debian-gcc, r-devel-linux-x86_64-fedora-clang, r-devel-linux-x86_64-fedora-gcc, r-devel-osx-x86_64-clang, r-devel-windows-ix86+x86_64, r-patched-linux-x86_64, r-patched-solaris-sparc, r-patched-solaris-x86, r-release-linux-ix86, r-release-linux-x86_64, r-release-osx-x86_64-mavericks, r-release-windows-ix86+x86_64, r-oldrel-windows-ix86+x86_64

Version: 0.0-7
Check: R code for possible problems
Result: NOTE
    goric_penalty: no visible global function definition for ‘rmvnorm’
    goric_penalty : <anonymous>: no visible global function definition for
     ‘solve.QP’
    goric_penalty: no visible global function definition for ‘makeCluster’
    goric_penalty: no visible global function definition for
     ‘clusterExport’
    goric_penalty: no visible global function definition for ‘parRapply’
    goric_penalty: no visible global function definition for ‘stopCluster’
    orgls.formula: no visible global function definition for
     ‘getGroupsFormula’
    orgls.formula: no visible global function definition for ‘glsStruct’
    orgls.formula: no visible global function definition for ‘varFunc’
    orgls.formula: no visible global function definition for ‘asOneFormula’
    orgls.formula: no visible global function definition for ‘getGroups’
    orgls.formula: no visible global function definition for ‘gls’
    orgls.formula: no visible global function definition for ‘corMatrix’
    orgls.formula: no visible global function definition for ‘bdiag’
    orgls.formula: no visible global function definition for ‘lm.gls’
    orgls.formula : orsolve: no visible global function definition for
     ‘solve.QP’
    orlm.formula : orsolve: no visible global function definition for
     ‘solve.QP’
Flavors: r-devel-linux-x86_64-debian-clang, r-devel-linux-x86_64-debian-gcc, r-devel-linux-x86_64-fedora-clang, r-devel-linux-x86_64-fedora-gcc, r-devel-osx-x86_64-clang, r-devel-windows-ix86+x86_64

Version: 0.0-7
Check: dependencies in R code
Result: NOTE
    'library' or 'require' calls to packages already attached by Depends:
     'MASS' 'Matrix' 'mvtnorm' 'nlme' 'quadprog'
     Please remove these calls from your code.
    See the information on DESCRIPTION files in the chapter 'Creating R
    packages' of the 'Writing R Extensions' manual.
Flavor: r-release-osx-x86_64-snowleopard