CRAN Package Check Results for Package goric

Last updated on 2015-05-23 17:48:43.

Flavor Version Tinstall Tcheck Ttotal Status Flags
r-devel-linux-x86_64-debian-clang 0.0-8 2.66 38.55 41.22 NOTE
r-devel-linux-x86_64-debian-gcc 0.0-8 2.65 37.75 40.40 NOTE
r-devel-linux-x86_64-fedora-clang 0.0-8 85.44 NOTE
r-devel-linux-x86_64-fedora-gcc 0.0-8 82.14 NOTE
r-devel-osx-x86_64-clang 0.0-8 72.18 NOTE
r-devel-windows-ix86+x86_64 0.0-8 8.00 54.00 62.00 NOTE
r-patched-linux-x86_64 0.0-8 2.66 38.83 41.49 NOTE
r-patched-solaris-sparc 0.0-8 508.90 NOTE
r-patched-solaris-x86 0.0-8 116.00 NOTE
r-release-linux-x86_64 0.0-8 2.77 37.68 40.45 NOTE
r-release-osx-x86_64-mavericks 0.0-8 NOTE
r-release-osx-x86_64-snowleopard 0.0-8 NOTE
r-release-windows-ix86+x86_64 0.0-8 8.00 56.00 64.00 NOTE
r-oldrel-windows-ix86+x86_64 0.0-8 11.00 62.00 73.00 OK

Check Details

Version: 0.0-8
Check: DESCRIPTION meta-information
Result: NOTE
    Malformed Description field: should contain one or more complete sentences.
Flavors: r-devel-linux-x86_64-debian-clang, r-devel-linux-x86_64-debian-gcc, r-devel-linux-x86_64-fedora-clang, r-devel-linux-x86_64-fedora-gcc, r-devel-osx-x86_64-clang, r-devel-windows-ix86+x86_64, r-patched-linux-x86_64, r-patched-solaris-sparc, r-patched-solaris-x86, r-release-linux-x86_64, r-release-osx-x86_64-mavericks, r-release-osx-x86_64-snowleopard, r-release-windows-ix86+x86_64