CRAN Package Check Results for Package goric

Last updated on 2015-03-30 23:47:46.

Flavor Version Tinstall Tcheck Ttotal Status Flags
r-devel-linux-x86_64-debian-clang 0.0-8 2.83 37.56 40.40 NOTE
r-devel-linux-x86_64-debian-gcc 0.0-8 2.72 38.16 40.88 NOTE
r-devel-linux-x86_64-fedora-clang 0.0-8 83.74 NOTE
r-devel-linux-x86_64-fedora-gcc 0.0-8 87.33 NOTE
r-devel-osx-x86_64-clang 0.0-8 76.59 NOTE
r-prerel-windows-ix86+x86_64 0.0-8 8.00 53.00 61.00 NOTE
r-prerel-linux-x86_64 0.0-8 2.76 37.18 39.94 NOTE
r-prerel-solaris-sparc 0.0-8 485.80 NOTE
r-prerel-solaris-x86 0.0-8 110.90 NOTE
r-release-linux-x86_64 0.0-8 3.57 45.46 49.04 OK
r-release-osx-x86_64-mavericks 0.0-8 OK
r-release-osx-x86_64-snowleopard 0.0-8 OK
r-release-windows-ix86+x86_64 0.0-8 11.00 67.00 78.00 OK
r-oldrel-windows-ix86+x86_64 0.0-8 11.00 61.00 72.00 OK

Check Details

Version: 0.0-8
Check: DESCRIPTION meta-information
Result: NOTE
    Malformed Description field: should contain one or more complete sentences.
Flavors: r-devel-linux-x86_64-debian-clang, r-devel-linux-x86_64-debian-gcc, r-devel-linux-x86_64-fedora-clang, r-devel-linux-x86_64-fedora-gcc, r-devel-osx-x86_64-clang, r-prerel-windows-ix86+x86_64, r-prerel-linux-x86_64, r-prerel-solaris-sparc, r-prerel-solaris-x86