CRAN Package Check Results for Package goric

Last updated on 2014-04-21 04:48:40.

Flavor Version Tinstall Tcheck Ttotal Status Flags
r-devel-linux-x86_64-debian-clang 0.0-7 3.70 45.86 49.56 NOTE
r-devel-linux-x86_64-debian-gcc 0.0-7 3.86 45.87 49.73 NOTE
r-devel-linux-x86_64-fedora-clang 0.0-7 111.60 NOTE
r-devel-linux-x86_64-fedora-gcc 0.0-7 107.40 NOTE
r-devel-macosx-x86_64-clang 0.0-7 81.16 NOTE
r-devel-macosx-x86_64-gcc 0.0-7 NOTE
r-devel-windows-ix86+x86_64 0.0-7 10.00 63.00 73.00 NOTE
r-patched-linux-x86_64 0.0-7 4.03 44.62 48.64 NOTE
r-patched-solaris-sparc 0.0-7 571.00 NOTE
r-patched-solaris-x86 0.0-7 144.00 NOTE
r-release-linux-ix86 NOTE
r-release-linux-x86_64 0.0-7 3.61 46.08 49.69 NOTE
r-release-macosx-x86_64 0.0-7 NOTE
r-release-windows-ix86+x86_64 0.0-7 14.00 64.00 78.00 NOTE
r-oldrel-windows-ix86+x86_64 0.0-7 9.00 56.00 65.00 NOTE

Check Details

Version: 0.0-7
Check: dependencies in R code
Result: NOTE
    'library' or 'require' calls to packages already attached by Depends:
     ‘MASS’ ‘Matrix’ ‘mvtnorm’ ‘nlme’ ‘quadprog’
     Please remove these calls from your code.
    Packages in Depends field not imported from:
     ‘MASS’ ‘Matrix’ ‘mvtnorm’ ‘nlme’ ‘quadprog’
     These packages need to be imported from (in the NAMESPACE file)
     for when this namespace is loaded but not attached.
    See the information on DESCRIPTION files in the chapter ‘Creating R
    packages’ of the ‘Writing R Extensions’ manual.
Flavors: r-devel-linux-x86_64-debian-clang, r-devel-linux-x86_64-debian-gcc, r-devel-linux-x86_64-fedora-clang, r-devel-linux-x86_64-fedora-gcc, r-devel-macosx-x86_64-clang, r-devel-macosx-x86_64-gcc, r-devel-windows-ix86+x86_64, r-patched-linux-x86_64, r-patched-solaris-sparc, r-patched-solaris-x86, r-release-linux-ix86, r-release-linux-x86_64, r-release-windows-ix86+x86_64, r-oldrel-windows-ix86+x86_64

Version: 0.0-7
Check: dependencies in R code
Result: NOTE
    'library' or 'require' calls to packages already attached by Depends:
     'MASS' 'Matrix' 'mvtnorm' 'nlme' 'quadprog'
     Please remove these calls from your code.
    See the information on DESCRIPTION files in the chapter 'Creating R
    packages' of the 'Writing R Extensions' manual.
Flavor: r-release-macosx-x86_64