CRAN Package Check Results for Package goric

Last updated on 2015-09-03 03:48:26.

Flavor Version Tinstall Tcheck Ttotal Status Flags
r-devel-linux-x86_64-debian-clang 0.0-8 2.64 37.21 39.86 NOTE
r-devel-linux-x86_64-debian-gcc 0.0-8 2.58 36.68 39.26 NOTE
r-devel-linux-x86_64-fedora-clang 0.0-8 81.84 NOTE
r-devel-linux-x86_64-fedora-gcc 0.0-8 77.76 NOTE
r-devel-osx-x86_64-clang 0.0-8 67.05 NOTE
r-devel-windows-ix86+x86_64 0.0-8 11.00 62.00 73.00 NOTE
r-patched-linux-x86_64 0.0-8 2.76 38.20 40.97 NOTE
r-patched-solaris-sparc 0.0-8 511.90 NOTE
r-patched-solaris-x86 0.0-8 116.00 NOTE
r-release-linux-x86_64 0.0-8 2.90 38.12 41.03 NOTE
r-release-osx-x86_64-mavericks 0.0-8 NOTE
r-release-windows-ix86+x86_64 0.0-8 10.00 90.00 100.00 NOTE
r-oldrel-windows-ix86+x86_64 0.0-8 14.00 103.00 117.00 OK

Check Details

Version: 0.0-8
Check: DESCRIPTION meta-information
Result: NOTE
    Malformed Description field: should contain one or more complete sentences.
Flavors: r-devel-linux-x86_64-debian-clang, r-devel-linux-x86_64-debian-gcc, r-devel-linux-x86_64-fedora-clang, r-devel-linux-x86_64-fedora-gcc, r-devel-osx-x86_64-clang, r-devel-windows-ix86+x86_64, r-patched-linux-x86_64, r-patched-solaris-sparc, r-patched-solaris-x86, r-release-linux-x86_64, r-release-osx-x86_64-mavericks, r-release-windows-ix86+x86_64

Version: 0.0-8
Check: R code for possible problems
Result: NOTE
    orglm: no visible binding for global variable ‘gaussian’
    orglm: no visible global function definition for ‘model.response’
    orglm: no visible global function definition for ‘is.empty.model’
    orglm: no visible global function definition for ‘model.matrix’
    orglm: no visible global function definition for ‘model.weights’
    orglm: no visible global function definition for ‘model.offset’
    orglm: no visible global function definition for ‘model.extract’
    orglm: no visible global function definition for ‘.getXlevels’
    orglm.fit: no visible global function definition for ‘gaussian’
    orglm.fit : orr: no visible global function definition for ‘lm.fit’
    orglm.fit : orr: no visible global function definition for
     ‘coefficients’
    orgls.formula: no visible global function definition for ‘terms’
    orgls.formula: no visible binding for global variable ‘na.fail’
    orgls.formula: no visible global function definition for ‘model.frame’
    orgls.formula : <anonymous>: no visible global function definition for
     ‘contrasts’
    orgls.formula: no visible global function definition for ‘model.matrix’
    orgls.formula: no visible global function definition for ‘coef’
    orglsSet: no visible global function definition for ‘model.matrix’
    orglsSet: no visible binding for global variable ‘contrasts’
    orlm.formula: no visible global function definition for
     ‘model.response’
    orlm.formula: no visible global function definition for ‘model.matrix’
    orlm.formula: no visible binding for global variable ‘contrasts’
    orlm.formula: no visible global function definition for ‘lm’
    orlm.formula: no visible global function definition for ‘coefficients’
    orlm.formula: no visible global function definition for ‘residuals’
    orlmSet: no visible global function definition for ‘model.matrix’
    orlmSet: no visible binding for global variable ‘contrasts’
    predict.orlm: no visible global function definition for ‘model.matrix’
    predict.orlm: no visible global function definition for ‘as.formula’
    print.orgls: no visible global function definition for ‘coef’
    print.orlm: no visible global function definition for ‘coef’
    sim.orgls: no visible global function definition for ‘lm’
    sim.orgls: no visible global function definition for ‘rchisq’
    sim.orgls: no visible global function definition for ‘coefficients’
    sim.orgls : <anonymous>: no visible global function definition for
     ‘rnorm’
    sim.orgls : <anonymous>: no visible global function definition for
     ‘coefficients’
    sim.orlm: no visible global function definition for ‘lm’
    sim.orlm: no visible global function definition for ‘rchisq’
    sim.orlm: no visible global function definition for ‘coefficients’
    sim.orlm : <anonymous>: no visible global function definition for
     ‘rnorm’
    sim.orlm : <anonymous>: no visible global function definition for
     ‘coefficients’
    summary.orgls: no visible global function definition for ‘coef’
    summary.orlm: no visible global function definition for ‘coef’
    Undefined global functions or variables:
     .getXlevels as.formula coef coefficients contrasts gaussian
     is.empty.model lm lm.fit model.extract model.frame model.matrix
     model.offset model.response model.weights na.fail rchisq residuals
     rnorm terms
    Consider adding
     importFrom("stats", ".getXlevels", "as.formula", "coef",
     "coefficients", "contrasts", "gaussian", "is.empty.model",
     "lm", "lm.fit", "model.extract", "model.frame",
     "model.matrix", "model.offset", "model.response",
     "model.weights", "na.fail", "rchisq", "residuals", "rnorm",
     "terms")
    to your NAMESPACE.
Flavors: r-devel-linux-x86_64-debian-clang, r-devel-linux-x86_64-debian-gcc, r-devel-linux-x86_64-fedora-clang, r-devel-linux-x86_64-fedora-gcc, r-devel-windows-ix86+x86_64