CRAN Package Check Results for Package goric

Last updated on 2014-07-24 17:49:01.

Flavor Version Tinstall Tcheck Ttotal Status Flags
r-devel-linux-x86_64-debian-clang 0.0-7 3.66 43.82 47.48 NOTE
r-devel-linux-x86_64-debian-gcc 0.0-7 3.51 41.94 45.45 NOTE
r-devel-linux-x86_64-fedora-clang 0.0-7 113.65 NOTE
r-devel-linux-x86_64-fedora-gcc 0.0-7 104.94 NOTE
r-devel-osx-x86_64-clang 0.0-7 85.84 NOTE
r-devel-windows-ix86+x86_64 0.0-7 9.00 58.00 67.00 NOTE
r-patched-linux-x86_64 0.0-7 3.47 42.54 46.02 NOTE
r-patched-solaris-sparc 0.0-7 571.00 NOTE
r-patched-solaris-x86 0.0-7 140.80 NOTE
r-release-linux-ix86 0.0-7 4.20 52.64 56.84 NOTE
r-release-linux-x86_64 0.0-7 3.54 43.73 47.28 NOTE
r-release-osx-x86_64-mavericks 0.0-7 NOTE
r-release-osx-x86_64-snowleopard 0.0-7 NOTE
r-release-windows-ix86+x86_64 0.0-7 10.00 61.00 71.00 NOTE
r-oldrel-windows-ix86+x86_64 0.0-7 11.00 61.00 72.00 NOTE

Check Details

Version: 0.0-7
Check: dependencies in R code
Result: NOTE
    'library' or 'require' calls to packages already attached by Depends:
     ‘MASS’ ‘Matrix’ ‘mvtnorm’ ‘nlme’ ‘quadprog’
     Please remove these calls from your code.
    Packages in Depends field not imported from:
     ‘MASS’ ‘Matrix’ ‘mvtnorm’ ‘nlme’ ‘quadprog’
     These packages need to be imported from (in the NAMESPACE file)
     for when this namespace is loaded but not attached.
    See the information on DESCRIPTION files in the chapter ‘Creating R
    packages’ of the ‘Writing R Extensions’ manual.
Flavors: r-devel-linux-x86_64-debian-clang, r-devel-linux-x86_64-debian-gcc, r-devel-linux-x86_64-fedora-clang, r-devel-linux-x86_64-fedora-gcc, r-devel-osx-x86_64-clang, r-devel-windows-ix86+x86_64, r-patched-linux-x86_64, r-patched-solaris-sparc, r-patched-solaris-x86, r-release-linux-ix86, r-release-linux-x86_64, r-release-osx-x86_64-mavericks, r-release-windows-ix86+x86_64, r-oldrel-windows-ix86+x86_64

Version: 0.0-7
Check: dependencies in R code
Result: NOTE
    'library' or 'require' calls to packages already attached by Depends:
     'MASS' 'Matrix' 'mvtnorm' 'nlme' 'quadprog'
     Please remove these calls from your code.
    See the information on DESCRIPTION files in the chapter 'Creating R
    packages' of the 'Writing R Extensions' manual.
Flavor: r-release-osx-x86_64-snowleopard