CRAN Package Check Results for Package goric

Last updated on 2014-08-20 17:47:43.

Flavor Version Tinstall Tcheck Ttotal Status Flags
r-devel-linux-x86_64-debian-clang 0.0-7 3.50 41.85 45.35 NOTE
r-devel-linux-x86_64-debian-gcc 0.0-7 3.32 40.94 44.26 NOTE
r-devel-linux-x86_64-fedora-clang 0.0-7 109.64 NOTE
r-devel-linux-x86_64-fedora-gcc 0.0-7 105.36 NOTE
r-devel-osx-x86_64-clang 0.0-7 80.06 NOTE
r-devel-windows-ix86+x86_64 0.0-7 9.00 63.00 72.00 NOTE
r-patched-linux-x86_64 0.0-7 3.47 43.78 47.24 NOTE
r-patched-solaris-sparc 0.0-7 604.00 NOTE
r-patched-solaris-x86 0.0-7 139.50 NOTE
r-release-linux-ix86 0.0-7 4.23 52.98 57.21 NOTE
r-release-linux-x86_64 0.0-7 3.70 43.93 47.63 NOTE
r-release-osx-x86_64-mavericks 0.0-7 NOTE
r-release-osx-x86_64-snowleopard 0.0-7 NOTE
r-release-windows-ix86+x86_64 0.0-7 11.00 59.00 70.00 NOTE
r-oldrel-windows-ix86+x86_64 0.0-7 9.00 57.00 66.00 NOTE

Check Details

Version: 0.0-7
Check: dependencies in R code
Result: NOTE
    'library' or 'require' calls to packages already attached by Depends:
     ‘MASS’ ‘Matrix’ ‘mvtnorm’ ‘nlme’ ‘quadprog’
     Please remove these calls from your code.
    Packages in Depends field not imported from:
     ‘MASS’ ‘Matrix’ ‘mvtnorm’ ‘nlme’ ‘quadprog’
     These packages need to be imported from (in the NAMESPACE file)
     for when this namespace is loaded but not attached.
    See the information on DESCRIPTION files in the chapter ‘Creating R
    packages’ of the ‘Writing R Extensions’ manual.
Flavors: r-devel-linux-x86_64-debian-clang, r-devel-linux-x86_64-debian-gcc, r-devel-linux-x86_64-fedora-clang, r-devel-linux-x86_64-fedora-gcc, r-devel-osx-x86_64-clang, r-devel-windows-ix86+x86_64, r-patched-linux-x86_64, r-patched-solaris-sparc, r-patched-solaris-x86, r-release-linux-ix86, r-release-linux-x86_64, r-release-osx-x86_64-mavericks, r-release-windows-ix86+x86_64, r-oldrel-windows-ix86+x86_64

Version: 0.0-7
Check: R code for possible problems
Result: NOTE
    goric_penalty: no visible global function definition for ‘rmvnorm’
    goric_penalty : <anonymous>: no visible global function definition for
     ‘solve.QP’
    goric_penalty: no visible global function definition for ‘makeCluster’
    goric_penalty: no visible global function definition for
     ‘clusterExport’
    goric_penalty: no visible global function definition for ‘parRapply’
    goric_penalty: no visible global function definition for ‘stopCluster’
    orgls.formula: no visible global function definition for
     ‘getGroupsFormula’
    orgls.formula: no visible global function definition for ‘glsStruct’
    orgls.formula: no visible global function definition for ‘varFunc’
    orgls.formula: no visible global function definition for ‘asOneFormula’
    orgls.formula: no visible global function definition for ‘getGroups’
    orgls.formula: no visible global function definition for ‘gls’
    orgls.formula: no visible global function definition for ‘corMatrix’
    orgls.formula: no visible global function definition for ‘bdiag’
    orgls.formula: no visible global function definition for ‘lm.gls’
    orgls.formula : orsolve: no visible global function definition for
     ‘solve.QP’
    orlm.formula : orsolve: no visible global function definition for
     ‘solve.QP’
Flavors: r-devel-linux-x86_64-fedora-clang, r-devel-linux-x86_64-fedora-gcc, r-devel-osx-x86_64-clang

Version: 0.0-7
Check: dependencies in R code
Result: NOTE
    'library' or 'require' calls to packages already attached by Depends:
     'MASS' 'Matrix' 'mvtnorm' 'nlme' 'quadprog'
     Please remove these calls from your code.
    See the information on DESCRIPTION files in the chapter 'Creating R
    packages' of the 'Writing R Extensions' manual.
Flavor: r-release-osx-x86_64-snowleopard