CRAN Package Check Results for Package govdown

Last updated on 2022-09-27 16:54:40 CEST.

Flavor Version Tinstall Tcheck Ttotal Status Flags
r-devel-linux-x86_64-debian-clang 0.10.1 2.07 24.48 26.55 NOTE
r-devel-linux-x86_64-debian-gcc 0.10.1 1.91 19.33 21.24 NOTE
r-devel-linux-x86_64-fedora-clang 0.10.1 46.32 NOTE
r-devel-linux-x86_64-fedora-gcc 0.10.1 43.67 NOTE
r-devel-windows-x86_64 0.10.1 54.00 54.00 108.00 NOTE
r-patched-linux-x86_64 0.10.1 2.52 23.42 25.94 NOTE
r-release-linux-x86_64 0.10.1 2.05 23.02 25.07 NOTE
r-release-macos-arm64 0.10.1 17.00 NOTE
r-release-macos-x86_64 0.10.1 21.00 NOTE
r-release-windows-x86_64 0.10.1 37.00 53.00 90.00 NOTE
r-oldrel-macos-arm64 0.10.1 20.00 NOTE
r-oldrel-macos-x86_64 0.10.1 27.00 NOTE
r-oldrel-windows-ix86+x86_64 0.10.1 6.00 46.00 52.00 NOTE

Check Details

Version: 0.10.1
Check: LazyData
Result: NOTE
     'LazyData' is specified without a 'data' directory
Flavors: r-devel-linux-x86_64-debian-clang, r-devel-linux-x86_64-debian-gcc, r-devel-linux-x86_64-fedora-clang, r-devel-linux-x86_64-fedora-gcc, r-devel-windows-x86_64, r-patched-linux-x86_64, r-release-linux-x86_64, r-release-macos-arm64, r-release-macos-x86_64, r-release-windows-x86_64, r-oldrel-macos-arm64, r-oldrel-macos-x86_64, r-oldrel-windows-ix86+x86_64