CRAN Package Check Results for Package gpairs

Last updated on 2014-04-23 20:47:13.

Flavor Version Tinstall Tcheck Ttotal Status Flags
r-devel-linux-x86_64-debian-clang 1.2 172.92 18.70 191.62 OK
r-devel-linux-x86_64-debian-gcc 1.2 1.06 18.78 19.84 OK
r-devel-linux-x86_64-fedora-clang 1.2 39.37 OK
r-devel-linux-x86_64-fedora-gcc 1.2 37.80 OK
r-devel-osx-x86_64-clang 1.2 37.49 OK
r-devel-osx-x86_64-gcc 1.2 NOTE
r-devel-windows-ix86+x86_64 1.2 4.00 28.00 32.00 OK
r-patched-linux-x86_64 1.2 0.99 18.99 19.98 OK
r-patched-solaris-sparc 1.2 218.50 OK
r-patched-solaris-x86 1.2 55.40 OK
r-release-linux-ix86 1.2 2.00 36.00 38.00 OK
r-release-linux-x86_64 1.2 1.04 18.87 19.90 OK
r-release-osx-x86_64-mavericks 1.2 OK
r-release-osx-x86_64-snowleopard 1.2 OK
r-release-windows-ix86+x86_64 1.2 4.00 31.00 35.00 OK
r-oldrel-windows-ix86+x86_64 1.2 4.00 28.00 32.00 OK

Check Details

Version: 1.2
Check: package dependencies
Result: NOTE
    Package which this enhances but not available for checking: ‘YaleToolkit’
Flavor: r-devel-osx-x86_64-gcc