CRAN Package Check Results for Package gpairs

Last updated on 2015-07-04 17:47:23.

Flavor Version Tinstall Tcheck Ttotal Status Flags
r-devel-linux-x86_64-debian-clang 1.2 0.80 17.32 18.12 NOTE
r-devel-linux-x86_64-debian-gcc 1.2 0.97 15.87 16.84 NOTE
r-devel-linux-x86_64-fedora-clang 1.2 33.31 NOTE
r-devel-linux-x86_64-fedora-gcc 1.2 31.44 NOTE
r-devel-osx-x86_64-clang 1.2 31.76 OK
r-devel-windows-ix86+x86_64 1.2 6.00 26.00 32.00 NOTE
r-patched-linux-x86_64 1.2 0.83 16.65 17.48 OK
r-patched-solaris-sparc 1.2 213.60 OK
r-patched-solaris-x86 1.2 50.20 OK
r-release-linux-x86_64 1.2 0.86 16.40 17.26 OK
r-release-osx-x86_64-mavericks 1.2 OK
r-release-windows-ix86+x86_64 1.2 5.00 25.00 30.00 OK
r-oldrel-windows-ix86+x86_64 1.2 5.00 36.00 41.00 OK

Check Details

Version: 1.2
Check: R code for possible problems
Result: NOTE
    gpairs: no visible global function definition for ‘hclust’
    gpairs: no visible global function definition for ‘dist’
    gpairs : scatterplot.panel: no visible global function definition for
     ‘lm’
    gpairs : scatterplot.panel: no visible global function definition for
     ‘predict’
    gpairs : scatterplot.panel: no visible global function definition for
     ‘prcomp’
    gpairs : scatterplot.panel: no visible global function definition for
     ‘cor’
    gpairs : scatterplot.panel: no visible global function definition for
     ‘cor.test’
    gpairs : scatterplot.panel: no visible global function definition for
     ‘hsv’
    gpairs : scatterplot.panel: no visible global function definition for
     ‘na.omit’
    gpairs : scatterplot.panel: no visible global function definition for
     ‘pf’
    gpairs : scatterplot.panel: no visible global function definition for
     ‘grey’
    Undefined global functions or variables:
     cor cor.test dist grey hclust hsv lm na.omit pf prcomp predict
Flavors: r-devel-linux-x86_64-debian-clang, r-devel-linux-x86_64-debian-gcc, r-devel-linux-x86_64-fedora-clang, r-devel-linux-x86_64-fedora-gcc, r-devel-windows-ix86+x86_64