CRAN Package Check Results for Package gpairs

Last updated on 2015-08-30 12:47:13.

Flavor Version Tinstall Tcheck Ttotal Status Flags
r-devel-linux-x86_64-debian-clang 1.2 0.76 15.58 16.34 NOTE
r-devel-linux-x86_64-debian-gcc 1.2 0.80 16.51 17.31 NOTE
r-devel-linux-x86_64-fedora-clang 1.2 33.23 NOTE
r-devel-linux-x86_64-fedora-gcc 1.2 31.88 NOTE
r-devel-osx-x86_64-clang 1.2 30.19 OK
r-devel-windows-ix86+x86_64 1.2 5.00 31.00 36.00 NOTE
r-patched-linux-x86_64 1.2 0.84 16.34 17.17 OK
r-patched-solaris-sparc 1.2 220.00 OK
r-patched-solaris-x86 1.2 51.30 OK
r-release-linux-x86_64 1.2 0.86 16.26 17.12 OK
r-release-osx-x86_64-mavericks 1.2 OK
r-release-windows-ix86+x86_64 1.2 5.00 28.00 33.00 OK
r-oldrel-windows-ix86+x86_64 1.2 8.00 40.00 48.00 OK

Check Details

Version: 1.2
Check: R code for possible problems
Result: NOTE
    gpairs: no visible global function definition for ‘hclust’
    gpairs: no visible global function definition for ‘dist’
    gpairs : scatterplot.panel: no visible global function definition for
     ‘lm’
    gpairs : scatterplot.panel: no visible global function definition for
     ‘predict’
    gpairs : scatterplot.panel: no visible global function definition for
     ‘prcomp’
    gpairs : scatterplot.panel: no visible global function definition for
     ‘cor’
    gpairs : scatterplot.panel: no visible global function definition for
     ‘cor.test’
    gpairs : scatterplot.panel: no visible global function definition for
     ‘hsv’
    gpairs : scatterplot.panel: no visible global function definition for
     ‘na.omit’
    gpairs : scatterplot.panel: no visible global function definition for
     ‘pf’
    gpairs : scatterplot.panel: no visible global function definition for
     ‘grey’
    Undefined global functions or variables:
     cor cor.test dist grey hclust hsv lm na.omit pf prcomp predict
    Consider adding
     importFrom("grDevices", "grey", "hsv")
     importFrom("stats", "cor", "cor.test", "dist", "hclust", "lm",
     "na.omit", "pf", "prcomp", "predict")
    to your NAMESPACE.
Flavors: r-devel-linux-x86_64-debian-clang, r-devel-linux-x86_64-debian-gcc, r-devel-linux-x86_64-fedora-clang, r-devel-linux-x86_64-fedora-gcc, r-devel-windows-ix86+x86_64