CRAN Package Check Results for Package gpairs

Last updated on 2016-08-30 12:46:58.

Flavor Version Tinstall Tcheck Ttotal Status Flags
r-devel-linux-x86_64-debian-clang 1.2 0.79 16.39 17.18 NOTE
r-devel-linux-x86_64-debian-gcc 1.2 2.83 16.20 19.03 NOTE
r-devel-linux-x86_64-fedora-clang 1.2 30.75 NOTE
r-devel-linux-x86_64-fedora-gcc 1.2 31.06 NOTE
r-devel-osx-x86_64-clang 1.2 26.51 NOTE
r-devel-windows-ix86+x86_64 1.2 6.00 58.00 64.00 NOTE
r-patched-linux-x86_64 1.2 0.78 15.82 16.60 NOTE
r-patched-solaris-sparc 1.2 189.00 NOTE
r-patched-solaris-x86 1.2 47.00 NOTE
r-release-linux-x86_64 1.2 0.81 16.04 16.85 NOTE
r-release-osx-x86_64-mavericks 1.2 NOTE
r-release-windows-ix86+x86_64 1.2 3.00 36.00 39.00 NOTE
r-oldrel-windows-ix86+x86_64 1.2 6.00 52.00 58.00 OK

Check Details

Version: 1.2
Check: R code for possible problems
Result: NOTE
    gpairs: no visible global function definition for ‘hclust’
    gpairs: no visible global function definition for ‘dist’
    gpairs : scatterplot.panel: no visible global function definition for
     ‘lm’
    gpairs : scatterplot.panel: no visible global function definition for
     ‘predict’
    gpairs : scatterplot.panel: no visible global function definition for
     ‘prcomp’
    gpairs : scatterplot.panel: no visible global function definition for
     ‘cor’
    gpairs : scatterplot.panel: no visible global function definition for
     ‘cor.test’
    gpairs : scatterplot.panel: no visible global function definition for
     ‘hsv’
    gpairs : scatterplot.panel: no visible global function definition for
     ‘na.omit’
    gpairs : scatterplot.panel: no visible global function definition for
     ‘pf’
    gpairs : scatterplot.panel: no visible global function definition for
     ‘grey’
    Undefined global functions or variables:
     cor cor.test dist grey hclust hsv lm na.omit pf prcomp predict
    Consider adding
     importFrom("grDevices", "grey", "hsv")
     importFrom("stats", "cor", "cor.test", "dist", "hclust", "lm",
     "na.omit", "pf", "prcomp", "predict")
    to your NAMESPACE file.
Flavors: r-devel-linux-x86_64-debian-clang, r-devel-linux-x86_64-debian-gcc, r-devel-linux-x86_64-fedora-clang, r-devel-linux-x86_64-fedora-gcc, r-devel-osx-x86_64-clang, r-devel-windows-ix86+x86_64, r-patched-linux-x86_64, r-patched-solaris-sparc, r-patched-solaris-x86, r-release-linux-x86_64, r-release-osx-x86_64-mavericks, r-release-windows-ix86+x86_64