CRAN Package Check Results for Package gpclib

Last updated on 2015-05-28 03:47:26.

Flavor Version Tinstall Tcheck Ttotal Status Flags
r-devel-linux-x86_64-debian-clang 1.5-5 1.79 12.22 14.01 NOTE
r-devel-linux-x86_64-debian-gcc 1.5-5 2.11 11.92 14.03 NOTE
r-devel-linux-x86_64-fedora-clang 1.5-5 26.04 NOTE
r-devel-linux-x86_64-fedora-gcc 1.5-5 25.68 NOTE
r-devel-osx-x86_64-clang 1.5-5 28.67 NOTE
r-patched-linux-x86_64 1.5-5 2.16 12.24 14.40 NOTE
r-patched-solaris-sparc 1.5-5 188.70 NOTE
r-patched-solaris-x86 1.5-5 40.60 NOTE
r-release-linux-x86_64 1.5-5 2.21 12.29 14.50 NOTE
r-release-osx-x86_64-mavericks 1.5-5 NOTE
r-release-osx-x86_64-snowleopard 1.5-5 NOTE

Check Details

Version: 1.5-5
Check: DESCRIPTION meta-information
Result: NOTE
    Malformed Description field: should contain one or more complete sentences.
Flavors: r-devel-linux-x86_64-debian-clang, r-devel-linux-x86_64-debian-gcc, r-devel-linux-x86_64-fedora-clang, r-devel-linux-x86_64-fedora-gcc, r-devel-osx-x86_64-clang, r-patched-linux-x86_64, r-patched-solaris-sparc, r-patched-solaris-x86, r-release-linux-x86_64, r-release-osx-x86_64-mavericks, r-release-osx-x86_64-snowleopard

Version: 1.5-5
Check: dependencies in R code
Result: NOTE
    Package in Depends field not imported from: ‘methods’
     These packages need to be imported from (in the NAMESPACE file)
     for when this namespace is loaded but not attached.
Flavors: r-devel-linux-x86_64-debian-clang, r-devel-linux-x86_64-debian-gcc, r-devel-linux-x86_64-fedora-clang, r-devel-linux-x86_64-fedora-gcc, r-devel-osx-x86_64-clang, r-patched-linux-x86_64, r-patched-solaris-sparc, r-patched-solaris-x86, r-release-linux-x86_64, r-release-osx-x86_64-mavericks, r-release-osx-x86_64-snowleopard