CRAN Package Check Results for Package gpclib

Last updated on 2014-11-27 17:47:32.

Flavor Version Tinstall Tcheck Ttotal Status Flags
r-devel-linux-x86_64-debian-clang 1.5-5 1.76 13.18 14.94 NOTE
r-devel-linux-x86_64-debian-gcc 1.5-5 2.18 13.08 15.26 NOTE
r-devel-linux-x86_64-fedora-clang 1.5-5 32.48 NOTE
r-devel-linux-x86_64-fedora-gcc 1.5-5 35.59 NOTE
r-devel-osx-x86_64-clang 1.5-5 31.57 NOTE
r-patched-linux-x86_64 1.5-5 2.28 12.86 15.14 NOTE
r-patched-solaris-sparc 1.5-5 163.10 NOTE
r-patched-solaris-x86 1.5-5 45.50 NOTE
r-release-linux-ix86 1.5-5 3.17 16.16 19.33 ERROR
r-release-linux-x86_64 1.5-5 2.31 12.80 15.11 NOTE
r-release-osx-x86_64-mavericks 1.5-5 NOTE
r-oldrel-windows-ix86+x86_64 1.5-3 7.00 23.00 30.00 ERROR

Check Details

Version: 1.5-5
Check: dependencies in R code
Result: NOTE
    Package in Depends field not imported from: ‘methods’
     These packages need to be imported from (in the NAMESPACE file)
     for when this namespace is loaded but not attached.
    See the information on DESCRIPTION files in the chapter ‘Creating R
    packages’ of the ‘Writing R Extensions’ manual.
Flavors: r-devel-linux-x86_64-debian-clang, r-devel-linux-x86_64-debian-gcc, r-devel-linux-x86_64-fedora-clang, r-devel-linux-x86_64-fedora-gcc, r-devel-osx-x86_64-clang, r-patched-linux-x86_64, r-patched-solaris-sparc, r-patched-solaris-x86, r-release-linux-ix86, r-release-linux-x86_64, r-release-osx-x86_64-mavericks

Version: 1.5-5
Check: tests
Result: ERROR
    Running the tests in ‘tests/bug1.R’ failed.
    Last 13 lines of output:
     > plot(as(vec, "gpc.poly")) ## looks fine
     > clip <- to_numeric(p); str(clip)
     num [1:17] 1 7 0 570545 7890092 ...
     >
     > ## Crashes R 2.14 and 2.15 (32-bit) on Windows
     > vec <- .Call("Rgpc_polygon_clip", vec, clip, 3, PACKAGE="gpclib")
    
     *** caught segfault ***
     address 0x14, cause 'memory not mapped'
    
     Traceback:
     1: .Call("Rgpc_polygon_clip", vec, clip, 3, PACKAGE = "gpclib")
     aborting ...
Flavor: r-release-linux-ix86