CRAN Package Check Results for Package gpclib

Last updated on 2015-04-19 19:51:49.

Flavor Version Tinstall Tcheck Ttotal Status Flags
r-devel-linux-x86_64-debian-clang 1.5-5 1.78 12.06 13.84 NOTE
r-devel-linux-x86_64-debian-gcc 1.5-5 2.19 12.30 14.49 NOTE
r-devel-linux-x86_64-fedora-clang 1.5-5 26.94 NOTE
r-devel-linux-x86_64-fedora-gcc 1.5-5 26.88 NOTE
r-devel-osx-x86_64-clang 1.5-5 28.44 NOTE
r-patched-linux-x86_64 1.5-5 2.15 12.12 14.27 NOTE
r-patched-solaris-sparc 1.5-5 174.10 NOTE
r-patched-solaris-x86 1.5-5 39.00 NOTE
r-release-linux-x86_64 1.5-5 2.14 12.27 14.41 NOTE
r-release-osx-x86_64-mavericks 1.5-5 NOTE
r-release-osx-x86_64-snowleopard 1.5-5 NOTE

Check Details

Version: 1.5-5
Check: DESCRIPTION meta-information
Result: NOTE
    Malformed Description field: should contain one or more complete sentences.
Flavors: r-devel-linux-x86_64-debian-clang, r-devel-linux-x86_64-debian-gcc, r-devel-linux-x86_64-fedora-clang, r-devel-linux-x86_64-fedora-gcc, r-devel-osx-x86_64-clang, r-patched-linux-x86_64, r-patched-solaris-sparc, r-patched-solaris-x86, r-release-linux-x86_64, r-release-osx-x86_64-mavericks, r-release-osx-x86_64-snowleopard

Version: 1.5-5
Check: dependencies in R code
Result: NOTE
    Package in Depends field not imported from: ‘methods’
     These packages need to be imported from (in the NAMESPACE file)
     for when this namespace is loaded but not attached.
Flavors: r-devel-linux-x86_64-debian-clang, r-devel-linux-x86_64-debian-gcc, r-devel-linux-x86_64-fedora-clang, r-devel-linux-x86_64-fedora-gcc, r-devel-osx-x86_64-clang, r-patched-linux-x86_64, r-patched-solaris-sparc, r-patched-solaris-x86, r-release-linux-x86_64, r-release-osx-x86_64-mavericks, r-release-osx-x86_64-snowleopard