CRAN Package Check Results for Package gpclib

Last updated on 2015-08-03 23:47:51.

Flavor Version Tinstall Tcheck Ttotal Status Flags
r-devel-linux-x86_64-debian-clang 1.5-5 1.74 12.30 14.04 NOTE
r-devel-linux-x86_64-debian-gcc 1.5-5 2.42 12.05 14.46 NOTE
r-devel-linux-x86_64-fedora-clang 1.5-5 26.89 NOTE
r-devel-linux-x86_64-fedora-gcc 1.5-5 25.33 NOTE
r-devel-osx-x86_64-clang 1.5-5 24.99 NOTE
r-patched-linux-x86_64 1.5-5 2.33 11.80 14.13 NOTE
r-patched-solaris-sparc 1.5-5 174.80 NOTE
r-patched-solaris-x86 1.5-5 40.50 NOTE
r-release-linux-x86_64 1.5-5 2.32 12.11 14.44 NOTE
r-release-osx-x86_64-mavericks 1.5-5 NOTE

Check Details

Version: 1.5-5
Check: DESCRIPTION meta-information
Result: NOTE
    Malformed Description field: should contain one or more complete sentences.
Flavors: r-devel-linux-x86_64-debian-clang, r-devel-linux-x86_64-debian-gcc, r-devel-linux-x86_64-fedora-clang, r-devel-linux-x86_64-fedora-gcc, r-devel-osx-x86_64-clang, r-patched-linux-x86_64, r-patched-solaris-sparc, r-patched-solaris-x86, r-release-linux-x86_64, r-release-osx-x86_64-mavericks

Version: 1.5-5
Check: dependencies in R code
Result: NOTE
    Package in Depends field not imported from: ‘methods’
     These packages need to be imported from (in the NAMESPACE file)
     for when this namespace is loaded but not attached.
Flavors: r-devel-linux-x86_64-debian-clang, r-devel-linux-x86_64-debian-gcc, r-devel-linux-x86_64-fedora-clang, r-devel-linux-x86_64-fedora-gcc, r-devel-osx-x86_64-clang, r-patched-linux-x86_64, r-patched-solaris-sparc, r-patched-solaris-x86, r-release-linux-x86_64, r-release-osx-x86_64-mavericks

Version: 1.5-5
Check: R code for possible problems
Result: NOTE
    read.polyfile: no visible global function definition for ‘as’
    write.polyfile: no visible global function definition for ‘is’
    write.polyfile: no visible global function definition for ‘as’
    [,gpc.poly: no visible global function definition for ‘new’
    append.poly,gpc.poly-gpc.poly: no visible global function definition
     for ‘new’
    coerce,data.frame-gpc.poly: no visible global function definition for
     ‘as’
    coerce,list-gpc.poly: no visible global function definition for ‘as’
    coerce,matrix-gpc.poly: no visible global function definition for ‘new’
    coerce,numeric-gpc.poly: no visible global function definition for
     ‘new’
    coerce,numeric-gpc.poly.nohole: no visible global function definition
     for ‘new’
    intersect,gpc.poly-gpc.poly: no visible global function definition for
     ‘as’
    intersect,gpc.poly-gpc.poly: no visible global function definition for
     ‘new’
    setdiff,gpc.poly-gpc.poly: no visible global function definition for
     ‘as’
    setdiff,gpc.poly-gpc.poly: no visible global function definition for
     ‘new’
    tristrip,gpc.poly: no visible global function definition for ‘as’
    union,gpc.poly-gpc.poly: no visible global function definition for ‘as’
    union,gpc.poly-gpc.poly: no visible global function definition for
     ‘new’
    Undefined global functions or variables:
     as is new
    Consider adding
     importFrom("methods", "as", "is", "new")
    to your NAMESPACE.
Flavors: r-devel-linux-x86_64-debian-clang, r-devel-linux-x86_64-debian-gcc, r-devel-linux-x86_64-fedora-clang, r-devel-linux-x86_64-fedora-gcc