CRAN Package Check Results for Package gpclib

Last updated on 2016-06-24 23:47:31.

Flavor Version Tinstall Tcheck Ttotal Status Flags
r-devel-linux-x86_64-debian-gcc 1.5-5 2.62 12.23 14.85 NOTE
r-devel-linux-x86_64-fedora-clang 1.5-5 24.32 NOTE
r-devel-linux-x86_64-fedora-gcc 1.5-5 23.23 NOTE
r-devel-osx-x86_64-clang 1.5-5 21.44 NOTE
r-patched-linux-x86_64 1.5-5 2.41 11.32 13.73 NOTE
r-patched-solaris-x86 1.5-5 36.10 NOTE
r-release-linux-x86_64 1.5-5 2.72 12.10 14.81 NOTE
r-release-osx-x86_64-mavericks 1.5-5 NOTE
r-release-windows-ix86+x86_64 1.5-5 11.00 32.00 43.00 ERROR

Check Details

Version: 1.5-5
Check: DESCRIPTION meta-information
Result: NOTE
    Malformed Description field: should contain one or more complete sentences.
Flavors: r-devel-linux-x86_64-debian-gcc, r-devel-linux-x86_64-fedora-clang, r-devel-linux-x86_64-fedora-gcc, r-devel-osx-x86_64-clang, r-patched-linux-x86_64, r-patched-solaris-sparc, r-patched-solaris-x86, r-release-linux-x86_64, r-release-osx-x86_64-mavericks, r-release-windows-ix86+x86_64

Version: 1.5-5
Check: whether the namespace can be loaded with stated dependencies
Result: NOTE
    Warning: no function found corresponding to methods exports from ‘gpclib’ for: ‘coerce’, ‘show’
    
    A namespace must be able to be loaded with just the base namespace
    loaded: otherwise if the namespace gets loaded by a saved object, the
    session will be unable to start.
    
    Probably some imports need to be declared in the NAMESPACE file.
Flavors: r-devel-linux-x86_64-debian-gcc, r-devel-linux-x86_64-fedora-clang, r-devel-linux-x86_64-fedora-gcc, r-devel-osx-x86_64-clang, r-patched-linux-x86_64, r-patched-solaris-sparc, r-patched-solaris-x86, r-release-linux-x86_64, r-release-osx-x86_64-mavericks, r-release-windows-ix86+x86_64, r-release-windows-ix86+x86_64

Version: 1.5-5
Check: dependencies in R code
Result: NOTE
    Package in Depends field not imported from: ‘methods’
     These packages need to be imported from (in the NAMESPACE file)
     for when this namespace is loaded but not attached.
Flavors: r-devel-linux-x86_64-debian-gcc, r-devel-linux-x86_64-fedora-clang, r-devel-linux-x86_64-fedora-gcc, r-devel-osx-x86_64-clang, r-patched-linux-x86_64, r-patched-solaris-sparc, r-patched-solaris-x86, r-release-linux-x86_64, r-release-osx-x86_64-mavericks, r-release-windows-ix86+x86_64

Version: 1.5-5
Check: R code for possible problems
Result: NOTE
    read.polyfile: no visible global function definition for ‘as’
    write.polyfile: no visible global function definition for ‘is’
    write.polyfile: no visible global function definition for ‘as’
    [,gpc.poly: no visible global function definition for ‘new’
    append.poly,gpc.poly-gpc.poly: no visible global function definition
     for ‘new’
    coerce,data.frame-gpc.poly: no visible global function definition for
     ‘as’
    coerce,list-gpc.poly: no visible global function definition for ‘as’
    coerce,matrix-gpc.poly: no visible global function definition for ‘new’
    coerce,numeric-gpc.poly: no visible global function definition for
     ‘new’
    coerce,numeric-gpc.poly.nohole: no visible global function definition
     for ‘new’
    intersect,gpc.poly-gpc.poly: no visible global function definition for
     ‘as’
    intersect,gpc.poly-gpc.poly: no visible global function definition for
     ‘new’
    setdiff,gpc.poly-gpc.poly: no visible global function definition for
     ‘as’
    setdiff,gpc.poly-gpc.poly: no visible global function definition for
     ‘new’
    tristrip,gpc.poly: no visible global function definition for ‘as’
    union,gpc.poly-gpc.poly: no visible global function definition for ‘as’
    union,gpc.poly-gpc.poly: no visible global function definition for
     ‘new’
    Undefined global functions or variables:
     as is new
    Consider adding
     importFrom("methods", "as", "is", "new")
    to your NAMESPACE file (and ensure that your DESCRIPTION Imports field
    contains 'methods').
Flavors: r-devel-linux-x86_64-debian-gcc, r-devel-linux-x86_64-fedora-clang, r-devel-linux-x86_64-fedora-gcc, r-devel-osx-x86_64-clang, r-patched-linux-x86_64, r-patched-solaris-sparc, r-patched-solaris-x86, r-release-linux-x86_64, r-release-osx-x86_64-mavericks, r-release-windows-ix86+x86_64

Version: 1.5-5
Check: running tests for arch ‘i386’
Result: ERROR
    Running the tests in 'tests/bug1.R' failed.
    Last 13 lines of output:
     'help.start()' for an HTML browser interface to help.
     Type 'q()' to quit R.
    
     > suppressMessages(library(gpclib))
     > to_numeric <- selectMethod(coerce, c("gpc.poly", "numeric"))
     > load("bug1_data.RData")
     > plot(p) ## loads a polygon, looks fine
     > plot(as(vec, "gpc.poly")) ## looks fine
     > clip <- to_numeric(p); str(clip)
     num [1:17] 1 7 0 570545 7890092 ...
     >
     > ## Crashes R 2.14 and 2.15 (32-bit) on Windows
     > vec <- .Call("Rgpc_polygon_clip", vec, clip, 3, PACKAGE="gpclib")
Flavor: r-release-windows-ix86+x86_64