CRAN Package Check Results for Package gpclib

Last updated on 2015-03-26 23:47:44.

Flavor Version Tinstall Tcheck Ttotal Status Flags
r-devel-linux-x86_64-debian-clang 1.5-5 1.83 12.33 14.16 NOTE
r-devel-linux-x86_64-debian-gcc 1.5-5 2.13 12.13 14.26 NOTE
r-devel-linux-x86_64-fedora-clang 1.5-5 26.87 NOTE
r-devel-linux-x86_64-fedora-gcc 1.5-5 25.64 NOTE
r-devel-osx-x86_64-clang 1.5-5 31.76 NOTE
r-prerel-linux-x86_64 1.5-5 2.16 11.84 14.00 NOTE
r-prerel-solaris-sparc 1.5-5 174.10 NOTE
r-prerel-solaris-x86 1.5-5 40.30 NOTE
r-release-linux-x86_64 1.5-5 2.20 12.87 15.07 NOTE
r-release-osx-x86_64-mavericks 1.5-5 NOTE
r-oldrel-windows-ix86+x86_64 1.5-3 7.00 23.00 30.00 ERROR

Check Details

Version: 1.5-5
Check: DESCRIPTION meta-information
Result: NOTE
    Malformed Description field: should contain one or more complete sentences.
Flavors: r-devel-linux-x86_64-debian-clang, r-devel-linux-x86_64-debian-gcc, r-devel-linux-x86_64-fedora-clang, r-devel-linux-x86_64-fedora-gcc, r-devel-osx-x86_64-clang, r-prerel-linux-x86_64, r-prerel-solaris-sparc, r-prerel-solaris-x86

Version: 1.5-5
Check: dependencies in R code
Result: NOTE
    Package in Depends field not imported from: ‘methods’
     These packages need to be imported from (in the NAMESPACE file)
     for when this namespace is loaded but not attached.
Flavors: r-devel-linux-x86_64-debian-clang, r-devel-linux-x86_64-debian-gcc, r-devel-linux-x86_64-fedora-clang, r-devel-linux-x86_64-fedora-gcc, r-devel-osx-x86_64-clang, r-prerel-linux-x86_64, r-prerel-solaris-sparc, r-prerel-solaris-x86, r-release-linux-x86_64

Version: 1.5-5
Check: dependencies in R code
Result: NOTE
    Package in Depends field not imported from: ‘methods’
     These packages need to be imported from (in the NAMESPACE file)
     for when this namespace is loaded but not attached.
    See the information on DESCRIPTION files in the chapter ‘Creating R
    packages’ of the ‘Writing R Extensions’ manual.
Flavor: r-release-osx-x86_64-mavericks