CRAN Package Check Results for Package gplots

Last updated on 2015-05-28 05:46:51.

Flavor Version Tinstall Tcheck Ttotal Status Flags
r-devel-linux-x86_64-debian-clang 2.17.0 1.16 37.87 39.02 NOTE
r-devel-linux-x86_64-debian-gcc 2.17.0 1.02 37.36 38.38 NOTE
r-devel-linux-x86_64-fedora-clang 2.17.0 77.17 NOTE
r-devel-linux-x86_64-fedora-gcc 2.17.0 76.09 NOTE
r-devel-osx-x86_64-clang 2.17.0 69.82 NOTE
r-devel-windows-ix86+x86_64 2.17.0 4.00 56.00 60.00 OK
r-patched-linux-x86_64 2.17.0 1.01 36.76 37.76 NOTE
r-patched-solaris-sparc 2.17.0 476.30 NOTE
r-patched-solaris-x86 2.17.0 96.30 NOTE
r-release-linux-x86_64 2.17.0 1.05 37.28 38.33 NOTE
r-release-osx-x86_64-mavericks 2.17.0 OK
r-release-osx-x86_64-snowleopard 2.17.0 OK
r-release-windows-ix86+x86_64 2.17.0 4.00 57.00 61.00 OK
r-oldrel-windows-ix86+x86_64 2.17.0 5.00 69.00 74.00 OK

Check Details

Version: 2.17.0
Check: S3 generic/method consistency
Result: NOTE
    Found the following apparent S3 methods exported but not registered:
     boxplot.n plot.lm2
    See section ‘Registering S3 methods’ in the ‘Writing R Extensions’
    manual.
Flavors: r-devel-linux-x86_64-debian-clang, r-devel-linux-x86_64-debian-gcc, r-devel-linux-x86_64-fedora-clang, r-devel-linux-x86_64-fedora-gcc, r-devel-osx-x86_64-clang, r-patched-linux-x86_64, r-patched-solaris-sparc, r-patched-solaris-x86, r-release-linux-x86_64