CRAN Package Check Results for Package gplots

Last updated on 2017-06-29 17:50:07.

Flavor Version Tinstall Tcheck Ttotal Status Flags
r-devel-linux-x86_64-debian-clang 3.0.1 1.10 47.24 48.35 NOTE
r-devel-linux-x86_64-debian-gcc 3.0.1 1.16 46.26 47.41 NOTE
r-devel-linux-x86_64-fedora-clang 3.0.1 86.62 NOTE
r-devel-linux-x86_64-fedora-gcc 3.0.1 82.12 NOTE
r-devel-windows-ix86+x86_64 3.0.1 6.00 84.00 90.00 OK
r-patched-linux-x86_64 3.0.1 1.12 44.09 45.20 NOTE
r-patched-solaris-sparc 3.0.1 511.60 NOTE
r-patched-solaris-x86 3.0.1 105.80 NOTE
r-release-linux-x86_64 3.0.1 1.09 43.89 44.98 NOTE
r-release-windows-ix86+x86_64 3.0.1 5.00 108.00 113.00 OK
r-release-osx-x86_64 3.0.1 OK
r-oldrel-windows-ix86+x86_64 3.0.1 7.00 76.00 83.00 OK
r-oldrel-osx-x86_64 3.0.1 OK

Check Details

Version: 3.0.1
Check: S3 generic/method consistency
Result: NOTE
    Found the following apparent S3 methods exported but not registered:
     boxplot.n plot.lm2
    See section ‘Registering S3 methods’ in the ‘Writing R Extensions’
    manual.
Flavors: r-devel-linux-x86_64-debian-clang, r-devel-linux-x86_64-debian-gcc, r-devel-linux-x86_64-fedora-clang, r-devel-linux-x86_64-fedora-gcc, r-patched-linux-x86_64, r-patched-solaris-sparc, r-patched-solaris-x86, r-release-linux-x86_64