CRAN Package Check Results for Package gplots

Last updated on 2017-10-17 23:48:30.

Flavor Version Tinstall Tcheck Ttotal Status Flags
r-devel-linux-x86_64-debian-clang 3.0.1 1.10 47.50 48.60 NOTE
r-devel-linux-x86_64-debian-gcc 3.0.1 1.26 46.27 47.52 NOTE
r-devel-linux-x86_64-fedora-clang 3.0.1 92.53 NOTE
r-devel-linux-x86_64-fedora-gcc 3.0.1 88.29 NOTE
r-devel-windows-ix86+x86_64 3.0.1 4.00 82.00 86.00 OK
r-patched-linux-x86_64 3.0.1 1.16 43.83 44.99 NOTE
r-patched-solaris-x86 3.0.1 106.80 NOTE
r-release-linux-x86_64 3.0.1 1.16 44.41 45.57 NOTE
r-release-windows-ix86+x86_64 3.0.1 6.00 80.00 86.00 OK
r-release-osx-x86_64 3.0.1 OK
r-oldrel-windows-ix86+x86_64 3.0.1 4.00 95.00 99.00 OK
r-oldrel-osx-x86_64 3.0.1 OK

Check Details

Version: 3.0.1
Check: S3 generic/method consistency
Result: NOTE
    Found the following apparent S3 methods exported but not registered:
     boxplot.n plot.lm2
    See section ‘Registering S3 methods’ in the ‘Writing R Extensions’
    manual.
Flavors: r-devel-linux-x86_64-debian-clang, r-devel-linux-x86_64-debian-gcc, r-devel-linux-x86_64-fedora-clang, r-devel-linux-x86_64-fedora-gcc, r-patched-linux-x86_64, r-patched-solaris-x86, r-release-linux-x86_64