CRAN Package Check Results for Package gplots

Last updated on 2016-12-10 18:49:30.

Flavor Version Tinstall Tcheck Ttotal Status Flags
r-devel-linux-x86_64-debian-clang 3.0.1 1.24 46.61 47.86 NOTE
r-devel-linux-x86_64-debian-gcc 3.0.1 1.24 44.39 45.63 NOTE
r-devel-linux-x86_64-fedora-clang 3.0.1 89.90 NOTE --no-stop-on-test-error
r-devel-linux-x86_64-fedora-gcc 3.0.1 89.38 NOTE --no-stop-on-test-error
r-devel-macos-x86_64-clang 3.0.1 68.95 NOTE --no-stop-on-test-error
r-devel-windows-ix86+x86_64 3.0.1 4.00 86.00 90.00 OK
r-patched-linux-x86_64 3.0.1 1.15 38.33 39.49 NOTE
r-patched-solaris-sparc 3.0.1 462.60 NOTE
r-patched-solaris-x86 3.0.1 96.00 NOTE
r-release-linux-x86_64 3.0.1 1.18 38.76 39.93 NOTE
r-release-osx-x86_64-mavericks 3.0.1 OK
r-release-windows-ix86+x86_64 3.0.1 7.00 81.00 88.00 OK
r-oldrel-windows-ix86+x86_64 3.0.1 6.00 75.00 81.00 OK

Check Details

Version: 3.0.1
Check: S3 generic/method consistency
Result: NOTE
    Found the following apparent S3 methods exported but not registered:
     boxplot.n plot.lm2
    See section ‘Registering S3 methods’ in the ‘Writing R Extensions’
    manual.
Flavors: r-devel-linux-x86_64-debian-clang, r-devel-linux-x86_64-debian-gcc, r-patched-linux-x86_64, r-patched-solaris-sparc, r-patched-solaris-x86, r-release-linux-x86_64

Version: 3.0.1
Flags: --no-stop-on-test-error
Check: S3 generic/method consistency
Result: NOTE
    Found the following apparent S3 methods exported but not registered:
     boxplot.n plot.lm2
    See section ‘Registering S3 methods’ in the ‘Writing R Extensions’
    manual.
Flavors: r-devel-linux-x86_64-fedora-clang, r-devel-linux-x86_64-fedora-gcc, r-devel-macos-x86_64-clang