CRAN Package Check Results for Package gplots

Last updated on 2016-05-24 15:46:43.

Flavor Version Tinstall Tcheck Ttotal Status Flags
r-devel-linux-x86_64-debian-gcc 3.0.1 1.09 38.97 40.06 NOTE
r-devel-linux-x86_64-fedora-clang 3.0.1 84.31 NOTE
r-devel-linux-x86_64-fedora-gcc 3.0.1 72.53 NOTE
r-devel-osx-x86_64-clang 3.0.1 82.50 NOTE
r-devel-windows-ix86+x86_64 3.0.1 4.00 71.00 75.00 OK
r-patched-linux-x86_64 3.0.1 1.10 40.19 41.29 NOTE
r-patched-solaris-sparc 3.0.1 463.00 NOTE
r-patched-solaris-x86 3.0.1 94.90 NOTE
r-release-linux-x86_64 3.0.1 1.14 38.94 40.08 NOTE
r-release-osx-x86_64-mavericks 3.0.1 OK
r-release-windows-ix86+x86_64 3.0.1 4.00 71.00 75.00 OK
r-oldrel-windows-ix86+x86_64 3.0.1 6.00 72.00 78.00 OK

Check Details

Version: 3.0.1
Check: S3 generic/method consistency
Result: NOTE
    Found the following apparent S3 methods exported but not registered:
     boxplot.n plot.lm2
    See section ‘Registering S3 methods’ in the ‘Writing R Extensions’
    manual.
Flavors: r-devel-linux-x86_64-debian-gcc, r-devel-linux-x86_64-fedora-clang, r-devel-linux-x86_64-fedora-gcc, r-devel-osx-x86_64-clang, r-patched-linux-x86_64, r-patched-solaris-sparc, r-patched-solaris-x86, r-release-linux-x86_64