CRAN Package Check Results for Package gplots

Last updated on 2016-04-28 21:47:30.

Flavor Version Tinstall Tcheck Ttotal Status Flags
r-devel-linux-x86_64-debian-gcc 3.0.1 1.22 39.21 40.44 NOTE
r-devel-linux-x86_64-fedora-clang 3.0.1 76.71 NOTE
r-devel-linux-x86_64-fedora-gcc 3.0.1 74.36 NOTE
r-devel-osx-x86_64-clang 3.0.1 82.59 NOTE
r-devel-windows-ix86+x86_64 3.0.1 4.00 96.00 100.00 OK
r-patched-linux-x86_64 3.0.1 1.14 39.13 40.27 NOTE
r-patched-solaris-sparc 3.0.1 468.20 NOTE
r-patched-solaris-x86 3.0.1 97.40 NOTE
r-release-linux-x86_64 3.0.1 1.14 41.05 42.19 NOTE
r-release-osx-x86_64-mavericks 3.0.1 OK
r-release-windows-ix86+x86_64 3.0.1 4.00 76.00 80.00 OK
r-oldrel-windows-ix86+x86_64 3.0.1 9.00 74.00 83.00 OK

Check Details

Version: 3.0.1
Check: S3 generic/method consistency
Result: NOTE
    Found the following apparent S3 methods exported but not registered:
     boxplot.n plot.lm2
    See section ‘Registering S3 methods’ in the ‘Writing R Extensions’
    manual.
Flavors: r-devel-linux-x86_64-debian-gcc, r-devel-linux-x86_64-fedora-clang, r-devel-linux-x86_64-fedora-gcc, r-devel-osx-x86_64-clang, r-patched-linux-x86_64, r-patched-solaris-sparc, r-patched-solaris-x86, r-release-linux-x86_64