CRAN Package Check Results for Package gplots

Last updated on 2015-01-29 05:48:22.

Flavor Version Tinstall Tcheck Ttotal Status Flags
r-devel-linux-x86_64-debian-clang 2.16.0 1.16 39.08 40.25 NOTE
r-devel-linux-x86_64-debian-gcc 2.16.0 1.12 38.12 39.24 NOTE
r-devel-linux-x86_64-fedora-clang 2.16.0 84.63 NOTE
r-devel-linux-x86_64-fedora-gcc 2.16.0 80.12 NOTE
r-devel-osx-x86_64-clang 2.16.0 78.87 NOTE
r-devel-windows-ix86+x86_64 2.16.0 6.00 57.00 63.00 OK
r-patched-linux-x86_64 2.16.0 1.33 43.26 44.58 OK
r-patched-solaris-sparc 2.16.0 443.20 OK
r-patched-solaris-x86 2.16.0 107.20 OK
r-release-linux-ix86 2.16.0 1.73 51.72 53.45 OK
r-release-linux-x86_64 2.16.0 1.28 43.30 44.58 OK
r-release-osx-x86_64-mavericks 2.16.0 OK
r-release-osx-x86_64-snowleopard 2.16.0 OK
r-release-windows-ix86+x86_64 2.16.0 4.00 68.00 72.00 OK
r-oldrel-windows-ix86+x86_64 2.16.0 5.00 141.00 146.00 OK

Check Details

Version: 2.16.0
Check: S3 generic/method consistency
Result: NOTE
    Found the following apparent S3 methods exported but not registered:
     boxplot.n plot.lm2 qqnorm.aov
    See section ‘Registering S3 methods’ in the ‘Writing R Extensions’
    manual.
Flavors: r-devel-linux-x86_64-debian-clang, r-devel-linux-x86_64-debian-gcc, r-devel-linux-x86_64-fedora-clang, r-devel-linux-x86_64-fedora-gcc, r-devel-osx-x86_64-clang