CRAN Package Check Results for Package gplots

Last updated on 2018-02-21 01:47:35 CET.

Flavor Version Tinstall Tcheck Ttotal Status Flags
r-devel-linux-x86_64-debian-clang 3.0.1 6.73 67.98 74.71 NOTE
r-devel-linux-x86_64-debian-gcc 3.0.1 5.42 49.24 54.66 NOTE
r-devel-linux-x86_64-fedora-clang 3.0.1 84.48 NOTE
r-devel-linux-x86_64-fedora-gcc 3.0.1 81.35 NOTE
r-devel-windows-ix86+x86_64 3.0.1 9.00 71.00 80.00 OK
r-patched-linux-x86_64 3.0.1 1.41 71.41 72.82 NOTE
r-patched-solaris-x86 3.0.1 106.10 NOTE
r-release-linux-x86_64 3.0.1 1.56 71.39 72.95 NOTE
r-release-windows-ix86+x86_64 3.0.1 5.00 107.00 112.00 OK
r-release-osx-x86_64 3.0.1 OK
r-oldrel-windows-ix86+x86_64 3.0.1 7.00 95.00 102.00 OK
r-oldrel-osx-x86_64 3.0.1 OK

Check Details

Version: 3.0.1
Check: S3 generic/method consistency
Result: NOTE
    Found the following apparent S3 methods exported but not registered:
     boxplot.n plot.lm2
    See section ‘Registering S3 methods’ in the ‘Writing R Extensions’
    manual.
Flavors: r-devel-linux-x86_64-debian-clang, r-devel-linux-x86_64-debian-gcc, r-devel-linux-x86_64-fedora-clang, r-devel-linux-x86_64-fedora-gcc, r-patched-linux-x86_64, r-patched-solaris-x86, r-release-linux-x86_64