CRAN Package Check Results for Package gplots

Last updated on 2016-06-24 21:47:02.

Flavor Version Tinstall Tcheck Ttotal Status Flags
r-devel-linux-x86_64-debian-gcc 3.0.1 1.33 39.78 41.11 NOTE
r-devel-linux-x86_64-fedora-clang 3.0.1 77.02 NOTE
r-devel-linux-x86_64-fedora-gcc 3.0.1 71.44 NOTE
r-devel-osx-x86_64-clang 3.0.1 62.93 NOTE
r-devel-windows-ix86+x86_64 3.0.1 11.00 92.00 103.00 OK
r-patched-linux-x86_64 3.0.1 1.24 37.97 39.22 NOTE
r-patched-solaris-sparc 3.0.1 462.60 NOTE
r-patched-solaris-x86 3.0.1 98.00 NOTE
r-release-linux-x86_64 3.0.1 1.03 40.06 41.09 NOTE
r-release-osx-x86_64-mavericks 3.0.1 OK
r-release-windows-ix86+x86_64 3.0.1 6.00 68.00 74.00 OK
r-oldrel-windows-ix86+x86_64 3.0.1 8.00 95.00 103.00 OK

Check Details

Version: 3.0.1
Check: S3 generic/method consistency
Result: NOTE
    Found the following apparent S3 methods exported but not registered:
     boxplot.n plot.lm2
    See section ‘Registering S3 methods’ in the ‘Writing R Extensions’
    manual.
Flavors: r-devel-linux-x86_64-debian-gcc, r-devel-linux-x86_64-fedora-clang, r-devel-linux-x86_64-fedora-gcc, r-devel-osx-x86_64-clang, r-patched-linux-x86_64, r-patched-solaris-sparc, r-patched-solaris-x86, r-release-linux-x86_64