CRAN Package Check Results for Package gplots

Last updated on 2017-08-21 11:47:44.

Flavor Version Tinstall Tcheck Ttotal Status Flags
r-devel-linux-x86_64-debian-clang 3.0.1 1.12 45.52 46.64 NOTE
r-devel-linux-x86_64-debian-gcc 3.0.1 1.12 43.35 44.47 NOTE
r-devel-linux-x86_64-fedora-clang 3.0.1 85.18 NOTE
r-devel-linux-x86_64-fedora-gcc 3.0.1 83.58 NOTE
r-devel-windows-ix86+x86_64 3.0.1 3.00 79.00 82.00 OK
r-patched-linux-x86_64 3.0.1 1.10 43.69 44.79 NOTE
r-patched-solaris-x86 3.0.1 103.50 NOTE
r-release-linux-x86_64 3.0.1 1.20 43.63 44.83 NOTE
r-release-windows-ix86+x86_64 3.0.1 7.00 95.00 102.00 OK
r-release-osx-x86_64 3.0.1 OK
r-oldrel-windows-ix86+x86_64 3.0.1 3.00 73.00 76.00 OK
r-oldrel-osx-x86_64 3.0.1 OK

Check Details

Version: 3.0.1
Check: S3 generic/method consistency
Result: NOTE
    Found the following apparent S3 methods exported but not registered:
     boxplot.n plot.lm2
    See section ‘Registering S3 methods’ in the ‘Writing R Extensions’
    manual.
Flavors: r-devel-linux-x86_64-debian-clang, r-devel-linux-x86_64-debian-gcc, r-devel-linux-x86_64-fedora-clang, r-devel-linux-x86_64-fedora-gcc, r-patched-linux-x86_64, r-patched-solaris-x86, r-release-linux-x86_64