CRAN Package Check Results for Package gplots

Last updated on 2018-06-22 03:49:28 CEST.

Flavor Version Tinstall Tcheck Ttotal Status Flags
r-devel-linux-x86_64-debian-clang 3.0.1 4.88 57.74 62.62 NOTE
r-devel-linux-x86_64-debian-gcc 3.0.1 4.21 51.32 55.53 NOTE
r-devel-linux-x86_64-fedora-clang 3.0.1 85.72 NOTE
r-devel-linux-x86_64-fedora-gcc 3.0.1 81.63 NOTE
r-devel-windows-ix86+x86_64 3.0.1 11.00 107.00 118.00 OK
r-patched-linux-x86_64 3.0.1 4.66 64.78 69.44 NOTE
r-patched-solaris-x86 3.0.1 115.50 NOTE
r-release-linux-x86_64 3.0.1 6.15 63.62 69.77 NOTE
r-release-windows-ix86+x86_64 3.0.1 9.00 103.00 112.00 OK
r-release-osx-x86_64 3.0.1 OK
r-oldrel-windows-ix86+x86_64 3.0.1 6.00 80.00 86.00 OK
r-oldrel-osx-x86_64 3.0.1 OK

Check Details

Version: 3.0.1
Check: S3 generic/method consistency
Result: NOTE
    Found the following apparent S3 methods exported but not registered:
     boxplot.n plot.lm2
    See section ‘Registering S3 methods’ in the ‘Writing R Extensions’
    manual.
Flavors: r-devel-linux-x86_64-debian-clang, r-devel-linux-x86_64-debian-gcc, r-devel-linux-x86_64-fedora-clang, r-devel-linux-x86_64-fedora-gcc, r-patched-linux-x86_64, r-patched-solaris-x86, r-release-linux-x86_64