CRAN Package Check Results for Package gplots

Last updated on 2017-05-24 05:50:03.

Flavor Version Tinstall Tcheck Ttotal Status Flags
r-devel-linux-x86_64-debian-clang 3.0.1 1.08 45.51 46.59 NOTE
r-devel-linux-x86_64-debian-gcc 3.0.1 1.20 44.20 45.39 NOTE
r-devel-linux-x86_64-fedora-clang 3.0.1 87.14 NOTE --no-stop-on-test-error
r-devel-linux-x86_64-fedora-gcc 3.0.1 82.17 NOTE --no-stop-on-test-error
r-devel-windows-ix86+x86_64 3.0.1 4.00 103.00 107.00 OK
r-patched-linux-x86_64 3.0.1 1.57 43.87 45.43 NOTE
r-patched-solaris-sparc 3.0.1 511.60 NOTE
r-patched-solaris-x86 3.0.1 104.80 NOTE
r-release-linux-x86_64 3.0.1 1.20 44.34 45.54 NOTE
r-release-windows-ix86+x86_64 3.0.1 4.00 111.00 115.00 OK
r-release-osx-x86_64 3.0.1 OK
r-oldrel-windows-ix86+x86_64 3.0.1 4.00 110.00 114.00 OK
r-oldrel-osx-x86_64 3.0.1 OK

Check Details

Version: 3.0.1
Check: S3 generic/method consistency
Result: NOTE
    Found the following apparent S3 methods exported but not registered:
     boxplot.n plot.lm2
    See section ‘Registering S3 methods’ in the ‘Writing R Extensions’
    manual.
Flavors: r-devel-linux-x86_64-debian-clang, r-devel-linux-x86_64-debian-gcc, r-patched-linux-x86_64, r-patched-solaris-sparc, r-patched-solaris-x86, r-release-linux-x86_64

Version: 3.0.1
Flags: --no-stop-on-test-error
Check: S3 generic/method consistency
Result: NOTE
    Found the following apparent S3 methods exported but not registered:
     boxplot.n plot.lm2
    See section ‘Registering S3 methods’ in the ‘Writing R Extensions’
    manual.
Flavors: r-devel-linux-x86_64-fedora-clang, r-devel-linux-x86_64-fedora-gcc