CRAN Package Check Results for Package gplots

Last updated on 2017-02-22 07:48:17.

Flavor Version Tinstall Tcheck Ttotal Status Flags
r-devel-linux-x86_64-debian-clang 3.0.1 1.09 45.89 46.98 NOTE
r-devel-linux-x86_64-debian-gcc 3.0.1 1.04 43.00 44.04 NOTE
r-devel-linux-x86_64-fedora-clang 3.0.1 85.37 NOTE --no-stop-on-test-error
r-devel-linux-x86_64-fedora-gcc 3.0.1 82.29 NOTE --no-stop-on-test-error
r-devel-macos-x86_64-clang 3.0.1 68.28 NOTE --no-stop-on-test-error
r-devel-windows-ix86+x86_64 3.0.1 11.00 157.00 168.00 OK
r-patched-linux-x86_64 3.0.1 1.05 38.76 39.81 NOTE
r-patched-solaris-sparc 3.0.1 473.00 NOTE
r-patched-solaris-x86 3.0.1 99.20 NOTE
r-release-linux-x86_64 3.0.1 1.06 39.90 40.95 NOTE
r-release-osx-x86_64-mavericks 3.0.1 OK
r-release-windows-ix86+x86_64 3.0.1 11.00 78.00 89.00 OK
r-oldrel-windows-ix86+x86_64 3.0.1 7.00 96.00 103.00 OK

Check Details

Version: 3.0.1
Check: S3 generic/method consistency
Result: NOTE
    Found the following apparent S3 methods exported but not registered:
     boxplot.n plot.lm2
    See section ‘Registering S3 methods’ in the ‘Writing R Extensions’
    manual.
Flavors: r-devel-linux-x86_64-debian-clang, r-devel-linux-x86_64-debian-gcc, r-patched-linux-x86_64, r-patched-solaris-sparc, r-patched-solaris-x86, r-release-linux-x86_64

Version: 3.0.1
Flags: --no-stop-on-test-error
Check: S3 generic/method consistency
Result: NOTE
    Found the following apparent S3 methods exported but not registered:
     boxplot.n plot.lm2
    See section ‘Registering S3 methods’ in the ‘Writing R Extensions’
    manual.
Flavors: r-devel-linux-x86_64-fedora-clang, r-devel-linux-x86_64-fedora-gcc, r-devel-macos-x86_64-clang