CRAN Package Check Results for Package gplots

Last updated on 2017-03-29 11:49:30.

Flavor Version Tinstall Tcheck Ttotal Status Flags
r-devel-linux-x86_64-debian-clang 3.0.1 1.16 47.19 48.34 NOTE
r-devel-linux-x86_64-debian-gcc 3.0.1 1.09 43.73 44.82 NOTE
r-devel-linux-x86_64-fedora-clang 3.0.1 89.99 NOTE --no-stop-on-test-error
r-devel-linux-x86_64-fedora-gcc 3.0.1 85.22 NOTE --no-stop-on-test-error
r-devel-macos-x86_64-clang 3.0.1 66.68 NOTE --no-stop-on-test-error
r-devel-windows-ix86+x86_64 3.0.1 4.00 79.00 83.00 OK
r-patched-linux-x86_64 3.0.1 1.09 44.25 45.34 NOTE
r-patched-solaris-sparc 3.0.1 511.60 NOTE
r-patched-solaris-x86 3.0.1 104.00 NOTE
r-release-linux-x86_64 3.0.1 1.26 39.03 40.29 NOTE
r-release-osx-x86_64-mavericks 3.0.1 OK
r-release-windows-ix86+x86_64 3.0.1 6.00 96.00 102.00 OK
r-oldrel-windows-ix86+x86_64 3.0.1 4.00 77.00 81.00 OK

Check Details

Version: 3.0.1
Check: S3 generic/method consistency
Result: NOTE
    Found the following apparent S3 methods exported but not registered:
     boxplot.n plot.lm2
    See section ‘Registering S3 methods’ in the ‘Writing R Extensions’
    manual.
Flavors: r-devel-linux-x86_64-debian-clang, r-devel-linux-x86_64-debian-gcc, r-patched-linux-x86_64, r-patched-solaris-sparc, r-patched-solaris-x86, r-release-linux-x86_64

Version: 3.0.1
Flags: --no-stop-on-test-error
Check: S3 generic/method consistency
Result: NOTE
    Found the following apparent S3 methods exported but not registered:
     boxplot.n plot.lm2
    See section ‘Registering S3 methods’ in the ‘Writing R Extensions’
    manual.
Flavors: r-devel-linux-x86_64-fedora-clang, r-devel-linux-x86_64-fedora-gcc, r-devel-macos-x86_64-clang