CRAN Package Check Results for Package gplots

Last updated on 2016-09-28 18:49:57.

Flavor Version Tinstall Tcheck Ttotal Status Flags
r-devel-linux-x86_64-debian-clang 3.0.1 1.01 40.75 41.76 NOTE
r-devel-linux-x86_64-debian-gcc 3.0.1 1.16 39.20 40.36 NOTE
r-devel-linux-x86_64-fedora-clang 3.0.1 76.95 NOTE
r-devel-linux-x86_64-fedora-gcc 3.0.1 70.89 NOTE
r-devel-macos-x86_64-clang 3.0.1 62.05 NOTE
r-devel-windows-ix86+x86_64 3.0.1 8.00 92.00 100.00 OK
r-patched-linux-x86_64 3.0.1 1.07 38.81 39.88 NOTE
r-patched-solaris-sparc 3.0.1 462.60 NOTE
r-patched-solaris-x86 3.0.1 94.10 NOTE
r-release-linux-x86_64 3.0.1 1.05 40.03 41.07 NOTE
r-release-osx-x86_64-mavericks 3.0.1 OK
r-release-windows-ix86+x86_64 3.0.1 7.00 81.00 88.00 OK
r-oldrel-windows-ix86+x86_64 3.0.1 8.00 89.00 97.00 OK

Check Details

Version: 3.0.1
Check: S3 generic/method consistency
Result: NOTE
    Found the following apparent S3 methods exported but not registered:
     boxplot.n plot.lm2
    See section ‘Registering S3 methods’ in the ‘Writing R Extensions’
    manual.
Flavors: r-devel-linux-x86_64-debian-clang, r-devel-linux-x86_64-debian-gcc, r-devel-linux-x86_64-fedora-clang, r-devel-linux-x86_64-fedora-gcc, r-devel-macos-x86_64-clang, r-patched-linux-x86_64, r-patched-solaris-sparc, r-patched-solaris-x86, r-release-linux-x86_64