Last updated on 2023-06-02 02:55:18 CEST.
Flavor | Version | Tinstall | Tcheck | Ttotal | Status | Flags |
---|---|---|---|---|---|---|
r-devel-linux-x86_64-debian-clang | 3.1.3 | 7.33 | 83.70 | 91.03 | NOTE | |
r-devel-linux-x86_64-debian-gcc | 3.1.3 | 6.18 | 63.56 | 69.74 | NOTE | |
r-devel-linux-x86_64-fedora-clang | 3.1.3 | 116.32 | NOTE | |||
r-devel-linux-x86_64-fedora-gcc | 3.1.3 | 120.19 | NOTE | |||
r-devel-windows-x86_64 | 3.1.3 | 9.00 | 95.00 | 104.00 | NOTE | |
r-patched-linux-x86_64 | 3.1.3 | NOTE | ||||
r-release-linux-x86_64 | 3.1.3 | 8.35 | 80.97 | 89.32 | NOTE | |
r-release-macos-arm64 | 3.1.3 | 41.00 | NOTE | |||
r-release-macos-x86_64 | 3.1.3 | 68.00 | NOTE | |||
r-release-windows-x86_64 | 3.1.3 | 11.00 | 107.00 | 118.00 | NOTE | |
r-oldrel-macos-arm64 | 3.1.3 | 37.00 | OK | |||
r-oldrel-macos-x86_64 | 3.1.3 | 48.00 | OK | |||
r-oldrel-windows-x86_64 | 3.1.3 | 10.00 | 105.00 | 115.00 | OK |
Version: 3.1.3
Check: Rd files
Result: NOTE
checkRd: (-1) barplot2.Rd:219: Escaped LaTeX specials: \_
checkRd: (-1) colorpanel.Rd:31: Escaped LaTeX specials: \#
checkRd: (-1) qqnorm.aov.Rd:33: Escaped LaTeX specials: \&
checkRd: (-1) venn.Rd:59: Escaped LaTeX specials: \_
Flavors: r-devel-linux-x86_64-debian-clang, r-devel-linux-x86_64-debian-gcc, r-devel-linux-x86_64-fedora-clang, r-devel-linux-x86_64-fedora-gcc, r-devel-windows-x86_64, r-patched-linux-x86_64, r-release-linux-x86_64, r-release-macos-arm64, r-release-macos-x86_64, r-release-windows-x86_64