CRAN Package Check Results for Package gplots

Last updated on 2015-02-27 20:49:35.

Flavor Version Tinstall Tcheck Ttotal Status Flags
r-devel-linux-x86_64-debian-clang 2.16.0 1.28 37.34 38.62 NOTE
r-devel-linux-x86_64-debian-gcc 2.16.0 1.02 36.93 37.95 NOTE
r-devel-linux-x86_64-fedora-clang 2.16.0 73.64 NOTE
r-devel-linux-x86_64-fedora-gcc 2.16.0 72.78 NOTE
r-devel-osx-x86_64-clang 2.16.0 70.57 NOTE
r-devel-windows-ix86+x86_64 2.16.0 6.00 54.00 60.00 NOTE
r-patched-linux-x86_64 2.16.0 1.32 45.77 47.09 OK
r-patched-solaris-sparc 2.16.0 443.20 OK
r-release-linux-ix86 2.16.0 1.87 55.01 56.88 OK
r-release-linux-x86_64 2.16.0 1.30 44.68 45.97 OK
r-release-osx-x86_64-mavericks 2.16.0 OK
r-release-osx-x86_64-snowleopard 2.16.0 OK
r-release-windows-ix86+x86_64 2.16.0 5.00 66.00 71.00 OK
r-oldrel-windows-ix86+x86_64 2.16.0 5.00 101.00 106.00 OK

Check Details

Version: 2.16.0
Check: DESCRIPTION meta-information
Result: NOTE
    Malformed Description field: should contain one or more complete sentences.
Flavors: r-devel-linux-x86_64-debian-clang, r-devel-linux-x86_64-debian-gcc, r-devel-linux-x86_64-fedora-clang, r-devel-linux-x86_64-fedora-gcc, r-devel-osx-x86_64-clang, r-devel-windows-ix86+x86_64

Version: 2.16.0
Check: S3 generic/method consistency
Result: NOTE
    Found the following apparent S3 methods exported but not registered:
     boxplot.n plot.lm2 qqnorm.aov
    See section ‘Registering S3 methods’ in the ‘Writing R Extensions’
    manual.
Flavors: r-devel-linux-x86_64-debian-clang, r-devel-linux-x86_64-debian-gcc, r-devel-linux-x86_64-fedora-clang, r-devel-linux-x86_64-fedora-gcc, r-devel-osx-x86_64-clang