CRAN Package Check Results for Package gplots

Last updated on 2015-04-19 19:51:49.

Flavor Version Tinstall Tcheck Ttotal Status Flags
r-devel-linux-x86_64-debian-clang 2.16.0 1.05 36.37 37.42 NOTE
r-devel-linux-x86_64-debian-gcc 2.16.0 1.09 36.46 37.55 NOTE
r-devel-linux-x86_64-fedora-clang 2.16.0 72.96 NOTE
r-devel-linux-x86_64-fedora-gcc 2.16.0 71.42 NOTE
r-devel-osx-x86_64-clang 2.16.0 67.01 NOTE
r-devel-windows-ix86+x86_64 2.16.0 5.00 72.00 77.00 NOTE
r-patched-linux-x86_64 2.16.0 1.16 35.85 37.01 NOTE
r-patched-solaris-sparc 2.16.0 467.50 NOTE
r-patched-solaris-x86 2.16.0 91.90 NOTE
r-release-linux-x86_64 2.16.0 1.02 35.74 36.76 NOTE
r-release-osx-x86_64-mavericks 2.16.0 NOTE
r-release-osx-x86_64-snowleopard 2.16.0 NOTE
r-release-windows-ix86+x86_64 2.16.0 2.00 54.00 56.00 NOTE
r-oldrel-windows-ix86+x86_64 2.16.0 5.00 60.00 65.00 OK

Check Details

Version: 2.16.0
Check: DESCRIPTION meta-information
Result: NOTE
    Malformed Description field: should contain one or more complete sentences.
Flavors: r-devel-linux-x86_64-debian-clang, r-devel-linux-x86_64-debian-gcc, r-devel-linux-x86_64-fedora-clang, r-devel-linux-x86_64-fedora-gcc, r-devel-osx-x86_64-clang, r-devel-windows-ix86+x86_64, r-patched-linux-x86_64, r-patched-solaris-sparc, r-patched-solaris-x86, r-release-linux-x86_64, r-release-osx-x86_64-mavericks, r-release-osx-x86_64-snowleopard, r-release-windows-ix86+x86_64

Version: 2.16.0
Check: S3 generic/method consistency
Result: NOTE
    Found the following apparent S3 methods exported but not registered:
     boxplot.n plot.lm2 qqnorm.aov
    See section ‘Registering S3 methods’ in the ‘Writing R Extensions’
    manual.
Flavors: r-devel-linux-x86_64-debian-clang, r-devel-linux-x86_64-debian-gcc, r-devel-linux-x86_64-fedora-clang, r-devel-linux-x86_64-fedora-gcc, r-devel-osx-x86_64-clang, r-patched-linux-x86_64, r-release-linux-x86_64