CRAN Package Check Results for Package gplots

Last updated on 2017-12-14 06:47:00 CET.

Flavor Version Tinstall Tcheck Ttotal Status Flags
r-devel-linux-x86_64-debian-clang 3.0.1 1.30 66.82 68.12 NOTE
r-devel-linux-x86_64-debian-gcc 3.0.1 1.25 58.09 59.34 NOTE
r-devel-linux-x86_64-fedora-clang 3.0.1 84.14 NOTE
r-devel-linux-x86_64-fedora-gcc 3.0.1 84.06 NOTE
r-devel-windows-ix86+x86_64 3.0.1 6.00 76.00 82.00 OK
r-patched-linux-x86_64 3.0.1 1.58 72.42 74.00 NOTE
r-patched-solaris-x86 3.0.1 109.00 NOTE
r-release-linux-x86_64 3.0.1 1.30 74.04 75.34 NOTE
r-release-windows-ix86+x86_64 3.0.1 4.00 106.00 110.00 OK
r-release-osx-x86_64 3.0.1 OK
r-oldrel-windows-ix86+x86_64 3.0.1 5.00 97.00 102.00 OK
r-oldrel-osx-x86_64 3.0.1 OK

Check Details

Version: 3.0.1
Check: S3 generic/method consistency
Result: NOTE
    Found the following apparent S3 methods exported but not registered:
     boxplot.n plot.lm2
    See section ‘Registering S3 methods’ in the ‘Writing R Extensions’
    manual.
Flavors: r-devel-linux-x86_64-debian-clang, r-devel-linux-x86_64-debian-gcc, r-devel-linux-x86_64-fedora-clang, r-devel-linux-x86_64-fedora-gcc, r-patched-linux-x86_64, r-patched-solaris-x86, r-release-linux-x86_64