CRAN Package Check Results for Package gplots

Last updated on 2022-12-01 10:53:33 CET.

Flavor Version Tinstall Tcheck Ttotal Status Flags
r-devel-linux-x86_64-debian-clang 3.1.3 7.77 87.19 94.96 NOTE
r-devel-linux-x86_64-debian-gcc 3.1.3 4.99 64.31 69.30 NOTE
r-devel-linux-x86_64-fedora-clang 3.1.3 137.88 NOTE
r-devel-linux-x86_64-fedora-gcc 3.1.3 144.15 NOTE
r-devel-windows-x86_64 3.1.3 39.00 128.00 167.00 NOTE
r-patched-linux-x86_64 3.1.3 9.11 79.85 88.96 OK
r-release-linux-x86_64 3.1.3 6.47 80.05 86.52 OK
r-release-macos-arm64 3.1.3 31.00 OK
r-release-macos-x86_64 3.1.3 48.00 OK
r-release-windows-x86_64 3.1.3 36.00 122.00 158.00 OK
r-oldrel-macos-arm64 3.1.3 34.00 OK
r-oldrel-macos-x86_64 3.1.3 52.00 OK
r-oldrel-windows-ix86+x86_64 3.1.3 13.00 123.00 136.00 OK

Check Details

Version: 3.1.3
Check: Rd files
Result: NOTE
    checkRd: (-1) barplot2.Rd:219: Escaped LaTeX specials: \_
    checkRd: (-1) colorpanel.Rd:31: Escaped LaTeX specials: \#
    checkRd: (-1) qqnorm.aov.Rd:33: Escaped LaTeX specials: \&
    checkRd: (-1) venn.Rd:59: Escaped LaTeX specials: \_
Flavors: r-devel-linux-x86_64-debian-clang, r-devel-linux-x86_64-debian-gcc, r-devel-linux-x86_64-fedora-clang, r-devel-linux-x86_64-fedora-gcc, r-devel-windows-x86_64