CRAN Package Check Results for Package gplots

Last updated on 2017-01-18 12:54:38.

Flavor Version Tinstall Tcheck Ttotal Status Flags
r-devel-linux-x86_64-debian-clang 3.0.1 1.13 45.49 46.62 NOTE
r-devel-linux-x86_64-debian-gcc 3.0.1 1.11 43.49 44.60 NOTE
r-devel-linux-x86_64-fedora-clang 3.0.1 87.09 NOTE --no-stop-on-test-error
r-devel-linux-x86_64-fedora-gcc 3.0.1 82.40 NOTE --no-stop-on-test-error
r-devel-macos-x86_64-clang 3.0.1 67.30 NOTE --no-stop-on-test-error
r-devel-windows-ix86+x86_64 3.0.1 6.00 80.00 86.00 OK
r-patched-linux-x86_64 3.0.1 1.08 39.36 40.44 NOTE
r-patched-solaris-sparc 3.0.1 473.00 NOTE
r-patched-solaris-x86 3.0.1 100.40 NOTE
r-release-linux-x86_64 3.0.1 1.20 38.78 39.99 NOTE
r-release-osx-x86_64-mavericks 3.0.1 OK
r-release-windows-ix86+x86_64 3.0.1 3.00 94.00 97.00 OK
r-oldrel-windows-ix86+x86_64 3.0.1 4.00 105.00 109.00 OK

Check Details

Version: 3.0.1
Check: S3 generic/method consistency
Result: NOTE
    Found the following apparent S3 methods exported but not registered:
     boxplot.n plot.lm2
    See section ‘Registering S3 methods’ in the ‘Writing R Extensions’
    manual.
Flavors: r-devel-linux-x86_64-debian-clang, r-devel-linux-x86_64-debian-gcc, r-patched-linux-x86_64, r-patched-solaris-sparc, r-patched-solaris-x86, r-release-linux-x86_64

Version: 3.0.1
Flags: --no-stop-on-test-error
Check: S3 generic/method consistency
Result: NOTE
    Found the following apparent S3 methods exported but not registered:
     boxplot.n plot.lm2
    See section ‘Registering S3 methods’ in the ‘Writing R Extensions’
    manual.
Flavors: r-devel-linux-x86_64-fedora-clang, r-devel-linux-x86_64-fedora-gcc, r-devel-macos-x86_64-clang