CRAN Package Check Results for Package gpmap

Last updated on 2015-03-02 05:47:40.

Flavor Version Tinstall Tcheck Ttotal Status Flags
r-devel-linux-x86_64-debian-clang 0.1.1 1.18 19.20 20.38 NOTE
r-devel-linux-x86_64-debian-gcc 0.1.1 1.22 18.65 19.87 NOTE
r-devel-linux-x86_64-fedora-clang 0.1.1 40.71 NOTE
r-devel-linux-x86_64-fedora-gcc 0.1.1 41.61 NOTE
r-devel-osx-x86_64-clang 0.1.1 39.84 NOTE
r-devel-windows-ix86+x86_64 0.1.1 11.00 45.00 56.00 NOTE
r-patched-linux-x86_64 0.1.1 2.07 26.04 28.10 NOTE
r-patched-solaris-sparc 0.1.1 316.50 NOTE
r-patched-solaris-x86 0.1.1 77.30 NOTE
r-release-linux-ix86 0.1.1 2.14 33.29 35.43 NOTE
r-release-linux-x86_64 0.1.1 2.10 25.84 27.94 NOTE
r-release-osx-x86_64-mavericks 0.1.1 NOTE
r-release-osx-x86_64-snowleopard 0.1.1 OK
r-release-windows-ix86+x86_64 0.1.1 13.00 65.00 78.00 NOTE
r-oldrel-windows-ix86+x86_64 0.1.1 8.00 45.00 53.00 NOTE

Check Details

Version: 0.1.1
Check: DESCRIPTION meta-information
Result: NOTE
    Malformed Description field: should contain one or more complete sentences.
Flavors: r-devel-linux-x86_64-debian-clang, r-devel-linux-x86_64-debian-gcc, r-devel-linux-x86_64-fedora-clang, r-devel-linux-x86_64-fedora-gcc, r-devel-osx-x86_64-clang, r-devel-windows-ix86+x86_64

Version: 0.1.1
Check: dependencies in R code
Result: NOTE
    Packages in Depends field not imported from:
     ‘foreach’ ‘ggplot2’ ‘isotone’ ‘plyr’
     These packages need to be imported from (in the NAMESPACE file)
     for when this namespace is loaded but not attached.
Flavors: r-devel-linux-x86_64-debian-clang, r-devel-linux-x86_64-debian-gcc, r-devel-linux-x86_64-fedora-clang, r-devel-linux-x86_64-fedora-gcc, r-devel-osx-x86_64-clang, r-devel-windows-ix86+x86_64, r-patched-linux-x86_64, r-patched-solaris-x86

Version: 0.1.1
Check: R code for possible problems
Result: NOTE
    decompose_monotone: no visible global function definition for ‘%dopar%’
    decompose_monotone: no visible global function definition for ‘foreach’
    decompose_monotone: no visible global function definition for ‘%do%’
    decompose_monotone_single: no visible global function definition for
     ‘%dopar%’
    decompose_monotone_single: no visible global function definition for
     ‘foreach’
    decompose_monotone_single: no visible global function definition for
     ‘laply’
    degree_of_monotonicity: no visible global function definition for
     ‘%do%’
    degree_of_monotonicity: no visible global function definition for
     ‘foreach’
    degree_of_monotonicity_single: no visible global function definition
     for ‘aaply’
    monotone_regression: no visible global function definition for
     ‘activeSet’
    partial_genotype_order: no visible global function definition for
     ‘aaply’
    plot1_dec: no visible global function definition for ‘%do%’
    plot1_dec: no visible global function definition for ‘foreach’
    plot1_dec: no visible global function definition for ‘ggplot’
    plot1_dec: no visible global function definition for ‘aes_string’
    plot1_dec: no visible global function definition for ‘geom_point’
    plot1_dec: no visible global function definition for ‘facet_wrap’
    plot1_dec: no visible global function definition for ‘labs’
    plot1_orig: no visible global function definition for ‘%do%’
    plot1_orig: no visible global function definition for ‘foreach’
    plot1_orig: no visible global function definition for ‘ggplot’
    plot1_orig: no visible global function definition for ‘aes_string’
    plot1_orig: no visible global function definition for ‘geom_line’
    plot1_orig: no visible global function definition for ‘labs’
    plot2_dec: no visible global function definition for ‘%do%’
    plot2_dec: no visible global function definition for ‘foreach’
    plot2_dec: no visible global function definition for ‘ggplot’
    plot2_dec: no visible global function definition for ‘aes_string’
    plot2_dec: no visible global function definition for ‘geom_line’
    plot2_dec: no visible global function definition for ‘facet_wrap’
    plot2_dec: no visible global function definition for ‘labs’
    plot2_orig: no visible global function definition for ‘%do%’
    plot2_orig: no visible global function definition for ‘foreach’
    plot2_orig: no visible global function definition for ‘ggplot’
    plot2_orig: no visible global function definition for ‘aes_string’
    plot2_orig: no visible global function definition for ‘geom_line’
    plot2_orig: no visible global function definition for ‘labs’
    plot3_dec: no visible global function definition for ‘%do%’
    plot3_dec: no visible global function definition for ‘foreach’
    plot3_dec: no visible global function definition for ‘ggplot’
    plot3_dec: no visible global function definition for ‘aes_string’
    plot3_dec: no visible global function definition for ‘geom_line’
    plot3_dec: no visible global function definition for ‘facet_grid’
    plot3_dec: no visible global function definition for ‘labs’
    plot3_orig: no visible global function definition for ‘%do%’
    plot3_orig: no visible global function definition for ‘foreach’
    plot3_orig: no visible global function definition for ‘ggplot’
    plot3_orig: no visible global function definition for ‘aes_string’
    plot3_orig: no visible global function definition for ‘geom_line’
    plot3_orig: no visible global function definition for ‘facet_wrap’
    plot3_orig: no visible global function definition for ‘labs’
Flavors: r-devel-linux-x86_64-debian-clang, r-devel-linux-x86_64-debian-gcc, r-devel-linux-x86_64-fedora-clang, r-devel-linux-x86_64-fedora-gcc, r-devel-osx-x86_64-clang, r-devel-windows-ix86+x86_64, r-patched-linux-x86_64, r-patched-solaris-sparc, r-patched-solaris-x86, r-release-linux-ix86, r-release-linux-x86_64, r-release-osx-x86_64-mavericks, r-release-windows-ix86+x86_64

Version: 0.1.1
Check: dependencies in R code
Result: NOTE
    Packages in Depends field not imported from:
     ‘foreach’ ‘ggplot2’ ‘isotone’ ‘plyr’
     These packages need to be imported from (in the NAMESPACE file)
     for when this namespace is loaded but not attached.
    See the information on DESCRIPTION files in the chapter ‘Creating R
    packages’ of the ‘Writing R Extensions’ manual.
Flavors: r-patched-solaris-sparc, r-release-linux-ix86, r-release-linux-x86_64, r-release-osx-x86_64-mavericks, r-release-windows-ix86+x86_64, r-oldrel-windows-ix86+x86_64