CRAN Package Check Results for Package gpmap

Last updated on 2014-04-25 09:52:15.

Flavor Version Tinstall Tcheck Ttotal Status Flags
r-devel-linux-x86_64-debian-clang 0.1.1 1.90 27.14 29.04 NOTE
r-devel-linux-x86_64-debian-gcc 0.1.1 1.86 26.60 28.47 NOTE
r-devel-linux-x86_64-fedora-clang 0.1.1 57.87 NOTE
r-devel-linux-x86_64-fedora-gcc 0.1.1 55.35 NOTE
r-devel-osx-x86_64-clang 0.1.1 56.08 NOTE
r-devel-osx-x86_64-gcc 0.1.1 ERROR
r-devel-windows-ix86+x86_64 0.1.1 6.00 39.00 45.00 NOTE
r-patched-linux-x86_64 0.1.1 1.74 27.16 28.91 NOTE
r-patched-solaris-sparc 0.1.1 337.40 NOTE
r-patched-solaris-x86 0.1.1 78.80 NOTE
r-release-linux-ix86 0.1.1 3.00 50.00 53.00 NOTE
r-release-linux-x86_64 0.1.1 1.82 26.57 28.39 NOTE
r-release-osx-x86_64-mavericks 0.1.1 NOTE
r-release-osx-x86_64-snowleopard 0.1.1 OK
r-release-windows-ix86+x86_64 0.1.1 6.00 40.00 46.00 NOTE
r-oldrel-windows-ix86+x86_64 0.1.1 8.00 47.00 55.00 NOTE

Check Details

Version: 0.1.1
Check: dependencies in R code
Result: NOTE
    Packages in Depends field not imported from:
     ‘foreach’ ‘ggplot2’ ‘isotone’ ‘plyr’
     These packages need to be imported from (in the NAMESPACE file)
     for when this namespace is loaded but not attached.
    See the information on DESCRIPTION files in the chapter ‘Creating R
    packages’ of the ‘Writing R Extensions’ manual.
Flavors: r-devel-linux-x86_64-debian-clang, r-devel-linux-x86_64-debian-gcc, r-devel-linux-x86_64-fedora-clang, r-devel-linux-x86_64-fedora-gcc, r-devel-osx-x86_64-clang, r-devel-windows-ix86+x86_64, r-patched-linux-x86_64, r-patched-solaris-sparc, r-patched-solaris-x86, r-release-linux-ix86, r-release-linux-x86_64, r-release-osx-x86_64-mavericks, r-release-windows-ix86+x86_64, r-oldrel-windows-ix86+x86_64

Version: 0.1.1
Check: package dependencies
Result: ERROR
    Package required but not available: ‘ggplot2’
    
    See the information on DESCRIPTION files in the chapter ‘Creating R
    packages’ of the ‘Writing R Extensions’ manual.
Flavor: r-devel-osx-x86_64-gcc