CRAN Package Check Results for Package gpmap

Last updated on 2014-07-24 22:48:37.

Flavor Version Tinstall Tcheck Ttotal Status Flags
r-devel-linux-x86_64-debian-clang 0.1.1 1.64 24.88 26.52 NOTE
r-devel-linux-x86_64-debian-gcc 0.1.1 1.68 24.82 26.50 NOTE
r-devel-linux-x86_64-fedora-clang 0.1.1 59.31 NOTE
r-devel-linux-x86_64-fedora-gcc 0.1.1 55.31 NOTE
r-devel-osx-x86_64-clang 0.1.1 51.62 NOTE
r-devel-windows-ix86+x86_64 0.1.1 8.00 40.00 48.00 NOTE
r-patched-linux-x86_64 0.1.1 1.64 25.15 26.80 NOTE
r-patched-solaris-sparc 0.1.1 337.40 NOTE
r-patched-solaris-x86 0.1.1 73.90 NOTE
r-release-linux-ix86 0.1.1 2.10 33.94 36.03 NOTE
r-release-linux-x86_64 0.1.1 2.12 25.86 27.98 NOTE
r-release-osx-x86_64-mavericks 0.1.1 NOTE
r-release-osx-x86_64-snowleopard 0.1.1 OK
r-release-windows-ix86+x86_64 0.1.1 8.00 46.00 54.00 NOTE
r-oldrel-windows-ix86+x86_64 0.1.1 8.00 46.00 54.00 NOTE

Check Details

Version: 0.1.1
Check: dependencies in R code
Result: NOTE
    Packages in Depends field not imported from:
     ‘foreach’ ‘ggplot2’ ‘isotone’ ‘plyr’
     These packages need to be imported from (in the NAMESPACE file)
     for when this namespace is loaded but not attached.
    See the information on DESCRIPTION files in the chapter ‘Creating R
    packages’ of the ‘Writing R Extensions’ manual.
Flavors: r-devel-linux-x86_64-debian-clang, r-devel-linux-x86_64-debian-gcc, r-devel-linux-x86_64-fedora-clang, r-devel-linux-x86_64-fedora-gcc, r-devel-osx-x86_64-clang, r-devel-windows-ix86+x86_64, r-patched-linux-x86_64, r-patched-solaris-sparc, r-patched-solaris-x86, r-release-linux-ix86, r-release-linux-x86_64, r-release-osx-x86_64-mavericks, r-release-windows-ix86+x86_64, r-oldrel-windows-ix86+x86_64