CRAN Package Check Results for Package gppm

Last updated on 2021-12-06 02:48:30 CET.

Flavor Version Tinstall Tcheck Ttotal Status Flags
r-devel-linux-x86_64-debian-clang 0.2.0 10.00 277.18 287.18 OK
r-devel-linux-x86_64-debian-gcc 0.2.0 7.64 208.03 215.67 OK
r-devel-linux-x86_64-fedora-clang 0.2.0 346.98 OK
r-devel-linux-x86_64-fedora-gcc 0.2.0 338.79 OK
r-devel-windows-x86_64-new-UL 0.2.0 22.00 213.00 235.00 ERROR
r-devel-windows-x86_64-new-TK 0.2.0 ERROR
r-devel-windows-x86_64-old 0.2.0 18.00 162.00 180.00 ERROR
r-patched-linux-x86_64 0.2.0 10.16 260.45 270.61 OK
r-release-linux-x86_64 0.2.0 7.49 266.77 274.26 OK
r-release-macos-arm64 0.2.0 ERROR
r-release-macos-x86_64 0.2.0 OK
r-release-windows-ix86+x86_64 0.2.0 26.00 213.00 239.00 ERROR
r-oldrel-macos-x86_64 0.2.0 OK
r-oldrel-windows-ix86+x86_64 0.2.0 27.00 211.00 238.00 ERROR

Check Details

Version: 0.2.0
Check: tests
Result: ERROR
     Running 'testthat.R' [81s]
    Running the tests in 'tests/testthat.R' failed.
    Complete output:
     > Sys.setenv("R_TESTS" = "")
     > library(testthat)
     > library(gppm)
     Loading required package: Rcpp
     >
     > test_check("gppm")
     make cmd is
     make -f "D:/RCompile/recent/R/etc/x64/Makeconf" -f "D:/RCompile/recent/R/share/make/winshlib.mk" CXX='$(CXX14) $(CXX14STD)' CXXFLAGS='$(CXX14FLAGS)' CXXPICFLAGS='$(CXX14PICFLAGS)' SHLIB_LDFLAGS='$(SHLIB_CXX14LDFLAGS)' SHLIB_LD='$(SHLIB_CXX14LD)' SHLIB="file13e285d327021.dll" WIN=64 TCLBIN= OBJECTS="file13e285d327021.o"
    
     make would use
     make[1]: Entering directory '/d/temp/Rtmp4EvtV4'
     if test "zfile13e285d327021.o" != "z"; then \
     if test -e "file13e285d327021-win.def"; then \
     echo g++ -shared -s -static-libgcc -o file13e285d327021.dll file13e285d327021-win.def file13e285d327021.o -L"d:/rtools42/x86_64-w64-mingw32.static.posix/lib/x64" -L"d:/rtools42/x86_64-w64-mingw32.static.posix/lib" -L"D:/RCompile/recent/R/bin/x64" -lR ; \
     g++ -shared -s -static-libgcc -o file13e285d327021.dll file13e285d327021-win.def file13e285d327021.o -L"d:/rtools42/x86_64-w64-mingw32.static.posix/lib/x64" -L"d:/rtools42/x86_64-w64-mingw32.static.posix/lib" -L"D:/RCompile/recent/R/bin/x64" -lR ; \
     else \
     echo EXPORTS > tmp.def; \
     nm file13e285d327021.o | sed -n 's/^.* [BCDRT] / /p' | sed -e '/[.]refptr[.]/d' -e '/[.]weak[.]/d' | sed 's/[^ ][^ ]*/"&"/g' >> tmp.def; \
     echo g++ -shared -s -static-libgcc -o file13e285d327021.dll tmp.def file13e285d327021.o -L"d:/rtools42/x86_64-w64-mingw32.static.posix/lib/x64" -L"d:/rtools42/x86_64-w64-mingw32.static.posix/lib" -L"D:/RCompile/recent/R/bin/x64" -lR ; \
     g++ -shared -s -static-libgcc -o file13e285d327021.dll tmp.def file13e285d327021.o -L"d:/rtools42/x86_64-w64-mingw32.static.posix/lib/x64" -L"d:/rtools42/x86_64-w64-mingw32.static.posix/lib" -L"D:/RCompile/recent/R/bin/x64" -lR ; \
     rm -f tmp.def; \
     fi \
     fi
     make[1]: Leaving directory '/d/temp/Rtmp4EvtV4'
     Error in compileCode(f, code, language = language, verbose = verbose) :
     D:\rtools42\x86_64-w64-mingw32.static.posix\bin/ld.exe: file13e285d327021.o:file13e285d327021.cpp:(.text.startup+0x851e): undefined reference to `tbb::internal::task_scheduler_observer_v3::observe(bool)'D:\rtools42\x86_64-w64-mingw32.static.posix\bin/ld.exe: file13e285d327021.o:file13e285d327021.cpp:(.text.startup+0x8d4a): undefined reference to `tbb::internal::task_scheduler_observer_v3::observe(bool)'D:\rtools42\x86_64-w64-mingw32.static.posix\bin/ld.exe: file13e285d327021.o:file13e285d327021.cpp:(.text.startup+0x8d70): undefined reference to `tbb::internal::task_scheduler_observer_v3::observe(bool)'D:\rtools42\x86_64-w64-mingw32.static.posix\bin/ld.exe: file13e285d327021.o:file13e285d327021.cpp:(.text$_ZN3tbb8internal26task_scheduler_observer_v3D0Ev[_ZN3tbb8internal26task_scheduler_observer_v3D0Ev]+0x1d): undefined reference to `tbb::internal::task_scheduler_observer_v3::observe(bool)'D:\rtools42\x86_64-w64-mingw32.static.posix\bin/ld.exe: file13e285d327021.o:file13e285d327
     Calls: test_check ... <Anonymous> -> <Anonymous> -> force -> cxxfunction -> compileCode
     Error in sink(type = "output") : invalid connection
     Calls: test_check ... withVisible -> <Anonymous> -> cxxfunctionplus -> sink
     Execution halted
Flavor: r-devel-windows-x86_64-new-UL

Version: 0.2.0
Check: tests
Result: ERROR
     Running 'testthat.R'
    Running the tests in 'tests/testthat.R' failed.
    Complete output:
     > Sys.setenv("R_TESTS" = "")
     > library(testthat)
     > library(gppm)
     Loading required package: Rcpp
     >
     > test_check("gppm")
     make cmd is
     make -f "C:/r_packages/rinst/etc/x64/Makeconf" -f "C:/r_packages/rinst/share/make/winshlib.mk" CXX='$(CXX14) $(CXX14STD)' CXXFLAGS='$(CXX14FLAGS)' CXXPICFLAGS='$(CXX14PICFLAGS)' SHLIB_LDFLAGS='$(SHLIB_CXX14LDFLAGS)' SHLIB_LD='$(SHLIB_CXX14LD)' SHLIB="file7b5c49d83565.dll" WIN=64 TCLBIN= OBJECTS="file7b5c49d83565.o"
    
     make would use
     if test "zfile7b5c49d83565.o" != "z"; then \
     if test -e "file7b5c49d83565-win.def"; then \
     echo g++ -shared -s -static-libgcc -o file7b5c49d83565.dll file7b5c49d83565-win.def file7b5c49d83565.o -L"C:/r_packages/x86_64-w64-mingw32.static.posix/lib/x64" -L"C:/r_packages/x86_64-w64-mingw32.static.posix/lib" -L"C:/r_packages/rinst/bin/x64" -lR ; \
     g++ -shared -s -static-libgcc -o file7b5c49d83565.dll file7b5c49d83565-win.def file7b5c49d83565.o -L"C:/r_packages/x86_64-w64-mingw32.static.posix/lib/x64" -L"C:/r_packages/x86_64-w64-mingw32.static.posix/lib" -L"C:/r_packages/rinst/bin/x64" -lR ; \
     else \
     echo EXPORTS > tmp.def; \
     nm file7b5c49d83565.o | sed -n 's/^.* [BCDRT] / /p' | sed -e '/[.]refptr[.]/d' -e '/[.]weak[.]/d' | sed 's/[^ ][^ ]*/"&"/g' >> tmp.def; \
     echo g++ -shared -s -static-libgcc -o file7b5c49d83565.dll tmp.def file7b5c49d83565.o -L"C:/r_packages/x86_64-w64-mingw32.static.posix/lib/x64" -L"C:/r_packages/x86_64-w64-mingw32.static.posix/lib" -L"C:/r_packages/rinst/bin/x64" -lR ; \
     g++ -shared -s -static-libgcc -o file7b5c49d83565.dll tmp.def file7b5c49d83565.o -L"C:/r_packages/x86_64-w64-mingw32.static.posix/lib/x64" -L"C:/r_packages/x86_64-w64-mingw32.static.posix/lib" -L"C:/r_packages/rinst/bin/x64" -lR ; \
     rm -f tmp.def; \
     fi \
     fi
     Error in compileCode(f, code, language = language, verbose = verbose) :
     C:\r_packages\x86_64-w64-mingw32.static.posix\bin/ld.exe: file7b5c49d83565.o:file7b5c49d83565.cpp:(.text.startup+0x851e): undefined reference to `tbb::internal::task_scheduler_observer_v3::observe(bool)'C:\r_packages\x86_64-w64-mingw32.static.posix\bin/ld.exe: file7b5c49d83565.o:file7b5c49d83565.cpp:(.text.startup+0x8d4a): undefined reference to `tbb::internal::task_scheduler_observer_v3::observe(bool)'C:\r_packages\x86_64-w64-mingw32.static.posix\bin/ld.exe: file7b5c49d83565.o:file7b5c49d83565.cpp:(.text.startup+0x8d70): undefined reference to `tbb::internal::task_scheduler_observer_v3::observe(bool)'C:\r_packages\x86_64-w64-mingw32.static.posix\bin/ld.exe: file7b5c49d83565.o:file7b5c49d83565.cpp:(.text$_ZN3tbb8internal26task_scheduler_observer_v3D0Ev[_ZN3tbb8internal26task_scheduler_observer_v3D0Ev]+0x1d): undefined reference to `tbb::internal::task_scheduler_observer_v3::observe(bool)'C:\r_packages\x86_64-w64-mingw32.static.posix\bin/ld.exe: file7b5c49d83565.o:file7b5c49d83
     Calls: test_check ... <Anonymous> -> <Anonymous> -> force -> cxxfunction -> compileCode
     Error in sink(type = "output") : invalid connection
     Calls: test_check ... withVisible -> <Anonymous> -> cxxfunctionplus -> sink
     Execution halted
Flavor: r-devel-windows-x86_64-new-TK

Version: 0.2.0
Check: tests
Result: ERROR
     Running 'testthat.R' [70s]
    Running the tests in 'tests/testthat.R' failed.
    Complete output:
     > Sys.setenv("R_TESTS" = "")
     > library(testthat)
     > library(gppm)
     Loading required package: Rcpp
     >
     > test_check("gppm")
     make cmd is
     make -f "D:/RCompile/recent/R/etc/x64/Makeconf" -f "D:/RCompile/recent/R/etc/x64/Makevars.site" -f "D:/RCompile/recent/R/share/make/winshlib.mk" CXX='$(CXX14) $(CXX14STD)' CXXFLAGS='$(CXX14FLAGS)' CXXPICFLAGS='$(CXX14PICFLAGS)' SHLIB_LDFLAGS='$(SHLIB_CXX14LDFLAGS)' SHLIB_LD='$(SHLIB_CXX14LD)' SHLIB="file1b12c687211b3.dll" WIN=64 TCLBIN=64 OBJECTS="file1b12c687211b3.o"
    
     make would use
     make[1]: Entering directory '/d/temp/RtmpIrLFB1'
     if test "zfile1b12c687211b3.o" != "z"; then \
     if test -e "file1b12c687211b3-win.def"; then \
     echo d:/Compiler/rtools40/mingw64/bin/g++ -shared -s -static-libgcc -o file1b12c687211b3.dll file1b12c687211b3-win.def file1b12c687211b3.o -L"d:/Compiler/gcc-4.9.3/local330/lib/x64" -L"d:/Compiler/gcc-4.9.3/local330/lib" -L"D:/RCompile/recent/R/bin/x64" -lR ; \
     d:/Compiler/rtools40/mingw64/bin/g++ -shared -s -static-libgcc -o file1b12c687211b3.dll file1b12c687211b3-win.def file1b12c687211b3.o -L"d:/Compiler/gcc-4.9.3/local330/lib/x64" -L"d:/Compiler/gcc-4.9.3/local330/lib" -L"D:/RCompile/recent/R/bin/x64" -lR ; \
     else \
     echo EXPORTS > tmp.def; \
     d:/Compiler/rtools40/mingw64/bin/nm file1b12c687211b3.o | sed -n 's/^.* [BCDRT] / /p' | sed -e '/[.]refptr[.]/d' -e '/[.]weak[.]/d' | sed 's/[^ ][^ ]*/"&"/g' >> tmp.def; \
     echo d:/Compiler/rtools40/mingw64/bin/g++ -shared -s -static-libgcc -o file1b12c687211b3.dll tmp.def file1b12c687211b3.o -L"d:/Compiler/gcc-4.9.3/local330/lib/x64" -L"d:/Compiler/gcc-4.9.3/local330/lib" -L"D:/RCompile/recent/R/bin/x64" -lR ; \
     d:/Compiler/rtools40/mingw64/bin/g++ -shared -s -static-libgcc -o file1b12c687211b3.dll tmp.def file1b12c687211b3.o -L"d:/Compiler/gcc-4.9.3/local330/lib/x64" -L"d:/Compiler/gcc-4.9.3/local330/lib" -L"D:/RCompile/recent/R/bin/x64" -lR ; \
     rm -f tmp.def; \
     fi \
     fi
     make[1]: Leaving directory '/d/temp/RtmpIrLFB1'
     Error in compileCode(f, code, language = language, verbose = verbose) :
     D:/Compiler/rtools40/mingw64/bin/../lib/gcc/x86_64-w64-mingw32/8.3.0/../../../../x86_64-w64-mingw32/bin/ld.exe: file1b12c687211b3.o:file1b12c687211b3.cpp:(.text$_ZN3tbb8internal26task_scheduler_observer_v3D1Ev[_ZN3tbb8internal26task_scheduler_observer_v3D1Ev]+0x14): undefined reference to `tbb::internal::task_scheduler_observer_v3::observe(bool)'D:/Compiler/rtools40/mingw64/bin/../lib/gcc/x86_64-w64-mingw32/8.3.0/../../../../x86_64-w64-mingw32/bin/ld.exe: file1b12c687211b3.o:file1b12c687211b3.cpp:(.text$_ZN3tbb8internal26task_scheduler_observer_v3D0Ev[_ZN3tbb8internal26task_scheduler_observer_v3D0Ev]+0x1c): undefined reference to `tbb::internal::task_scheduler_observer_v3::observe(bool)'D:/Compiler/rtools40/mingw64/bin/../lib/gcc/x86_64-w64-mingw32/8.3.0/../../../../x86_64-w64-mingw32/bin/ld.exe: file1b12c687211b3.o:file1b12c687211b3.cpp:(.text$_ZN3tbb10interface623task_scheduler_observerD0Ev[_ZN3tbb10interface623task_scheduler_observerD0Ev]+0x1c): undefined reference to `tbb:
     Calls: test_check ... <Anonymous> -> <Anonymous> -> force -> cxxfunction -> compileCode
     Error in sink(type = "output") : invalid connection
     Calls: test_check ... withVisible -> <Anonymous> -> cxxfunctionplus -> sink
     Execution halted
Flavor: r-devel-windows-x86_64-old

Version: 0.2.0
Check: tests
Result: ERROR
     Running ‘testthat.R’ [23s/48s]
    Running the tests in ‘tests/testthat.R’ failed.
    Complete output:
     > Sys.setenv("R_TESTS" = "")
     > library(testthat)
     > library(gppm)
     Loading required package: Rcpp
     >
     > test_check("gppm")
Flavor: r-release-macos-arm64

Version: 0.2.0
Check: tests
Result: ERROR
     Running 'testthat.R' [90s]
    Running the tests in 'tests/testthat.R' failed.
    Complete output:
     > Sys.setenv("R_TESTS" = "")
     > library(testthat)
     > library(gppm)
     Loading required package: Rcpp
     >
     > test_check("gppm")
     make cmd is
     make -f "D:/RCompile/recent/R-41~1.2/etc/x64/Makeconf" -f "D:/RCompile/recent/R-41~1.2/etc/x64/Makevars.site" -f "D:/RCompile/recent/R-41~1.2/share/make/winshlib.mk" CXX='$(CXX14) $(CXX14STD)' CXXFLAGS='$(CXX14FLAGS)' CXXPICFLAGS='$(CXX14PICFLAGS)' SHLIB_LDFLAGS='$(SHLIB_CXX14LDFLAGS)' SHLIB_LD='$(SHLIB_CXX14LD)' SHLIB="filefe0041ce666.dll" WIN=64 TCLBIN=64 OBJECTS="filefe0041ce666.o"
    
     make would use
     make[1]: Entering directory '/d/temp/RtmpKCja1n'
     if test "zfilefe0041ce666.o" != "z"; then \
     if test -e "filefe0041ce666-win.def"; then \
     echo d:/Compiler/rtools40/mingw64/bin/g++ -shared -s -static-libgcc -o filefe0041ce666.dll filefe0041ce666-win.def filefe0041ce666.o -L"d:/Compiler/gcc-4.9.3/local330/lib/x64" -L"d:/Compiler/gcc-4.9.3/local330/lib" -L"D:/RCompile/recent/R-41~1.2/bin/x64" -lR ; \
     d:/Compiler/rtools40/mingw64/bin/g++ -shared -s -static-libgcc -o filefe0041ce666.dll filefe0041ce666-win.def filefe0041ce666.o -L"d:/Compiler/gcc-4.9.3/local330/lib/x64" -L"d:/Compiler/gcc-4.9.3/local330/lib" -L"D:/RCompile/recent/R-41~1.2/bin/x64" -lR ; \
     else \
     echo EXPORTS > tmp.def; \
     d:/Compiler/rtools40/mingw64/bin/nm filefe0041ce666.o | sed -n 's/^.* [BCDRT] / /p' | sed -e '/[.]refptr[.]/d' -e '/[.]weak[.]/d' | sed 's/[^ ][^ ]*/"&"/g' >> tmp.def; \
     echo d:/Compiler/rtools40/mingw64/bin/g++ -shared -s -static-libgcc -o filefe0041ce666.dll tmp.def filefe0041ce666.o -L"d:/Compiler/gcc-4.9.3/local330/lib/x64" -L"d:/Compiler/gcc-4.9.3/local330/lib" -L"D:/RCompile/recent/R-41~1.2/bin/x64" -lR ; \
     d:/Compiler/rtools40/mingw64/bin/g++ -shared -s -static-libgcc -o filefe0041ce666.dll tmp.def filefe0041ce666.o -L"d:/Compiler/gcc-4.9.3/local330/lib/x64" -L"d:/Compiler/gcc-4.9.3/local330/lib" -L"D:/RCompile/recent/R-41~1.2/bin/x64" -lR ; \
     rm -f tmp.def; \
     fi \
     fi
     make[1]: Leaving directory '/d/temp/RtmpKCja1n'
     Error in compileCode(f, code, language = language, verbose = verbose) :
     D:/Compiler/rtools40/mingw64/bin/../lib/gcc/x86_64-w64-mingw32/8.3.0/../../../../x86_64-w64-mingw32/bin/ld.exe: filefe0041ce666.o:filefe0041ce666.cpp:(.text$_ZN3tbb8internal26task_scheduler_observer_v3D1Ev[_ZN3tbb8internal26task_scheduler_observer_v3D1Ev]+0x14): undefined reference to `tbb::internal::task_scheduler_observer_v3::observe(bool)'D:/Compiler/rtools40/mingw64/bin/../lib/gcc/x86_64-w64-mingw32/8.3.0/../../../../x86_64-w64-mingw32/bin/ld.exe: filefe0041ce666.o:filefe0041ce666.cpp:(.text$_ZN3tbb8internal26task_scheduler_observer_v3D0Ev[_ZN3tbb8internal26task_scheduler_observer_v3D0Ev]+0x1c): undefined reference to `tbb::internal::task_scheduler_observer_v3::observe(bool)'D:/Compiler/rtools40/mingw64/bin/../lib/gcc/x86_64-w64-mingw32/8.3.0/../../../../x86_64-w64-mingw32/bin/ld.exe: filefe0041ce666.o:filefe0041ce666.cpp:(.text$_ZN3tbb10interface623task_scheduler_observerD0Ev[_ZN3tbb10interface623task_scheduler_observerD0Ev]+0x1c): undefined reference to `tbb::internal::t
     Calls: test_check ... <Anonymous> -> <Anonymous> -> force -> cxxfunction -> compileCode
     Error in sink(type = "output") : invalid connection
     Calls: test_check ... withVisible -> <Anonymous> -> cxxfunctionplus -> sink
     Execution halted
Flavor: r-release-windows-ix86+x86_64

Version: 0.2.0
Check: tests
Result: ERROR
     Running 'testthat.R' [89s]
    Running the tests in 'tests/testthat.R' failed.
    Complete output:
     > Sys.setenv("R_TESTS" = "")
     > library(testthat)
     > library(gppm)
     Loading required package: Rcpp
     >
     > test_check("gppm")
     make cmd is
     make -f "D:/RCompile/recent/R-40~1.5/etc/x64/Makeconf" -f "D:/RCompile/recent/R-40~1.5/etc/x64/Makevars.site" -f "D:/RCompile/recent/R-40~1.5/share/make/winshlib.mk" CXX='$(CXX14) $(CXX14STD)' CXXFLAGS='$(CXX14FLAGS)' CXXPICFLAGS='$(CXX14PICFLAGS)' SHLIB_LDFLAGS='$(SHLIB_CXX14LDFLAGS)' SHLIB_LD='$(SHLIB_CXX14LD)' SHLIB="filece904bc153f2.dll" WIN=64 TCLBIN=64 OBJECTS="filece904bc153f2.o"
    
     make would use
     make[1]: Entering directory '/d/temp/RtmpA3zcNv'
     if test "zfilece904bc153f2.o" != "z"; then \
     if test -e "filece904bc153f2-win.def"; then \
     echo d:/Compiler/rtools40/mingw64/bin/g++ -shared -s -static-libgcc -o filece904bc153f2.dll filece904bc153f2-win.def filece904bc153f2.o -L"d:/Compiler/gcc-4.9.3/local330/lib/x64" -L"d:/Compiler/gcc-4.9.3/local330/lib" -L"D:/RCompile/recent/R-40~1.5/bin/x64" -lR ; \
     d:/Compiler/rtools40/mingw64/bin/g++ -shared -s -static-libgcc -o filece904bc153f2.dll filece904bc153f2-win.def filece904bc153f2.o -L"d:/Compiler/gcc-4.9.3/local330/lib/x64" -L"d:/Compiler/gcc-4.9.3/local330/lib" -L"D:/RCompile/recent/R-40~1.5/bin/x64" -lR ; \
     else \
     echo EXPORTS > tmp.def; \
     d:/Compiler/rtools40/mingw64/bin/nm filece904bc153f2.o | sed -n 's/^.* [BCDRT] / /p' | sed -e '/[.]refptr[.]/d' -e '/[.]weak[.]/d' | sed 's/[^ ][^ ]*/"&"/g' >> tmp.def; \
     echo d:/Compiler/rtools40/mingw64/bin/g++ -shared -s -static-libgcc -o filece904bc153f2.dll tmp.def filece904bc153f2.o -L"d:/Compiler/gcc-4.9.3/local330/lib/x64" -L"d:/Compiler/gcc-4.9.3/local330/lib" -L"D:/RCompile/recent/R-40~1.5/bin/x64" -lR ; \
     d:/Compiler/rtools40/mingw64/bin/g++ -shared -s -static-libgcc -o filece904bc153f2.dll tmp.def filece904bc153f2.o -L"d:/Compiler/gcc-4.9.3/local330/lib/x64" -L"d:/Compiler/gcc-4.9.3/local330/lib" -L"D:/RCompile/recent/R-40~1.5/bin/x64" -lR ; \
     rm -f tmp.def; \
     fi \
     fi
     make[1]: Leaving directory '/d/temp/RtmpA3zcNv'
     Error in compileCode(f, code, language = language, verbose = verbose) :
     D:/Compiler/rtools40/mingw64/bin/../lib/gcc/x86_64-w64-mingw32/8.3.0/../../../../x86_64-w64-mingw32/bin/ld.exe: filece904bc153f2.o:filece904bc153f2.cpp:(.text$_ZN3tbb8internal26task_scheduler_observer_v3D1Ev[_ZN3tbb8internal26task_scheduler_observer_v3D1Ev]+0x14): undefined reference to `tbb::internal::task_scheduler_observer_v3::observe(bool)'D:/Compiler/rtools40/mingw64/bin/../lib/gcc/x86_64-w64-mingw32/8.3.0/../../../../x86_64-w64-mingw32/bin/ld.exe: filece904bc153f2.o:filece904bc153f2.cpp:(.text$_ZN3tbb8internal26task_scheduler_observer_v3D0Ev[_ZN3tbb8internal26task_scheduler_observer_v3D0Ev]+0x1c): undefined reference to `tbb::internal::task_scheduler_observer_v3::observe(bool)'D:/Compiler/rtools40/mingw64/bin/../lib/gcc/x86_64-w64-mingw32/8.3.0/../../../../x86_64-w64-mingw32/bin/ld.exe: filece904bc153f2.o:filece904bc153f2.cpp:(.text$_ZN3tbb10interface623task_scheduler_observerD0Ev[_ZN3tbb10interface623task_scheduler_observerD0Ev]+0x1c): undefined reference to `tbb::inte
     Calls: test_check ... <Anonymous> -> <Anonymous> -> force -> cxxfunction -> compileCode
     Error in sink(type = "output") : invalid connection
     Calls: test_check ... eval -> eval -> <Anonymous> -> cxxfunctionplus -> sink
     Execution halted
Flavor: r-oldrel-windows-ix86+x86_64