Last updated on 2023-03-22 17:50:13 CET.
Flavor | Version | Tinstall | Tcheck | Ttotal | Status | Flags |
---|---|---|---|---|---|---|
r-devel-linux-x86_64-debian-clang | 0.2.1 | 8.78 | 80.50 | 89.28 | OK | |
r-devel-linux-x86_64-debian-gcc | 0.2.1 | 6.89 | 60.87 | 67.76 | OK | |
r-devel-linux-x86_64-fedora-clang | 0.2.1 | 110.92 | NOTE | |||
r-devel-linux-x86_64-fedora-gcc | 0.2.1 | 115.55 | OK | |||
r-patched-linux-x86_64 | 0.2.1 | 7.34 | 78.51 | 85.85 | OK | |
r-release-linux-x86_64 | 0.2.1 | 6.04 | 79.59 | 85.63 | OK | |
r-release-macos-arm64 | 0.2.1 | 78.00 | NOTE | |||
r-release-macos-x86_64 | 0.2.1 | 103.00 | NOTE | |||
r-release-windows-x86_64 | 0.2.1 | 23.00 | 142.00 | 165.00 | NOTE | |
r-oldrel-macos-arm64 | 0.2.1 | 174.00 | NOTE | |||
r-oldrel-macos-x86_64 | 0.2.1 | 92.00 | NOTE | |||
r-oldrel-windows-ix86+x86_64 | 0.2.1 | 19.00 | 138.00 | 157.00 | NOTE |
Version: 0.2.1
Check: installed package size
Result: NOTE
installed size is 5.5Mb
sub-directories of 1Mb or more:
doc 5.3Mb
Flavors: r-devel-linux-x86_64-fedora-clang, r-release-macos-arm64, r-release-macos-x86_64, r-release-windows-x86_64, r-oldrel-macos-arm64, r-oldrel-macos-x86_64, r-oldrel-windows-ix86+x86_64