CRAN Package Check Results for Package gptk

Last updated on 2015-03-05 12:48:00.

Flavor Version Tinstall Tcheck Ttotal Status Flags
r-devel-linux-x86_64-debian-clang 1.08 4.04 53.80 57.85 NOTE
r-devel-linux-x86_64-debian-gcc 1.08 3.86 52.69 56.55 NOTE
r-devel-linux-x86_64-fedora-clang 1.08 117.68 NOTE
r-devel-linux-x86_64-fedora-gcc 1.08 112.19 NOTE
r-devel-osx-x86_64-clang 1.08 103.93 NOTE
r-devel-windows-ix86+x86_64 1.08 11.00 71.00 82.00 NOTE
r-patched-linux-x86_64 1.08 5.66 69.00 74.66 NOTE
r-patched-solaris-sparc 1.08 906.00 NOTE
r-patched-solaris-x86 1.08 202.20 NOTE
r-release-linux-ix86 1.08 6.30 77.50 83.80 NOTE
r-release-linux-x86_64 1.08 5.50 67.36 72.86 NOTE
r-release-osx-x86_64-mavericks 1.08 NOTE
r-release-osx-x86_64-snowleopard 1.08 OK
r-release-windows-ix86+x86_64 1.08 14.00 96.00 110.00 NOTE
r-oldrel-windows-ix86+x86_64 1.08 15.00 88.00 103.00 OK

Check Details

Version: 1.08
Check: R code for possible problems
Result: NOTE
    gpCovGrads: no visible global function definition for ‘diag.spam’
    gpUpdateAD: no visible global function definition for ‘diag.spam’
    gpUpdateKernels: no visible global function definition for ‘diag.spam’
Flavors: r-devel-linux-x86_64-debian-clang, r-devel-linux-x86_64-debian-gcc, r-devel-linux-x86_64-fedora-clang, r-devel-linux-x86_64-fedora-gcc, r-devel-osx-x86_64-clang, r-devel-windows-ix86+x86_64, r-patched-linux-x86_64, r-patched-solaris-sparc, r-patched-solaris-x86, r-release-linux-ix86, r-release-linux-x86_64, r-release-osx-x86_64-mavericks, r-release-windows-ix86+x86_64