CRAN Package Check Results for Package gptk

Last updated on 2014-04-23 17:47:45.

Flavor Version Tinstall Tcheck Ttotal Status Flags
r-devel-linux-x86_64-debian-clang 1.08 5.44 65.41 70.85 OK
r-devel-linux-x86_64-debian-gcc 1.08 5.35 65.86 71.21 OK
r-devel-linux-x86_64-fedora-clang 1.08 159.28 OK
r-devel-linux-x86_64-fedora-gcc 1.08 154.80 OK
r-devel-osx-x86_64-clang 1.08 113.07 OK
r-devel-osx-x86_64-gcc 1.08 ERROR
r-devel-windows-ix86+x86_64 1.08 13.00 82.00 95.00 OK
r-patched-linux-x86_64 1.08 5.47 65.16 70.62 OK
r-patched-solaris-sparc 1.08 844.30 OK
r-patched-solaris-x86 1.08 194.50 OK
r-release-linux-ix86 1.08 8.00 99.00 107.00 OK
r-release-linux-x86_64 1.08 5.53 67.04 72.57 OK
r-release-osx-x86_64-mavericks 1.08 WARN
r-release-osx-x86_64-snowleopard 1.08 OK
r-release-windows-ix86+x86_64 1.08 14.00 85.00 99.00 OK
r-oldrel-windows-ix86+x86_64 1.08 12.00 78.00 90.00 OK

Check Details

Version: 1.08
Check: package dependencies
Result: ERROR
    Package required but not available: ‘fields’
    
    Package suggested but not available for checking: ‘spam’
    
    See the information on DESCRIPTION files in the chapter ‘Creating R
    packages’ of the ‘Writing R Extensions’ manual.
Flavor: r-devel-osx-x86_64-gcc

Version: 1.08
Check: PDF version of manual
Result: WARNING
    LaTeX errors when creating PDF version.
    This typically indicates Rd problems.
    LaTeX errors found:
    ! LaTeX Error: File `upquote.sty' not found.
    
    Type X to quit or <RETURN> to proceed,
    or enter new name. (Default extension: sty)
    
    6f6c411/Rd2.tex:8: ==> Fatal error occurred, no output PDF file produced!
Flavor: r-release-osx-x86_64-mavericks