CRAN Package Check Results for Package gptk

Last updated on 2020-12-05 22:52:46 CET.

Flavor Version Tinstall Tcheck Ttotal Status Flags
r-devel-linux-x86_64-debian-clang 1.08 16.55 104.16 120.71 NOTE
r-devel-linux-x86_64-debian-gcc 1.08 13.58 80.61 94.19 NOTE
r-devel-linux-x86_64-fedora-clang 1.08 147.42 NOTE
r-devel-linux-x86_64-fedora-gcc 1.08 141.68 NOTE
r-devel-windows-ix86+x86_64 1.08 29.00 133.00 162.00 NOTE
r-patched-linux-x86_64 1.08 15.13 97.80 112.93 NOTE
r-patched-solaris-x86 1.08 179.40 NOTE
r-release-linux-x86_64 1.08 14.35 95.82 110.17 NOTE
r-release-macos-x86_64 1.08 NOTE
r-release-windows-ix86+x86_64 1.08 29.00 133.00 162.00 NOTE
r-oldrel-macos-x86_64 1.08 NOTE
r-oldrel-windows-ix86+x86_64 1.08 27.00 120.00 147.00 NOTE

Check Details

Version: 1.08
Check: DESCRIPTION meta-information
Result: NOTE
    BugReports field is not a suitable URL but appears to contain an email address
     not specified by mailto: nor contained in < >
     use the Contact field instead
Flavors: r-devel-linux-x86_64-debian-clang, r-devel-linux-x86_64-debian-gcc, r-devel-linux-x86_64-fedora-clang, r-devel-linux-x86_64-fedora-gcc, r-devel-windows-ix86+x86_64, r-patched-linux-x86_64, r-patched-solaris-x86, r-release-linux-x86_64, r-release-macos-x86_64, r-release-windows-ix86+x86_64, r-oldrel-windows-ix86+x86_64

Version: 1.08
Check: R code for possible problems
Result: NOTE
    .distfit: no visible binding for global variable 'qgamma'
    .distfit: no visible binding for global variable 'qnorm'
    .distfit: no visible global function definition for 'optim'
    CGoptim: no visible global function definition for 'optimize'
    basePlot: no visible global function definition for 'lines'
    demAutoOptimiseGp: no visible global function definition for
     'graphics.off'
    demAutoOptimiseGp: no visible global function definition for 'dev.new'
    demAutoOptimiseGp: no visible global function definition for 'plot.new'
    demAutoOptimiseGp: no visible global function definition for 'title'
    demAutoOptimiseGp: no visible global function definition for
     'dev.copy2eps'
    demGpCov2D: no visible global function definition for 'graphics.off'
    demGpCov2D: no visible global function definition for 'dev.new'
    demGpCov2D: no visible global function definition for 'lines'
    demGpCov2D: no visible global function definition for 'dev.set'
    demGpCov2D: no visible global function definition for 'dev.copy2eps'
    demGpSample: no visible global function definition for 'graphics.off'
    demGpSample: no visible global function definition for 'par'
    demGpSample: no visible global function definition for 'heat.colors'
    demGpSample: no visible global function definition for 'gray.colors'
    demGpSample: no visible global function definition for 'dev.copy2eps'
    demGpSample: no visible global function definition for 'dev.new'
    demInterpolation: no visible global function definition for
     'graphics.off'
    demInterpolation: no visible global function definition for 'dev.new'
    demInterpolation: no visible global function definition for 'plot.new'
    demInterpolation: no visible global function definition for
     'dev.copy2eps'
    demInterpolation: no visible global function definition for 'points'
    demOptimiseGp: no visible global function definition for 'graphics.off'
    demOptimiseGp: no visible global function definition for 'dev.new'
    demOptimiseGp: no visible global function definition for 'plot.new'
    demOptimiseGp: no visible global function definition for 'dev.copy2eps'
    demOptimiseGp: no visible global function definition for 'matplot'
    demOptimiseGp: no visible global function definition for 'legend'
    demRegression: no visible global function definition for 'graphics.off'
    demRegression: no visible global function definition for 'dev.new'
    demRegression: no visible global function definition for 'plot.new'
    demRegression: no visible global function definition for 'dev.copy2eps'
    demRegression: no visible global function definition for 'points'
    gaussSamp: no visible global function definition for 'rnorm'
    gpCovGrads: no visible global function definition for 'diag.spam'
    gpCreate: no visible global function definition for 'sd'
    gpPlot: no visible global function definition for 'rgb'
    gpPlot: no visible global function definition for 'polygon'
    gpPlot: no visible global function definition for 'points'
    gpPlot: no visible global function definition for 'lines'
    gpPlot: no visible global function definition for 'rnorm'
    gpPosteriorSample: no visible global function definition for 'runif'
    gpPosteriorSample: no visible global function definition for
     'graphics.off'
    gpPosteriorSample: no visible global function definition for 'dev.new'
    gpPosteriorSample: no visible global function definition for 'plot.new'
    gpPosteriorSample: no visible global function definition for 'matplot'
    gpPosteriorSample: no visible global function definition for 'points'
    gpPosteriorSample: no visible global function definition for
     'dev.copy2eps'
    gpSample: no visible global function definition for 'graphics.off'
    gpSample: no visible global function definition for 'dev.new'
    gpSample: no visible global function definition for 'plot.new'
    gpSample: no visible global function definition for 'matplot'
    gpSample: no visible global function definition for 'dev.copy2eps'
    gpTest: no visible global function definition for 'rnorm'
    gpUpdateAD: no visible global function definition for 'diag.spam'
    gpUpdateKernels: no visible global function definition for 'diag.spam'
    kernTest: no visible global function definition for 'rnorm'
    zeroAxes: no visible global function definition for 'abline'
    Undefined global functions or variables:
     abline dev.copy2eps dev.new dev.set diag.spam graphics.off
     gray.colors heat.colors legend lines matplot optim optimize par
     plot.new points polygon qgamma qnorm rgb rnorm runif sd title
    Consider adding
     importFrom("grDevices", "dev.copy2eps", "dev.new", "dev.set",
     "graphics.off", "gray.colors", "heat.colors", "rgb")
     importFrom("graphics", "abline", "legend", "lines", "matplot", "par",
     "plot.new", "points", "polygon", "title")
     importFrom("stats", "optim", "optimize", "qgamma", "qnorm", "rnorm",
     "runif", "sd")
    to your NAMESPACE file.
Flavors: r-devel-linux-x86_64-debian-clang, r-devel-linux-x86_64-debian-gcc, r-devel-linux-x86_64-fedora-clang, r-devel-linux-x86_64-fedora-gcc, r-devel-windows-ix86+x86_64, r-patched-linux-x86_64, r-patched-solaris-x86, r-release-linux-x86_64, r-release-macos-x86_64, r-release-windows-ix86+x86_64

Version: 1.08
Check: DESCRIPTION meta-information
Result: NOTE
    BugReports field is not a suitable URL but appears to contain an email address
     not specified by mailto: nor contained in < >
Flavor: r-oldrel-macos-x86_64

Version: 1.08
Check: R code for possible problems
Result: NOTE
    .distfit: no visible binding for global variable ‘qgamma’
    .distfit: no visible binding for global variable ‘qnorm’
    .distfit: no visible global function definition for ‘optim’
    CGoptim: no visible global function definition for ‘optimize’
    basePlot: no visible global function definition for ‘plot’
    basePlot: no visible global function definition for ‘lines’
    demAutoOptimiseGp: no visible global function definition for
     ‘graphics.off’
    demAutoOptimiseGp: no visible global function definition for ‘dev.new’
    demAutoOptimiseGp: no visible global function definition for ‘plot.new’
    demAutoOptimiseGp: no visible global function definition for ‘title’
    demAutoOptimiseGp: no visible global function definition for
     ‘dev.copy2eps’
    demGpCov2D: no visible global function definition for ‘graphics.off’
    demGpCov2D: no visible global function definition for ‘dev.new’
    demGpCov2D: no visible global function definition for ‘lines’
    demGpCov2D: no visible global function definition for ‘dev.set’
    demGpCov2D: no visible global function definition for ‘dev.copy2eps’
    demGpSample: no visible global function definition for ‘graphics.off’
    demGpSample: no visible global function definition for ‘par’
    demGpSample: no visible global function definition for ‘heat.colors’
    demGpSample: no visible global function definition for ‘gray.colors’
    demGpSample: no visible global function definition for ‘dev.copy2eps’
    demGpSample: no visible global function definition for ‘dev.new’
    demGpSample: no visible global function definition for ‘plot’
    demInterpolation: no visible global function definition for
     ‘graphics.off’
    demInterpolation: no visible global function definition for ‘dev.new’
    demInterpolation: no visible global function definition for ‘plot.new’
    demInterpolation: no visible global function definition for
     ‘dev.copy2eps’
    demInterpolation: no visible global function definition for ‘points’
    demOptimiseGp: no visible global function definition for ‘graphics.off’
    demOptimiseGp: no visible global function definition for ‘dev.new’
    demOptimiseGp: no visible global function definition for ‘plot.new’
    demOptimiseGp: no visible global function definition for ‘dev.copy2eps’
    demOptimiseGp: no visible global function definition for ‘matplot’
    demOptimiseGp: no visible global function definition for ‘legend’
    demRegression: no visible global function definition for ‘graphics.off’
    demRegression: no visible global function definition for ‘dev.new’
    demRegression: no visible global function definition for ‘plot.new’
    demRegression: no visible global function definition for ‘dev.copy2eps’
    demRegression: no visible global function definition for ‘plot’
    demRegression: no visible global function definition for ‘points’
    gaussSamp: no visible global function definition for ‘rnorm’
    gpCovGrads: no visible global function definition for ‘diag.spam’
    gpCreate: no visible global function definition for ‘sd’
    gpPlot: no visible global function definition for ‘plot’
    gpPlot: no visible global function definition for ‘rgb’
    gpPlot: no visible global function definition for ‘polygon’
    gpPlot: no visible global function definition for ‘points’
    gpPlot: no visible global function definition for ‘lines’
    gpPlot: no visible global function definition for ‘rnorm’
    gpPosteriorSample: no visible global function definition for ‘runif’
    gpPosteriorSample: no visible global function definition for
     ‘graphics.off’
    gpPosteriorSample: no visible global function definition for ‘dev.new’
    gpPosteriorSample: no visible global function definition for ‘plot.new’
    gpPosteriorSample: no visible global function definition for ‘matplot’
    gpPosteriorSample: no visible global function definition for ‘points’
    gpPosteriorSample: no visible global function definition for
     ‘dev.copy2eps’
    gpSample: no visible global function definition for ‘graphics.off’
    gpSample: no visible global function definition for ‘dev.new’
    gpSample: no visible global function definition for ‘plot.new’
    gpSample: no visible global function definition for ‘matplot’
    gpSample: no visible global function definition for ‘dev.copy2eps’
    gpTest: no visible global function definition for ‘rnorm’
    gpUpdateAD: no visible global function definition for ‘diag.spam’
    gpUpdateKernels: no visible global function definition for ‘diag.spam’
    kernTest: no visible global function definition for ‘rnorm’
    zeroAxes: no visible global function definition for ‘abline’
    Undefined global functions or variables:
     abline dev.copy2eps dev.new dev.set diag.spam graphics.off
     gray.colors heat.colors legend lines matplot optim optimize par plot
     plot.new points polygon qgamma qnorm rgb rnorm runif sd title
    Consider adding
     importFrom("grDevices", "dev.copy2eps", "dev.new", "dev.set",
     "graphics.off", "gray.colors", "heat.colors", "rgb")
     importFrom("graphics", "abline", "legend", "lines", "matplot", "par",
     "plot", "plot.new", "points", "polygon", "title")
     importFrom("stats", "optim", "optimize", "qgamma", "qnorm", "rnorm",
     "runif", "sd")
    to your NAMESPACE file.
Flavors: r-oldrel-macos-x86_64, r-oldrel-windows-ix86+x86_64