CRAN Package Check Results for Package gptk

Last updated on 2014-10-20 11:48:33.

Flavor Version Tinstall Tcheck Ttotal Status Flags
r-devel-linux-x86_64-debian-clang 1.08 5.19 65.75 70.94 NOTE
r-devel-linux-x86_64-debian-gcc 1.08 5.21 63.70 68.90 NOTE
r-devel-linux-x86_64-fedora-clang 1.08 162.39 NOTE
r-devel-linux-x86_64-fedora-gcc 1.08 153.66 NOTE
r-devel-osx-x86_64-clang 1.08 131.54 NOTE
r-devel-windows-ix86+x86_64 1.08 13.00 79.00 92.00 NOTE
r-patched-linux-x86_64 1.08 5.40 66.52 71.91 NOTE
r-patched-solaris-sparc 1.08 900.90 NOTE
r-patched-solaris-x86 1.08 203.60 NOTE
r-release-linux-ix86 1.08 6.56 81.21 87.77 OK
r-release-linux-x86_64 1.08 5.72 68.63 74.35 OK
r-release-osx-x86_64-mavericks 1.08 OK
r-release-osx-x86_64-snowleopard 1.08 OK
r-release-windows-ix86+x86_64 1.08 14.00 96.00 110.00 OK
r-oldrel-windows-ix86+x86_64 1.08 15.00 88.00 103.00 OK

Check Details

Version: 1.08
Check: R code for possible problems
Result: NOTE
    gpCovGrads: no visible global function definition for ‘diag.spam’
    gpUpdateAD: no visible global function definition for ‘diag.spam’
    gpUpdateKernels: no visible global function definition for ‘diag.spam’
Flavors: r-devel-linux-x86_64-debian-clang, r-devel-linux-x86_64-debian-gcc, r-devel-linux-x86_64-fedora-clang, r-devel-linux-x86_64-fedora-gcc, r-devel-osx-x86_64-clang, r-devel-windows-ix86+x86_64, r-patched-linux-x86_64, r-patched-solaris-sparc, r-patched-solaris-x86