CRAN Package Check Results for Package gptk

Last updated on 2014-09-30 05:47:37.

Flavor Version Tinstall Tcheck Ttotal Status Flags
r-devel-linux-x86_64-debian-clang 1.08 5.14 64.44 69.58 NOTE
r-devel-linux-x86_64-debian-gcc 1.08 5.04 64.22 69.26 NOTE
r-devel-linux-x86_64-fedora-clang 1.08 162.08 NOTE
r-devel-linux-x86_64-fedora-gcc 1.08 157.29 NOTE
r-devel-osx-x86_64-clang 1.08 120.94 NOTE
r-devel-windows-ix86+x86_64 1.08 14.00 92.00 106.00 NOTE
r-patched-linux-x86_64 1.08 5.42 67.12 72.54 OK
r-patched-solaris-sparc 1.08 853.30 OK
r-patched-solaris-x86 1.08 205.40 OK
r-release-linux-ix86 1.08 6.56 80.88 87.44 OK
r-release-linux-x86_64 1.08 5.50 67.39 72.89 OK
r-release-osx-x86_64-mavericks 1.08 OK
r-release-osx-x86_64-snowleopard 1.08 OK
r-release-windows-ix86+x86_64 1.08 13.00 93.00 106.00 OK
r-oldrel-windows-ix86+x86_64 1.08 14.00 89.00 103.00 OK

Check Details

Version: 1.08
Check: R code for possible problems
Result: NOTE
    gpCovGrads: no visible global function definition for ‘diag.spam’
    gpUpdateAD: no visible global function definition for ‘diag.spam’
    gpUpdateKernels: no visible global function definition for ‘diag.spam’
Flavors: r-devel-linux-x86_64-debian-clang, r-devel-linux-x86_64-debian-gcc, r-devel-linux-x86_64-fedora-clang, r-devel-linux-x86_64-fedora-gcc, r-devel-osx-x86_64-clang, r-devel-windows-ix86+x86_64