CRAN Package Check Results for Package gputools

Last updated on 2017-03-25 17:49:30.

Flavor Version Tinstall Tcheck Ttotal Status Flags
r-devel-linux-x86_64-debian-clang 1.1 0.78 13.61 14.39 OK --install=fake
r-devel-linux-x86_64-debian-gcc 1.1 0.81 13.47 14.28 OK --install=fake
r-devel-linux-x86_64-fedora-clang 1.1 24.38 OK --install=fake --no-stop-on-test-error
r-devel-linux-x86_64-fedora-gcc 1.1 22.69 OK --install=fake --no-stop-on-test-error
r-patched-linux-x86_64 1.1 1.02 13.51 14.53 OK --install=fake
r-release-linux-x86_64 1.1 0.78 12.87 13.65 OK --install=fake
r-release-osx-x86_64-mavericks 1.1 ERROR
r-release-windows-ix86+x86_64 1.0 1.00 2.00 3.00 ERROR

Check Details

Version: 1.1
Check: whether package can be installed
Result: ERROR
    Installation failed.
Flavor: r-release-osx-x86_64-mavericks

Version: 1.0
Check: whether package can be installed
Result: ERROR
    Installation failed.
Flavor: r-release-windows-ix86+x86_64