CRAN Package Check Results for Package gputools

Last updated on 2016-02-13 03:46:55.

Flavor Version Tinstall Tcheck Ttotal Status Flags
r-devel-linux-x86_64-debian-gcc 1.0 0.78 11.24 12.02 OK --install=fake
r-devel-linux-x86_64-fedora-clang 1.0 20.08 OK --install=fake
r-devel-linux-x86_64-fedora-gcc 1.0 19.04 OK --install=fake
r-patched-linux-x86_64 1.0 0.76 12.15 12.91 OK --install=fake
r-release-linux-x86_64 1.0 0.78 11.81 12.59 OK --install=fake
r-release-osx-x86_64-mavericks 1.0 ERROR

Check Details

Version: 1.0
Check: whether package can be installed
Result: ERROR
    Installation failed.
Flavor: r-release-osx-x86_64-mavericks