CRAN Package Check Results for Package gputools

Last updated on 2015-08-29 20:48:01.

Flavor Version Tinstall Tcheck Ttotal Status Flags
r-devel-linux-x86_64-debian-clang 0.28 0.66 11.73 12.38 WARN --install=fake
r-devel-linux-x86_64-debian-gcc 0.28 0.65 11.37 12.02 WARN --install=fake
r-devel-linux-x86_64-fedora-clang 0.28 22.24 WARN --install=fake
r-devel-linux-x86_64-fedora-gcc 0.28 21.67 WARN --install=fake
r-patched-linux-x86_64 0.28 0.72 11.86 12.57 WARN --install=fake
r-release-linux-x86_64 0.28 0.72 12.23 12.95 WARN --install=fake
r-release-osx-x86_64-mavericks 0.28 ERROR

Check Details

Version: 0.28
Flags: --install=fake
Check: R code for possible problems
Result: NOTE
    gpuDist: no visible global function definition for ‘as.dist’
    gpuGlm: no visible binding for global variable ‘gaussian’
    gpuGlm: no visible global function definition for ‘model.response’
    gpuGlm: no visible global function definition for ‘is.empty.model’
    gpuGlm: no visible global function definition for ‘model.matrix’
    gpuGlm: no visible global function definition for ‘model.weights’
    gpuGlm: no visible global function definition for ‘model.offset’
    gpuGlm: no visible global function definition for ‘model.extract’
    gpuGlm: no visible global function definition for ‘.getXlevels’
    gpuGlm.fit: no visible global function definition for ‘gaussian’
    gpuLm: no visible global function definition for ‘model.response’
    gpuLm: no visible global function definition for ‘model.weights’
    gpuLm: no visible global function definition for ‘model.offset’
    gpuLm: no visible global function definition for ‘is.empty.model’
    gpuLm: no visible global function definition for ‘model.matrix’
    gpuLm: no visible global function definition for ‘.getXlevels’
    gpuLsfit: no visible global function definition for ‘complete.cases’
    Undefined global functions or variables:
     .getXlevels as.dist complete.cases gaussian is.empty.model
     model.extract model.matrix model.offset model.response model.weights
    Consider adding
     importFrom("stats", ".getXlevels", "as.dist", "complete.cases",
     "gaussian", "is.empty.model", "model.extract",
     "model.matrix", "model.offset", "model.response",
     "model.weights")
    to your NAMESPACE.
Flavors: r-devel-linux-x86_64-debian-clang, r-devel-linux-x86_64-debian-gcc, r-devel-linux-x86_64-fedora-clang, r-devel-linux-x86_64-fedora-gcc

Version: 0.28
Flags: --install=fake
Check: for GNU extensions in Makefiles
Result: WARN
    Found the following file(s) containing GNU extensions:
     src/Makefile
    Portable Makefiles do not use GNU extensions such as +=, :=, $(shell),
    $(wildcard), ifeq ... endif. See section ‘Writing portable packages’ in
    the ‘Writing R Extensions’ manual.
Flavors: r-devel-linux-x86_64-debian-clang, r-devel-linux-x86_64-debian-gcc, r-devel-linux-x86_64-fedora-clang, r-devel-linux-x86_64-fedora-gcc, r-patched-linux-x86_64, r-release-linux-x86_64

Version: 0.28
Check: whether package can be installed
Result: ERROR
    Installation failed.
Flavor: r-release-osx-x86_64-mavericks