CRAN Package Check Results for Package gputools

Last updated on 2016-06-28 14:48:25.

Flavor Version Tinstall Tcheck Ttotal Status Flags
r-devel-linux-x86_64-debian-gcc 1.0 0.89 12.21 13.10 OK --install=fake
r-devel-linux-x86_64-fedora-clang 1.0 20.27 OK --install=fake
r-devel-linux-x86_64-fedora-gcc 1.0 18.98 OK --install=fake
r-patched-linux-x86_64 1.0 0.92 12.75 13.66 OK --install=fake
r-release-linux-x86_64 1.0 0.71 12.25 12.95 OK --install=fake
r-release-osx-x86_64-mavericks 1.0 ERROR
r-release-windows-ix86+x86_64 1.0 1.00 2.00 3.00 ERROR

Check Details

Version: 1.0
Check: whether package can be installed
Result: ERROR
    Installation failed.
Flavors: r-release-osx-x86_64-mavericks, r-release-windows-ix86+x86_64