CRAN Package Check Results for Package gputools

Last updated on 2017-06-22 19:46:57.

Flavor Version Tinstall Tcheck Ttotal Status Flags
r-devel-linux-x86_64-debian-clang 1.1 0.80 15.13 15.93 OK --install=fake
r-devel-linux-x86_64-debian-gcc 1.1 0.94 14.56 15.50 OK --install=fake
r-devel-linux-x86_64-fedora-clang 1.1 23.15 OK --install=fake
r-devel-linux-x86_64-fedora-gcc 1.1 21.94 OK --install=fake
r-patched-linux-x86_64 1.1 0.82 14.87 15.69 OK --install=fake
r-release-linux-x86_64 1.1 0.96 13.81 14.78 OK --install=fake
r-release-osx-x86_64 1.1 ERROR
r-oldrel-windows-ix86+x86_64 1.0 1.00 2.00 3.00 ERROR
r-oldrel-osx-x86_64 1.1 ERROR

Check Details

Version: 1.1
Check: whether package can be installed
Result: ERROR
    Installation failed.
Flavors: r-release-osx-x86_64, r-oldrel-osx-x86_64

Version: 1.0
Check: whether package can be installed
Result: ERROR
    Installation failed.
Flavor: r-oldrel-windows-ix86+x86_64