CRAN Package Check Results for Package gputools

Last updated on 2014-07-22 08:47:10.

Flavor Version Tinstall Tcheck Ttotal Status Flags
r-devel-linux-x86_64-debian-clang 0.28 0.78 12.14 12.92 OK --install=fake
r-devel-linux-x86_64-debian-gcc 0.28 0.79 12.16 12.94 OK --install=fake
r-devel-linux-x86_64-fedora-clang 0.28 26.12 OK --install=fake
r-devel-linux-x86_64-fedora-gcc 0.28 24.08 OK --install=fake
r-patched-linux-x86_64 0.28 0.75 12.35 13.10 OK --install=fake
r-release-linux-ix86 0.28 1.09 18.28 19.37 OK --install=fake
r-release-linux-x86_64 0.28 0.77 12.11 12.88 OK --install=fake
r-release-osx-x86_64-mavericks 0.28 ERROR
r-release-osx-x86_64-snowleopard 0.28 ERROR

Check Details

Version: 0.28
Check: whether package can be installed
Result: ERROR
    Installation failed.
    See ‘/Builds/CRAN-QA-Simon/packages/mavericks-x86_64/results/3.1/gputools.Rcheck/00install.out’ for details.
Flavor: r-release-osx-x86_64-mavericks

Version: 0.28
Check: whether package can be installed
Result: ERROR
    Installation failed.
    See ‘/Volumes/XT3/Builds/R-dev-web/QA/Simon/packages/snowleopard-x86_64/results/3.1/gputools.Rcheck/00install.out’ for details.
Flavor: r-release-osx-x86_64-snowleopard