CRAN Package Check Results for Package gputools

Last updated on 2016-10-01 10:47:38.

Flavor Version Tinstall Tcheck Ttotal Status Flags
r-devel-linux-x86_64-debian-clang 1.0 0.86 13.28 14.14 OK --install=fake
r-devel-linux-x86_64-debian-gcc 1.0 0.88 12.93 13.82 OK --install=fake
r-devel-linux-x86_64-fedora-clang 1.0 22.16 OK --install=fake
r-devel-linux-x86_64-fedora-gcc 1.0 19.84 OK --install=fake
r-patched-linux-x86_64 1.0 0.92 12.81 13.73 OK --install=fake
r-release-linux-x86_64 1.0 0.80 12.85 13.65 OK --install=fake
r-release-osx-x86_64-mavericks 1.0 ERROR
r-release-windows-ix86+x86_64 1.0 1.00 2.00 3.00 ERROR

Check Details

Version: 1.0
Check: whether package can be installed
Result: ERROR
    Installation failed.
Flavors: r-release-osx-x86_64-mavericks, r-release-windows-ix86+x86_64