CRAN Package Check Results for Package gputools

Last updated on 2016-08-25 03:47:07.

Flavor Version Tinstall Tcheck Ttotal Status Flags
r-devel-linux-x86_64-debian-clang 1.0 0.83 12.42 13.25 OK --install=fake
r-devel-linux-x86_64-debian-gcc 1.0 2.84 12.31 15.15 OK --install=fake
r-devel-linux-x86_64-fedora-clang 1.0 21.50 OK --install=fake
r-devel-linux-x86_64-fedora-gcc 1.0 19.62 OK --install=fake
r-patched-linux-x86_64 1.0 0.73 12.24 12.97 OK --install=fake
r-release-linux-x86_64 1.0 0.84 12.37 13.21 OK --install=fake
r-release-osx-x86_64-mavericks 1.0 ERROR
r-release-windows-ix86+x86_64 1.0 1.00 2.00 3.00 ERROR

Check Details

Version: 1.0
Check: whether package can be installed
Result: ERROR
    Installation failed.
Flavors: r-release-osx-x86_64-mavericks, r-release-windows-ix86+x86_64