CRAN Package Check Results for Package gputools

Last updated on 2014-11-28 17:51:35.

Flavor Version Tinstall Tcheck Ttotal Status Flags
r-devel-linux-x86_64-debian-clang 0.28 0.77 13.23 14.00 OK --install=fake
r-devel-linux-x86_64-debian-gcc 0.28 0.82 12.70 13.52 OK --install=fake
r-devel-linux-x86_64-fedora-clang 0.28 27.33 OK --install=fake
r-devel-linux-x86_64-fedora-gcc 0.28 29.36 OK --install=fake
r-patched-linux-x86_64 0.28 0.78 12.92 13.70 OK --install=fake
r-release-linux-ix86 0.28 1.09 18.27 19.36 OK --install=fake
r-release-linux-x86_64 0.28 0.79 13.12 13.91 OK --install=fake
r-release-osx-x86_64-mavericks 0.28 ERROR
r-release-osx-x86_64-snowleopard 0.28 ERROR

Check Details

Version: 0.28
Check: whether package can be installed
Result: ERROR
    Installation failed.
Flavors: r-release-osx-x86_64-mavericks, r-release-osx-x86_64-snowleopard