CRAN Package Check Results for Package gputools

Last updated on 2015-07-05 03:47:27.

Flavor Version Tinstall Tcheck Ttotal Status Flags
r-devel-linux-x86_64-debian-clang 0.28 0.69 11.32 12.01 WARN --install=fake
r-devel-linux-x86_64-debian-gcc 0.28 0.68 11.11 11.79 WARN --install=fake
r-devel-linux-x86_64-fedora-clang 0.28 21.35 WARN --install=fake
r-devel-linux-x86_64-fedora-gcc 0.28 19.81 WARN --install=fake
r-patched-linux-x86_64 0.28 0.70 12.02 12.72 WARN --install=fake
r-release-linux-x86_64 0.28 0.71 12.34 13.05 WARN --install=fake
r-release-osx-x86_64-mavericks 0.28 ERROR

Check Details

Version: 0.28
Flags: --install=fake
Check: R code for possible problems
Result: NOTE
    gpuDist: no visible global function definition for ‘as.dist’
    gpuGlm: no visible binding for global variable ‘gaussian’
    gpuGlm: no visible global function definition for ‘model.response’
    gpuGlm: no visible global function definition for ‘is.empty.model’
    gpuGlm: no visible global function definition for ‘model.matrix’
    gpuGlm: no visible global function definition for ‘model.weights’
    gpuGlm: no visible global function definition for ‘model.offset’
    gpuGlm: no visible global function definition for ‘model.extract’
    gpuGlm: no visible global function definition for ‘.getXlevels’
    gpuGlm.fit: Error while checking: invalid ‘envir’ argument
    gpuLm: no visible global function definition for ‘model.response’
    gpuLm: no visible global function definition for ‘model.weights’
    gpuLm: no visible global function definition for ‘model.offset’
    gpuLm: no visible global function definition for ‘is.empty.model’
    gpuLm: no visible global function definition for ‘model.matrix’
    gpuLm: no visible global function definition for ‘.getXlevels’
    gpuLsfit: no visible global function definition for ‘complete.cases’
    Undefined global functions or variables:
     .getXlevels as.dist complete.cases gaussian is.empty.model
     model.extract model.matrix model.offset model.response model.weights
Flavors: r-devel-linux-x86_64-debian-clang, r-devel-linux-x86_64-debian-gcc, r-devel-linux-x86_64-fedora-clang, r-devel-linux-x86_64-fedora-gcc

Version: 0.28
Flags: --install=fake
Check: for GNU extensions in Makefiles
Result: WARN
    Found the following file(s) containing GNU extensions:
     src/Makefile
    Portable Makefiles do not use GNU extensions such as +=, :=, $(shell),
    $(wildcard), ifeq ... endif. See section ‘Writing portable packages’ in
    the ‘Writing R Extensions’ manual.
Flavors: r-devel-linux-x86_64-debian-clang, r-devel-linux-x86_64-debian-gcc, r-devel-linux-x86_64-fedora-clang, r-devel-linux-x86_64-fedora-gcc, r-patched-linux-x86_64, r-release-linux-x86_64

Version: 0.28
Check: whether package can be installed
Result: ERROR
    Installation failed.
Flavor: r-release-osx-x86_64-mavericks