CRAN Package Check Results for Package gputools

Last updated on 2016-05-26 15:49:01.

Flavor Version Tinstall Tcheck Ttotal Status Flags
r-devel-linux-x86_64-debian-gcc 1.0 0.80 12.21 13.01 OK --install=fake
r-devel-linux-x86_64-fedora-clang 1.0 22.40 OK --install=fake
r-devel-linux-x86_64-fedora-gcc 1.0 18.63 OK --install=fake
r-patched-linux-x86_64 1.0 0.76 12.58 13.34 OK --install=fake
r-release-linux-x86_64 1.0 0.74 11.97 12.71 OK --install=fake
r-release-osx-x86_64-mavericks 1.0 ERROR
r-release-windows-ix86+x86_64 1.0 1.00 2.00 3.00 ERROR

Check Details

Version: 1.0
Check: whether package can be installed
Result: ERROR
    Installation failed.
    See ‘/Builds/CRAN-QA-Simon/packages/mavericks-x86_64/results/3.3/gputools.Rcheck/00install.out’ for details.
    * DONE
    Status: 1 ERROR
Flavor: r-release-osx-x86_64-mavericks

Version: 1.0
Check: whether package can be installed
Result: ERROR
    Installation failed.
Flavor: r-release-windows-ix86+x86_64