CRAN Package Check Results for Package gputools

Last updated on 2017-05-24 09:47:58.

Flavor Version Tinstall Tcheck Ttotal Status Flags
r-devel-linux-x86_64-debian-clang 1.1 0.82 14.12 14.94 OK --install=fake
r-devel-linux-x86_64-debian-gcc 1.1 1.09 13.83 14.92 OK --install=fake
r-devel-linux-x86_64-fedora-clang 1.1 23.31 OK --install=fake --no-stop-on-test-error
r-devel-linux-x86_64-fedora-gcc 1.1 22.02 OK --install=fake --no-stop-on-test-error
r-patched-linux-x86_64 1.1 0.81 13.59 14.40 OK --install=fake
r-release-linux-x86_64 1.1 0.80 13.99 14.80 OK --install=fake
r-release-osx-x86_64 1.1 ERROR
r-oldrel-windows-ix86+x86_64 1.0 1.00 2.00 3.00 ERROR
r-oldrel-osx-x86_64 1.1 ERROR

Check Details

Version: 1.1
Check: whether package can be installed
Result: ERROR
    Installation failed.
Flavors: r-release-osx-x86_64, r-oldrel-osx-x86_64

Version: 1.0
Check: whether package can be installed
Result: ERROR
    Installation failed.
Flavor: r-oldrel-windows-ix86+x86_64