CRAN Package Check Results for Package gputools

Last updated on 2016-07-30 19:46:43.

Flavor Version Tinstall Tcheck Ttotal Status Flags
r-devel-linux-x86_64-debian-clang 1.0 0.87 12.00 12.87 OK --install=fake
r-devel-linux-x86_64-debian-gcc 1.0 0.74 12.19 12.93 OK --install=fake
r-devel-linux-x86_64-fedora-clang 1.0 20.01 OK --install=fake
r-devel-linux-x86_64-fedora-gcc 1.0 19.20 OK --install=fake
r-patched-linux-x86_64 1.0 0.75 12.06 12.81 OK --install=fake
r-release-linux-x86_64 1.0 1.02 15.17 16.18 OK --install=fake
r-release-osx-x86_64-mavericks 1.0 ERROR
r-release-windows-ix86+x86_64 1.0 1.00 2.00 3.00 ERROR

Check Details

Version: 1.0
Check: whether package can be installed
Result: ERROR
    Installation failed.
Flavors: r-release-osx-x86_64-mavericks, r-release-windows-ix86+x86_64