CRAN Package Check Results for Package gputools

Last updated on 2014-10-20 22:46:36.

Flavor Version Tinstall Tcheck Ttotal Status Flags
r-devel-linux-x86_64-debian-clang 0.28 0.78 12.90 13.68 OK --install=fake
r-devel-linux-x86_64-debian-gcc 0.28 0.78 12.75 13.52 OK --install=fake
r-devel-linux-x86_64-fedora-clang 0.28 25.52 OK --install=fake
r-devel-linux-x86_64-fedora-gcc 0.28 24.26 OK --install=fake
r-patched-linux-x86_64 0.28 0.78 12.74 13.53 OK --install=fake
r-release-linux-ix86 0.28 1.10 18.48 19.58 OK --install=fake
r-release-linux-x86_64 0.28 0.77 12.77 13.54 OK --install=fake
r-release-osx-x86_64-mavericks 0.28 ERROR
r-release-osx-x86_64-snowleopard 0.28 ERROR

Check Details

Version: 0.28
Check: whether package can be installed
Result: ERROR
    Installation failed.
Flavors: r-release-osx-x86_64-mavericks, r-release-osx-x86_64-snowleopard