CRAN Package Check Results for Package gputools

Last updated on 2014-04-24 23:48:04.

Flavor Version Tinstall Tcheck Ttotal Status Flags
r-devel-linux-x86_64-debian-clang 0.28 0.79 12.96 13.75 OK --install=fake
r-devel-linux-x86_64-debian-gcc 0.28 0.79 13.00 13.79 OK --install=fake
r-devel-linux-x86_64-fedora-clang 0.28 25.21 OK --install=fake
r-devel-linux-x86_64-fedora-gcc 0.28 23.68 OK --install=fake
r-devel-osx-x86_64-gcc 0.28 ERROR
r-patched-linux-x86_64 0.28 0.86 13.42 14.28 OK --install=fake
r-release-linux-ix86 0.28 2.00 26.00 28.00 OK --install=fake
r-release-linux-x86_64 0.28 0.79 13.16 13.95 OK --install=fake
r-release-osx-x86_64-mavericks 0.28 ERROR
r-release-osx-x86_64-snowleopard 0.28 ERROR

Check Details

Version: 0.28
Check: whether package can be installed
Result: ERROR
    Installation failed.
    See ‘/Volumes/XT3/Builds/R-dev-web/QA/Simon/packages/snowleopard-x86_64/results/3.2/gputools.Rcheck/00install.out’ for details.
Flavor: r-devel-osx-x86_64-gcc

Version: 0.28
Check: whether package can be installed
Result: ERROR
    Installation failed.
    See ‘/Builds/CRAN-QA-Simon/packages/mavericks-x86_64/results/3.1/gputools.Rcheck/00install.out’ for details.
Flavor: r-release-osx-x86_64-mavericks

Version: 0.28
Check: whether package can be installed
Result: ERROR
    Installation failed.
    See ‘/Volumes/XT3/Builds/R-dev-web/QA/Simon/packages/snowleopard-x86_64/results/3.1/gputools.Rcheck/00install.out’ for details.
Flavor: r-release-osx-x86_64-snowleopard