CRAN Package Check Results for Package gputools

Last updated on 2017-01-22 16:48:36.

Flavor Version Tinstall Tcheck Ttotal Status Flags
r-devel-linux-x86_64-debian-clang 1.1 0.80 13.76 14.56 OK --install=fake
r-devel-linux-x86_64-debian-gcc 1.1 0.81 13.56 14.37 OK --install=fake
r-devel-linux-x86_64-fedora-clang 1.1 23.09 OK --install=fake --no-stop-on-test-error
r-devel-linux-x86_64-fedora-gcc 1.1 22.02 OK --install=fake --no-stop-on-test-error
r-patched-linux-x86_64 1.1 0.91 12.18 13.09 OK --install=fake
r-release-linux-x86_64 1.1 0.78 12.18 12.95 OK --install=fake
r-release-osx-x86_64-mavericks 1.1 ERROR
r-release-windows-ix86+x86_64 1.0 1.00 2.00 3.00 ERROR

Check Details

Version: 1.1
Check: whether package can be installed
Result: ERROR
    Installation failed.
Flavor: r-release-osx-x86_64-mavericks

Version: 1.0
Check: whether package can be installed
Result: ERROR
    Installation failed.
Flavor: r-release-windows-ix86+x86_64