CRAN Package Check Results for Package gputools

Last updated on 2016-12-04 08:46:55.

Flavor Version Tinstall Tcheck Ttotal Status Flags
r-devel-linux-x86_64-debian-clang 1.1 0.92 13.70 14.61 OK --install=fake
r-devel-linux-x86_64-debian-gcc 1.1 0.87 13.43 14.30 OK --install=fake
r-devel-linux-x86_64-fedora-clang 1.1 24.01 OK --install=fake --no-stop-on-test-error
r-devel-linux-x86_64-fedora-gcc 1.1 22.96 OK --install=fake
r-patched-linux-x86_64 1.1 0.72 12.00 12.72 OK --install=fake
r-release-linux-x86_64 1.1 0.88 12.11 12.99 OK --install=fake
r-release-osx-x86_64-mavericks 1.1 ERROR
r-release-windows-ix86+x86_64 1.0 1.00 2.00 3.00 ERROR

Check Details

Version: 1.1
Check: whether package can be installed
Result: ERROR
    Installation failed.
Flavor: r-release-osx-x86_64-mavericks

Version: 1.0
Check: whether package can be installed
Result: ERROR
    Installation failed.
Flavor: r-release-windows-ix86+x86_64