CRAN Package Check Results for Package gqlr

Last updated on 2017-09-25 09:48:19.

Flavor Version Tinstall Tcheck Ttotal Status Flags
r-devel-linux-x86_64-debian-clang 0.0.1 14.19 76.09 90.29 OK
r-devel-linux-x86_64-debian-gcc 0.0.1 12.93 80.03 92.96 OK
r-devel-linux-x86_64-fedora-clang 0.0.1 183.66 NOTE
r-devel-linux-x86_64-fedora-gcc 0.0.1 179.04 NOTE
r-devel-windows-ix86+x86_64 0.0.1 26.00 135.00 161.00 NOTE
r-patched-linux-x86_64 0.0.1 13.61 73.64 87.25 OK
r-patched-solaris-x86 0.0.1 212.50 NOTE
r-release-linux-x86_64 0.0.1 13.81 77.70 91.51 OK
r-release-windows-ix86+x86_64 0.0.1 29.00 129.00 158.00 NOTE
r-release-osx-x86_64 0.0.1 NOTE
r-oldrel-windows-ix86+x86_64 0.0.1 24.00 127.00 151.00 NOTE
r-oldrel-osx-x86_64 0.0.1 NOTE

Check Details

Version: 0.0.1
Check: installed package size
Result: NOTE
     installed size is 5.8Mb
     sub-directories of 1Mb or more:
     R 5.6Mb
Flavors: r-devel-linux-x86_64-fedora-clang, r-devel-linux-x86_64-fedora-gcc, r-devel-windows-ix86+x86_64, r-patched-solaris-x86, r-release-windows-ix86+x86_64, r-release-osx-x86_64, r-oldrel-windows-ix86+x86_64, r-oldrel-osx-x86_64

Version: 0.0.1
Check: dependencies in R code
Result: NOTE
    Namespace in Imports field not imported from: ‘base’
     All declared Imports should be used.
Flavors: r-devel-linux-x86_64-fedora-clang, r-devel-linux-x86_64-fedora-gcc, r-patched-solaris-x86, r-release-osx-x86_64, r-oldrel-osx-x86_64