CRAN Package Check Results for Package gqlr

Last updated on 2018-01-21 15:48:05 CET.

Flavor Version Tinstall Tcheck Ttotal Status Flags
r-devel-linux-x86_64-debian-clang 0.0.1 17.66 125.26 142.92 OK
r-devel-linux-x86_64-debian-gcc 0.0.1 16.71 96.70 113.41 OK
r-devel-linux-x86_64-fedora-clang 0.0.1 168.42 NOTE
r-devel-linux-x86_64-fedora-gcc 0.0.1 166.34 NOTE
r-devel-windows-ix86+x86_64 0.0.1 27.00 135.00 162.00 NOTE
r-patched-linux-x86_64 0.0.1 17.67 122.76 140.43 OK
r-patched-solaris-x86 0.0.1 264.70 NOTE
r-release-linux-x86_64 0.0.1 23.70 132.11 155.81 OK
r-release-windows-ix86+x86_64 0.0.1 45.00 188.00 233.00 NOTE
r-release-osx-x86_64 0.0.1 NOTE
r-oldrel-windows-ix86+x86_64 0.0.1 32.00 141.00 173.00 NOTE
r-oldrel-osx-x86_64 0.0.1 NOTE

Check Details

Version: 0.0.1
Check: installed package size
Result: NOTE
     installed size is 5.8Mb
     sub-directories of 1Mb or more:
     R 5.6Mb
Flavors: r-devel-linux-x86_64-fedora-clang, r-devel-linux-x86_64-fedora-gcc, r-devel-windows-ix86+x86_64, r-patched-solaris-x86, r-release-windows-ix86+x86_64, r-release-osx-x86_64, r-oldrel-windows-ix86+x86_64, r-oldrel-osx-x86_64

Version: 0.0.1
Check: dependencies in R code
Result: NOTE
    Namespace in Imports field not imported from: ‘base’
     All declared Imports should be used.
Flavors: r-devel-linux-x86_64-fedora-clang, r-devel-linux-x86_64-fedora-gcc, r-patched-solaris-x86, r-release-osx-x86_64, r-oldrel-osx-x86_64