CRAN Package Check Results for Package gqlr

Last updated on 2017-11-17 23:48:16.

Flavor Version Tinstall Tcheck Ttotal Status Flags
r-devel-linux-x86_64-debian-clang 0.0.1 11.93 71.98 83.91 OK
r-devel-linux-x86_64-debian-gcc 0.0.1 18.48 85.51 103.99 OK
r-devel-linux-x86_64-fedora-clang 0.0.1 174.60 NOTE
r-devel-linux-x86_64-fedora-gcc 0.0.1 173.26 NOTE
r-devel-windows-ix86+x86_64 0.0.1 46.00 186.00 232.00 NOTE
r-patched-linux-x86_64 0.0.1 14.11 78.95 93.06 OK
r-patched-solaris-x86 0.0.1 231.60 NOTE
r-release-linux-x86_64 0.0.1 15.28 77.78 93.06 OK
r-release-windows-ix86+x86_64 0.0.1 27.00 179.00 206.00 NOTE
r-release-osx-x86_64 0.0.1 NOTE
r-oldrel-windows-ix86+x86_64 0.0.1 23.00 163.00 186.00 NOTE
r-oldrel-osx-x86_64 0.0.1 NOTE

Check Details

Version: 0.0.1
Check: installed package size
Result: NOTE
     installed size is 5.8Mb
     sub-directories of 1Mb or more:
     R 5.6Mb
Flavors: r-devel-linux-x86_64-fedora-clang, r-devel-linux-x86_64-fedora-gcc, r-devel-windows-ix86+x86_64, r-patched-solaris-x86, r-release-windows-ix86+x86_64, r-release-osx-x86_64, r-oldrel-windows-ix86+x86_64, r-oldrel-osx-x86_64

Version: 0.0.1
Check: dependencies in R code
Result: NOTE
    Namespace in Imports field not imported from: ‘base’
     All declared Imports should be used.
Flavors: r-devel-linux-x86_64-fedora-clang, r-devel-linux-x86_64-fedora-gcc, r-patched-solaris-x86, r-release-osx-x86_64, r-oldrel-osx-x86_64