CRAN Package Check Results for Package gqlr

Last updated on 2018-05-25 19:48:25 CEST.

Flavor Version Tinstall Tcheck Ttotal Status Flags
r-devel-linux-x86_64-debian-clang 0.0.1 365.37 125.58 490.95 OK
r-devel-linux-x86_64-debian-gcc 0.0.1 333.21 99.05 432.26 OK
r-devel-linux-x86_64-fedora-clang 0.0.1 670.40 NOTE
r-devel-linux-x86_64-fedora-gcc 0.0.1 676.85 NOTE
r-devel-windows-ix86+x86_64 0.0.1 380.00 147.00 527.00 NOTE
r-patched-linux-x86_64 0.0.1 375.04 122.82 497.86 OK
r-patched-solaris-x86 0.0.1 733.70 NOTE
r-release-linux-x86_64 0.0.1 342.34 121.91 464.25 OK
r-release-windows-ix86+x86_64 0.0.1 585.00 139.00 724.00 NOTE
r-release-osx-x86_64 0.0.1 NOTE
r-oldrel-windows-ix86+x86_64 0.0.1 42.00 131.00 173.00 NOTE
r-oldrel-osx-x86_64 0.0.1 NOTE

Check Details

Version: 0.0.1
Check: installed package size
Result: NOTE
     installed size is 19.4Mb
     sub-directories of 1Mb or more:
     R 19.3Mb
Flavors: r-devel-linux-x86_64-fedora-clang, r-devel-linux-x86_64-fedora-gcc, r-devel-windows-ix86+x86_64, r-patched-solaris-x86, r-release-windows-ix86+x86_64, r-release-osx-x86_64, r-oldrel-windows-ix86+x86_64, r-oldrel-osx-x86_64

Version: 0.0.1
Check: dependencies in R code
Result: NOTE
    Namespace in Imports field not imported from: ‘base’
     All declared Imports should be used.
Flavors: r-devel-linux-x86_64-fedora-clang, r-devel-linux-x86_64-fedora-gcc, r-patched-solaris-x86, r-release-osx-x86_64, r-oldrel-osx-x86_64