CRAN Package Check Results for Package grImport

Last updated on 2016-02-09 12:47:40.

Flavor Version Tinstall Tcheck Ttotal Status Flags
r-devel-linux-x86_64-debian-gcc 0.9-0 1.28 30.79 32.07 NOTE
r-devel-linux-x86_64-fedora-clang 0.9-0 63.89 NOTE
r-devel-linux-x86_64-fedora-gcc 0.9-0 62.67 NOTE
r-devel-osx-x86_64-clang 0.9-0 69.06 NOTE
r-devel-windows-ix86+x86_64 0.9-0 6.00 90.00 96.00 NOTE
r-patched-linux-x86_64 0.9-0 1.43 39.59 41.02 OK
r-patched-solaris-sparc 0.9-0 487.90 OK
r-patched-solaris-x86 0.9-0 96.30 OK
r-release-linux-x86_64 0.9-0 1.32 40.24 41.56 OK
r-release-osx-x86_64-mavericks 0.9-0 OK
r-release-windows-ix86+x86_64 0.9-0 7.00 112.00 119.00 OK
r-oldrel-windows-ix86+x86_64 0.9-0 8.00 128.00 136.00 OK

Check Details

Version: 0.9-0
Check: R code for possible problems
Result: NOTE
    pictureHull: no visible global function definition for ‘chull’
    picturePaths: no visible global function definition for ‘n2mfrow’
    readPicture : funPath: no visible global function definition for ‘rgb’
    drawPath,PictureChar: no visible global function definition for
     ‘polypath’
    drawPath,PictureFill: no visible global function definition for
     ‘polypath’
    drawPath,PictureStroke: no visible global function definition for
     ‘xinch’
    drawPath,PictureStroke: no visible global function definition for
     ‘lines’
    drawPath,PictureText: no visible global function definition for ‘text’
    Undefined global functions or variables:
     chull lines n2mfrow polypath rgb text xinch
    Consider adding
     importFrom("grDevices", "chull", "n2mfrow", "rgb")
     importFrom("graphics", "lines", "polypath", "text", "xinch")
    to your NAMESPACE file.
Flavors: r-devel-linux-x86_64-debian-gcc, r-devel-linux-x86_64-fedora-clang, r-devel-linux-x86_64-fedora-gcc, r-devel-osx-x86_64-clang

Version: 0.9-0
Check: R code for possible problems
Result: NOTE
    PostScriptTrace: no visible global function definition for
     'shortPathName'
    pictureHull: no visible global function definition for 'chull'
    picturePaths: no visible global function definition for 'n2mfrow'
    readPicture : funPath: no visible global function definition for 'rgb'
    drawPath,PictureChar: no visible global function definition for
     'polypath'
    drawPath,PictureFill: no visible global function definition for
     'polypath'
    drawPath,PictureStroke: no visible global function definition for
     'xinch'
    drawPath,PictureStroke: no visible global function definition for
     'lines'
    drawPath,PictureText: no visible global function definition for 'text'
    Undefined global functions or variables:
     chull lines n2mfrow polypath rgb shortPathName text xinch
    Consider adding
     importFrom("grDevices", "chull", "n2mfrow", "rgb")
     importFrom("graphics", "lines", "polypath", "text", "xinch")
     importFrom("utils", "shortPathName")
    to your NAMESPACE file.
Flavor: r-devel-windows-ix86+x86_64