CRAN Package Check Results for Package grImport

Last updated on 2014-10-23 13:47:50.

Flavor Version Tinstall Tcheck Ttotal Status Flags
r-devel-linux-x86_64-debian-clang 0.9-0 1.48 42.98 44.46 OK
r-devel-linux-x86_64-debian-gcc 0.9-0 1.43 42.37 43.80 OK
r-devel-linux-x86_64-fedora-clang 0.9-0 94.56 OK
r-devel-linux-x86_64-fedora-gcc 0.9-0 88.82 OK
r-devel-osx-x86_64-clang 0.9-0 91.54 OK
r-devel-windows-ix86+x86_64 0.9-0 4.00 68.00 72.00 OK
r-patched-linux-x86_64 0.9-0 1.52 45.60 47.12 OK
r-patched-solaris-sparc 0.9-0 604.80 OK
r-patched-solaris-x86 0.9-0 130.10 OK
r-release-linux-ix86 0.9-0 2.03 58.98 61.01 OK
r-release-linux-x86_64 0.9-0 1.52 44.70 46.22 OK
r-release-osx-x86_64-mavericks 0.9-0 NOTE
r-release-osx-x86_64-snowleopard 0.9-0 OK
r-release-windows-ix86+x86_64 0.9-0 5.00 70.00 75.00 OK
r-oldrel-windows-ix86+x86_64 0.9-0 5.00 74.00 79.00 OK

Check Details

Version: 0.9-0
Check: re-building of vignette outputs
Result: NOTE
    Error in re-building vignettes:
     ...
    Loading required package: XML
    
    Attaching package: 'XML'
    
    The following object is masked from 'package:tools':
    
     toHTML
    
    Loading required package: splines
    Error in texi2dvi(file = file, pdf = TRUE, clean = clean, quiet = quiet, :
     Running 'texi2dvi' on 'import.tex' failed.
    LaTeX errors:
    ! LaTeX Error: File `boxedminipage.sty' not found.
    
    Type X to quit or <RETURN> to proceed,
    or enter new name. (Default extension: sty)
    
    n_test/grImport/vignettes/import.tex:50: ==> Fatal error occurred, no output P
    DF file produced!
    Calls: buildVignettes -> texi2pdf -> texi2dvi
    Execution halted
Flavor: r-release-osx-x86_64-mavericks