CRAN Package Check Results for Package grImport

Last updated on 2014-04-18 11:47:18.

Flavor Version Tinstall Tcheck Ttotal Status Flags
r-devel-linux-x86_64-debian-clang 0.9-0 1.75 43.82 45.57 OK
r-devel-linux-x86_64-debian-gcc OK
r-devel-linux-x86_64-fedora-clang 0.9-0 101.68 OK
r-devel-linux-x86_64-fedora-gcc 0.9-0 96.74 OK
r-devel-macosx-x86_64-clang 0.9-0 93.30 OK
r-devel-macosx-x86_64-gcc 0.9-0 ERROR
r-devel-windows-ix86+x86_64 0.9-0 5.00 74.00 79.00 OK
r-patched-linux-x86_64 0.9-0 1.60 44.72 46.32 OK
r-patched-solaris-sparc 0.9-0 554.50 OK
r-patched-solaris-x86 0.9-0 135.10 OK
r-release-linux-ix86 0.9-0 4.00 80.00 84.00 OK
r-release-linux-x86_64 0.9-0 1.61 44.84 46.45 OK
r-release-macosx-x86_64 0.9-0 OK
r-release-windows-ix86+x86_64 0.9-0 4.00 73.00 77.00 OK
r-oldrel-windows-ix86+x86_64 0.9-0 4.00 75.00 79.00 OK

Check Details

Version: 0.9-0
Check: package dependencies
Result: ERROR
    Package required but not available: ‘XML’
    
    See the information on DESCRIPTION files in the chapter ‘Creating R
    packages’ of the ‘Writing R Extensions’ manual.
Flavor: r-devel-macosx-x86_64-gcc