CRAN Package Check Results for Package grImport

Last updated on 2016-05-03 08:48:58.

Flavor Version Tinstall Tcheck Ttotal Status Flags
r-devel-linux-x86_64-debian-gcc 0.9-0 1.23 32.42 33.65 NOTE
r-devel-linux-x86_64-fedora-clang 0.9-0 65.85 NOTE
r-devel-linux-x86_64-fedora-gcc 0.9-0 62.47 NOTE
r-devel-osx-x86_64-clang 0.9-0 70.58 NOTE
r-devel-windows-ix86+x86_64 0.9-0 5.00 82.00 87.00 NOTE
r-patched-linux-x86_64 0.9-0 1.22 32.48 33.69 NOTE
r-patched-solaris-sparc 0.9-0 359.50 NOTE
r-patched-solaris-x86 0.9-0 81.60 NOTE
r-release-linux-x86_64 0.9-0 1.35 44.73 46.08 OK
r-release-osx-x86_64-mavericks 0.9-0 OK
r-release-windows-ix86+x86_64 0.9-0 4.00 118.00 122.00 OK
r-oldrel-windows-ix86+x86_64 0.9-0 9.00 88.00 97.00 OK

Check Details

Version: 0.9-0
Check: R code for possible problems
Result: NOTE
    pictureHull: no visible global function definition for ‘chull’
    picturePaths: no visible global function definition for ‘n2mfrow’
    readPicture : funPath: no visible global function definition for ‘rgb’
    drawPath,PictureChar: no visible global function definition for
     ‘polypath’
    drawPath,PictureFill: no visible global function definition for
     ‘polypath’
    drawPath,PictureStroke: no visible global function definition for
     ‘xinch’
    drawPath,PictureStroke: no visible global function definition for
     ‘lines’
    drawPath,PictureText: no visible global function definition for ‘text’
    Undefined global functions or variables:
     chull lines n2mfrow polypath rgb text xinch
    Consider adding
     importFrom("grDevices", "chull", "n2mfrow", "rgb")
     importFrom("graphics", "lines", "polypath", "text", "xinch")
    to your NAMESPACE file.
Flavors: r-devel-linux-x86_64-debian-gcc, r-devel-linux-x86_64-fedora-clang, r-devel-linux-x86_64-fedora-gcc, r-devel-osx-x86_64-clang, r-patched-linux-x86_64, r-patched-solaris-sparc, r-patched-solaris-x86

Version: 0.9-0
Check: R code for possible problems
Result: NOTE
    PostScriptTrace: no visible global function definition for
     'shortPathName'
    pictureHull: no visible global function definition for 'chull'
    picturePaths: no visible global function definition for 'n2mfrow'
    readPicture : funPath: no visible global function definition for 'rgb'
    drawPath,PictureChar: no visible global function definition for
     'polypath'
    drawPath,PictureFill: no visible global function definition for
     'polypath'
    drawPath,PictureStroke: no visible global function definition for
     'xinch'
    drawPath,PictureStroke: no visible global function definition for
     'lines'
    drawPath,PictureText: no visible global function definition for 'text'
    Undefined global functions or variables:
     chull lines n2mfrow polypath rgb shortPathName text xinch
    Consider adding
     importFrom("grDevices", "chull", "n2mfrow", "rgb")
     importFrom("graphics", "lines", "polypath", "text", "xinch")
     importFrom("utils", "shortPathName")
    to your NAMESPACE file.
Flavor: r-devel-windows-ix86+x86_64