CRAN Package Check Results for Package grImport

Last updated on 2014-07-24 11:53:23.

Flavor Version Tinstall Tcheck Ttotal Status Flags
r-devel-linux-x86_64-debian-clang 0.9-0 1.53 42.62 44.15 OK
r-devel-linux-x86_64-debian-gcc 0.9-0 1.50 41.92 43.43 OK
r-devel-linux-x86_64-fedora-clang 0.9-0 100.86 OK
r-devel-linux-x86_64-fedora-gcc 0.9-0 96.52 OK
r-devel-osx-x86_64-clang 0.9-0 90.79 OK
r-devel-windows-ix86+x86_64 0.9-0 5.00 72.00 77.00 OK
r-patched-linux-x86_64 0.9-0 1.50 42.40 43.90 OK
r-patched-solaris-sparc 0.9-0 554.50 OK
r-patched-solaris-x86 0.9-0 137.00 OK
r-release-linux-ix86 0.9-0 1.99 58.42 60.42 OK
r-release-linux-x86_64 0.9-0 1.71 41.86 43.57 OK
r-release-osx-x86_64-mavericks 0.9-0 NOTE
r-release-osx-x86_64-snowleopard 0.9-0 OK
r-release-windows-ix86+x86_64 0.9-0 4.00 71.00 75.00 OK
r-oldrel-windows-ix86+x86_64 0.9-0 5.00 72.00 77.00 OK

Check Details

Version: 0.9-0
Check: re-building of vignette outputs
Result: NOTE
    Error in re-building vignettes:
     ...
    Loading required package: XML
    
    Attaching package: 'XML'
    
    The following object is masked from 'package:tools':
    
     toHTML
    
    Loading required package: splines
    Error in texi2dvi(file = file, pdf = TRUE, clean = clean, quiet = quiet, :
     Running 'texi2dvi' on 'import.tex' failed.
    LaTeX errors:
    ! LaTeX Error: File `boxedminipage.sty' not found.
    
    Type X to quit or <RETURN> to proceed,
    or enter new name. (Default extension: sty)
    
    n_test/grImport/vignettes/import.tex:50: ==> Fatal error occurred, no output P
    DF file produced!
    Calls: buildVignettes -> texi2pdf -> texi2dvi
    Execution halted
Flavor: r-release-osx-x86_64-mavericks