CRAN Package Check Results for Package grImport

Last updated on 2015-06-30 06:46:59.

Flavor Version Tinstall Tcheck Ttotal Status Flags
r-devel-linux-x86_64-debian-clang 0.9-0 1.61 38.65 40.26 NOTE
r-devel-linux-x86_64-debian-gcc 0.9-0 1.25 39.11 40.36 NOTE
r-devel-linux-x86_64-fedora-clang 0.9-0 86.62 OK
r-devel-linux-x86_64-fedora-gcc 0.9-0 81.65 OK
r-devel-osx-x86_64-clang 0.9-0 81.13 OK
r-devel-windows-ix86+x86_64 0.9-0 6.00 72.00 78.00 NOTE
r-patched-linux-x86_64 0.9-0 1.25 38.87 40.12 OK
r-patched-solaris-sparc 0.9-0 545.10 OK
r-patched-solaris-x86 0.9-0 118.30 OK
r-release-linux-x86_64 0.9-0 1.38 38.56 39.94 OK
r-release-osx-x86_64-mavericks 0.9-0 OK
r-release-windows-ix86+x86_64 0.9-0 6.00 108.00 114.00 OK
r-oldrel-windows-ix86+x86_64 0.9-0 8.00 121.00 129.00 OK

Check Details

Version: 0.9-0
Check: R code for possible problems
Result: NOTE
    pictureHull: no visible global function definition for ‘chull’
    picturePaths: no visible global function definition for ‘n2mfrow’
    readPicture : funPath: no visible global function definition for ‘rgb’
    drawPath,PictureChar: no visible global function definition for
     ‘polypath’
    drawPath,PictureFill: no visible global function definition for
     ‘polypath’
    drawPath,PictureStroke: no visible global function definition for
     ‘xinch’
    drawPath,PictureStroke: no visible global function definition for
     ‘lines’
    drawPath,PictureText: no visible global function definition for ‘text’
Flavors: r-devel-linux-x86_64-debian-clang, r-devel-linux-x86_64-debian-gcc

Version: 0.9-0
Check: R code for possible problems
Result: NOTE
    PostScriptTrace: no visible global function definition for
     'shortPathName'
    pictureHull: no visible global function definition for 'chull'
    picturePaths: no visible global function definition for 'n2mfrow'
    readPicture : funPath: no visible global function definition for 'rgb'
    drawPath,PictureChar: no visible global function definition for
     'polypath'
    drawPath,PictureFill: no visible global function definition for
     'polypath'
    drawPath,PictureStroke: no visible global function definition for
     'xinch'
    drawPath,PictureStroke: no visible global function definition for
     'lines'
    drawPath,PictureText: no visible global function definition for 'text'
Flavor: r-devel-windows-ix86+x86_64