CRAN Package Check Results for Package grImport

Last updated on 2015-08-31 12:47:44.

Flavor Version Tinstall Tcheck Ttotal Status Flags
r-devel-linux-x86_64-debian-clang 0.9-0 1.34 39.24 40.58 NOTE
r-devel-linux-x86_64-debian-gcc 0.9-0 1.20 39.22 40.42 NOTE
r-devel-linux-x86_64-fedora-clang 0.9-0 84.82 NOTE
r-devel-linux-x86_64-fedora-gcc 0.9-0 81.42 NOTE
r-devel-osx-x86_64-clang 0.9-0 75.13 OK
r-devel-windows-ix86+x86_64 0.9-0 7.00 82.00 89.00 NOTE
r-patched-linux-x86_64 0.9-0 1.26 38.75 40.02 OK
r-patched-solaris-sparc 0.9-0 513.10 OK
r-patched-solaris-x86 0.9-0 134.50 OK
r-release-linux-x86_64 0.9-0 1.36 40.41 41.77 OK
r-release-osx-x86_64-mavericks 0.9-0 OK
r-release-windows-ix86+x86_64 0.9-0 7.00 78.00 85.00 OK
r-oldrel-windows-ix86+x86_64 0.9-0 7.00 124.00 131.00 OK

Check Details

Version: 0.9-0
Check: R code for possible problems
Result: NOTE
    pictureHull: no visible global function definition for ‘chull’
    picturePaths: no visible global function definition for ‘n2mfrow’
    readPicture : funPath: no visible global function definition for ‘rgb’
    drawPath,PictureChar: no visible global function definition for
     ‘polypath’
    drawPath,PictureFill: no visible global function definition for
     ‘polypath’
    drawPath,PictureStroke: no visible global function definition for
     ‘xinch’
    drawPath,PictureStroke: no visible global function definition for
     ‘lines’
    drawPath,PictureText: no visible global function definition for ‘text’
    Undefined global functions or variables:
     chull lines n2mfrow polypath rgb text xinch
    Consider adding
     importFrom("grDevices", "chull", "n2mfrow", "rgb")
     importFrom("graphics", "lines", "polypath", "text", "xinch")
    to your NAMESPACE.
Flavors: r-devel-linux-x86_64-debian-clang, r-devel-linux-x86_64-debian-gcc, r-devel-linux-x86_64-fedora-clang, r-devel-linux-x86_64-fedora-gcc

Version: 0.9-0
Check: R code for possible problems
Result: NOTE
    PostScriptTrace: no visible global function definition for
     'shortPathName'
    pictureHull: no visible global function definition for 'chull'
    picturePaths: no visible global function definition for 'n2mfrow'
    readPicture : funPath: no visible global function definition for 'rgb'
    drawPath,PictureChar: no visible global function definition for
     'polypath'
    drawPath,PictureFill: no visible global function definition for
     'polypath'
    drawPath,PictureStroke: no visible global function definition for
     'xinch'
    drawPath,PictureStroke: no visible global function definition for
     'lines'
    drawPath,PictureText: no visible global function definition for 'text'
    Undefined global functions or variables:
     chull lines n2mfrow polypath rgb shortPathName text xinch
    Consider adding
     importFrom("grDevices", "chull", "n2mfrow", "rgb")
     importFrom("graphics", "lines", "polypath", "text", "xinch")
     importFrom("utils", "shortPathName")
    to your NAMESPACE.
Flavor: r-devel-windows-ix86+x86_64