CRAN Package Check Results for Package grImport

Last updated on 2015-04-28 16:46:41.

Flavor Version Tinstall Tcheck Ttotal Status Flags
r-devel-linux-x86_64-debian-clang 0.9-0 1.28 39.74 41.03 OK
r-devel-linux-x86_64-debian-gcc 0.9-0 1.25 39.25 40.50 OK
r-devel-linux-x86_64-fedora-clang 0.9-0 88.47 OK
r-devel-linux-x86_64-fedora-gcc 0.9-0 83.49 OK
r-devel-osx-x86_64-clang 0.9-0 84.47 OK
r-devel-windows-ix86+x86_64 0.9-0 5.00 72.00 77.00 OK
r-patched-linux-x86_64 0.9-0 1.27 39.08 40.35 OK
r-patched-solaris-sparc 0.9-0 520.60 OK
r-patched-solaris-x86 0.9-0 116.80 OK
r-release-linux-x86_64 0.9-0 1.27 38.88 40.15 OK
r-release-osx-x86_64-mavericks 0.9-0 OK
r-release-osx-x86_64-snowleopard 0.9-0 ERROR
r-release-windows-ix86+x86_64 0.9-0 5.00 69.00 74.00 OK
r-oldrel-windows-ix86+x86_64 0.9-0 4.00 67.00 71.00 OK

Check Details

Version: 0.9-0
Check: package dependencies
Result: ERROR
    Package required but not available: ‘XML’
    
    See section ‘The DESCRIPTION file’ in the ‘Writing R Extensions’
    manual.
Flavor: r-release-osx-x86_64-snowleopard