CRAN Package Check Results for Package grImport

Last updated on 2016-12-06 13:48:32.

Flavor Version Tinstall Tcheck Ttotal Status Flags
r-devel-linux-x86_64-debian-clang 0.9-0 1.38 36.89 38.27 NOTE
r-devel-linux-x86_64-debian-gcc 0.9-0 1.29 36.91 38.20 NOTE
r-devel-linux-x86_64-fedora-clang 0.9-0 75.50 NOTE --no-stop-on-test-error
r-devel-linux-x86_64-fedora-gcc 0.9-0 72.38 NOTE --no-stop-on-test-error
r-devel-macos-x86_64-clang 0.9-0 58.90 NOTE --no-stop-on-test-error
r-devel-windows-ix86+x86_64 0.9-0 4.00 85.00 89.00 NOTE
r-patched-linux-x86_64 0.9-0 1.23 31.54 32.76 NOTE
r-patched-solaris-sparc 0.9-0 344.10 NOTE
r-patched-solaris-x86 0.9-0 80.30 NOTE
r-release-linux-x86_64 0.9-0 1.35 32.09 33.44 NOTE
r-release-osx-x86_64-mavericks 0.9-0 NOTE
r-release-windows-ix86+x86_64 0.9-0 5.00 76.00 81.00 NOTE
r-oldrel-windows-ix86+x86_64 0.9-0 5.00 98.00 103.00 OK

Check Details

Version: 0.9-0
Check: R code for possible problems
Result: NOTE
    pictureHull: no visible global function definition for ‘chull’
    picturePaths: no visible global function definition for ‘n2mfrow’
    readPicture : funPath: no visible global function definition for ‘rgb’
    drawPath,PictureChar: no visible global function definition for
     ‘polypath’
    drawPath,PictureFill: no visible global function definition for
     ‘polypath’
    drawPath,PictureStroke: no visible global function definition for
     ‘xinch’
    drawPath,PictureStroke: no visible global function definition for
     ‘lines’
    drawPath,PictureText: no visible global function definition for ‘text’
    Undefined global functions or variables:
     chull lines n2mfrow polypath rgb text xinch
    Consider adding
     importFrom("grDevices", "chull", "n2mfrow", "rgb")
     importFrom("graphics", "lines", "polypath", "text", "xinch")
    to your NAMESPACE file.
Flavors: r-devel-linux-x86_64-debian-clang, r-devel-linux-x86_64-debian-gcc, r-patched-linux-x86_64, r-patched-solaris-sparc, r-patched-solaris-x86, r-release-linux-x86_64, r-release-osx-x86_64-mavericks

Version: 0.9-0
Flags: --no-stop-on-test-error
Check: R code for possible problems
Result: NOTE
    pictureHull: no visible global function definition for ‘chull’
    picturePaths: no visible global function definition for ‘n2mfrow’
    readPicture : funPath: no visible global function definition for ‘rgb’
    drawPath,PictureChar: no visible global function definition for
     ‘polypath’
    drawPath,PictureFill: no visible global function definition for
     ‘polypath’
    drawPath,PictureStroke: no visible global function definition for
     ‘xinch’
    drawPath,PictureStroke: no visible global function definition for
     ‘lines’
    drawPath,PictureText: no visible global function definition for ‘text’
    Undefined global functions or variables:
     chull lines n2mfrow polypath rgb text xinch
    Consider adding
     importFrom("grDevices", "chull", "n2mfrow", "rgb")
     importFrom("graphics", "lines", "polypath", "text", "xinch")
    to your NAMESPACE file.
Flavors: r-devel-linux-x86_64-fedora-clang, r-devel-linux-x86_64-fedora-gcc, r-devel-macos-x86_64-clang

Version: 0.9-0
Check: R code for possible problems
Result: NOTE
    PostScriptTrace: no visible global function definition for
     'shortPathName'
    pictureHull: no visible global function definition for 'chull'
    picturePaths: no visible global function definition for 'n2mfrow'
    readPicture : funPath: no visible global function definition for 'rgb'
    drawPath,PictureChar: no visible global function definition for
     'polypath'
    drawPath,PictureFill: no visible global function definition for
     'polypath'
    drawPath,PictureStroke: no visible global function definition for
     'xinch'
    drawPath,PictureStroke: no visible global function definition for
     'lines'
    drawPath,PictureText: no visible global function definition for 'text'
    Undefined global functions or variables:
     chull lines n2mfrow polypath rgb shortPathName text xinch
    Consider adding
     importFrom("grDevices", "chull", "n2mfrow", "rgb")
     importFrom("graphics", "lines", "polypath", "text", "xinch")
     importFrom("utils", "shortPathName")
    to your NAMESPACE file.
Flavors: r-devel-windows-ix86+x86_64, r-release-windows-ix86+x86_64