CRAN Package Check Results for Package grImport

Last updated on 2014-09-01 19:46:25.

Flavor Version Tinstall Tcheck Ttotal Status Flags
r-devel-linux-x86_64-debian-clang 0.9-0 1.60 40.38 41.97 OK
r-devel-linux-x86_64-debian-gcc 0.9-0 1.58 39.61 41.20 OK
r-devel-linux-x86_64-fedora-clang 0.9-0 92.81 OK
r-devel-linux-x86_64-fedora-gcc 0.9-0 91.19 OK
r-devel-osx-x86_64-clang 0.9-0 87.58 OK
r-devel-windows-ix86+x86_64 0.9-0 5.00 70.00 75.00 OK
r-patched-linux-x86_64 0.9-0 1.72 41.77 43.49 OK
r-patched-solaris-sparc 0.9-0 604.80 OK
r-patched-solaris-x86 0.9-0 141.30 OK
r-release-linux-ix86 0.9-0 2.00 58.58 60.58 OK
r-release-linux-x86_64 0.9-0 1.53 42.37 43.90 OK
r-release-osx-x86_64-mavericks 0.9-0 NOTE
r-release-osx-x86_64-snowleopard 0.9-0 OK
r-release-windows-ix86+x86_64 0.9-0 4.00 72.00 76.00 OK
r-oldrel-windows-ix86+x86_64 0.9-0 7.00 73.00 80.00 OK

Check Details

Version: 0.9-0
Check: re-building of vignette outputs
Result: NOTE
    Error in re-building vignettes:
     ...
    Loading required package: XML
    
    Attaching package: 'XML'
    
    The following object is masked from 'package:tools':
    
     toHTML
    
    Loading required package: splines
    Error in texi2dvi(file = file, pdf = TRUE, clean = clean, quiet = quiet, :
     Running 'texi2dvi' on 'import.tex' failed.
    LaTeX errors:
    ! LaTeX Error: File `boxedminipage.sty' not found.
    
    Type X to quit or <RETURN> to proceed,
    or enter new name. (Default extension: sty)
    
    n_test/grImport/vignettes/import.tex:50: ==> Fatal error occurred, no output P
    DF file produced!
    Calls: buildVignettes -> texi2pdf -> texi2dvi
    Execution halted
Flavor: r-release-osx-x86_64-mavericks