CRAN Package Check Results for Package grImport

Last updated on 2016-07-27 10:47:14.

Flavor Version Tinstall Tcheck Ttotal Status Flags
r-devel-linux-x86_64-debian-clang 0.9-0 1.37 38.95 40.31 NOTE
r-devel-linux-x86_64-debian-gcc 0.9-0 1.44 38.68 40.12 NOTE
r-devel-linux-x86_64-fedora-clang 0.9-0 64.65 NOTE
r-devel-linux-x86_64-fedora-gcc 0.9-0 61.18 NOTE
r-devel-osx-x86_64-clang 0.9-0 54.66 NOTE
r-devel-windows-ix86+x86_64 0.9-0 5.00 79.00 84.00 NOTE
r-patched-linux-x86_64 0.9-0 1.64 38.92 40.56 NOTE
r-patched-solaris-sparc 0.9-0 344.10 NOTE
r-patched-solaris-x86 0.9-0 78.20 NOTE
r-release-linux-x86_64 0.9-0 1.48 37.85 39.33 NOTE
r-release-osx-x86_64-mavericks 0.9-0 NOTE
r-release-windows-ix86+x86_64 0.9-0 5.00 76.00 81.00 NOTE
r-oldrel-windows-ix86+x86_64 0.9-0 7.00 131.00 138.00 OK

Check Details

Version: 0.9-0
Check: R code for possible problems
Result: NOTE
    pictureHull: no visible global function definition for ‘chull’
    picturePaths: no visible global function definition for ‘n2mfrow’
    readPicture : funPath: no visible global function definition for ‘rgb’
    drawPath,PictureChar: no visible global function definition for
     ‘polypath’
    drawPath,PictureFill: no visible global function definition for
     ‘polypath’
    drawPath,PictureStroke: no visible global function definition for
     ‘xinch’
    drawPath,PictureStroke: no visible global function definition for
     ‘lines’
    drawPath,PictureText: no visible global function definition for ‘text’
    Undefined global functions or variables:
     chull lines n2mfrow polypath rgb text xinch
    Consider adding
     importFrom("grDevices", "chull", "n2mfrow", "rgb")
     importFrom("graphics", "lines", "polypath", "text", "xinch")
    to your NAMESPACE file.
Flavors: r-devel-linux-x86_64-debian-clang, r-devel-linux-x86_64-debian-gcc, r-devel-linux-x86_64-fedora-clang, r-devel-linux-x86_64-fedora-gcc, r-devel-osx-x86_64-clang, r-patched-linux-x86_64, r-patched-solaris-sparc, r-patched-solaris-x86, r-release-linux-x86_64, r-release-osx-x86_64-mavericks

Version: 0.9-0
Check: R code for possible problems
Result: NOTE
    PostScriptTrace: no visible global function definition for
     'shortPathName'
    pictureHull: no visible global function definition for 'chull'
    picturePaths: no visible global function definition for 'n2mfrow'
    readPicture : funPath: no visible global function definition for 'rgb'
    drawPath,PictureChar: no visible global function definition for
     'polypath'
    drawPath,PictureFill: no visible global function definition for
     'polypath'
    drawPath,PictureStroke: no visible global function definition for
     'xinch'
    drawPath,PictureStroke: no visible global function definition for
     'lines'
    drawPath,PictureText: no visible global function definition for 'text'
    Undefined global functions or variables:
     chull lines n2mfrow polypath rgb shortPathName text xinch
    Consider adding
     importFrom("grDevices", "chull", "n2mfrow", "rgb")
     importFrom("graphics", "lines", "polypath", "text", "xinch")
     importFrom("utils", "shortPathName")
    to your NAMESPACE file.
Flavors: r-devel-windows-ix86+x86_64, r-release-windows-ix86+x86_64