CRAN Package Check Results for Package grImport

Last updated on 2015-05-30 03:48:39.

Flavor Version Tinstall Tcheck Ttotal Status Flags
r-devel-linux-x86_64-debian-clang 0.9-0 1.40 38.97 40.37 OK
r-devel-linux-x86_64-debian-gcc 0.9-0 1.26 39.71 40.97 OK
r-devel-linux-x86_64-fedora-clang 0.9-0 91.25 OK
r-devel-linux-x86_64-fedora-gcc 0.9-0 83.76 OK
r-devel-osx-x86_64-clang 0.9-0 86.73 OK
r-devel-windows-ix86+x86_64 0.9-0 5.00 72.00 77.00 OK
r-patched-linux-x86_64 0.9-0 1.26 38.34 39.61 OK
r-patched-solaris-sparc 0.9-0 545.10 OK
r-patched-solaris-x86 0.9-0 117.10 OK
r-release-linux-x86_64 0.9-0 1.27 39.60 40.88 OK
r-release-osx-x86_64-mavericks 0.9-0 OK
r-release-osx-x86_64-snowleopard 0.9-0 ERROR
r-release-windows-ix86+x86_64 0.9-0 5.00 70.00 75.00 OK
r-oldrel-windows-ix86+x86_64 0.9-0 5.00 110.00 115.00 OK

Check Details

Version: 0.9-0
Check: package dependencies
Result: ERROR
    Package required but not available: ‘XML’
    
    See section ‘The DESCRIPTION file’ in the ‘Writing R Extensions’
    manual.
Flavor: r-release-osx-x86_64-snowleopard