Last updated on 2023-03-23 01:50:20 CET.
Flavor | Version | Tinstall | Tcheck | Ttotal | Status | Flags |
---|---|---|---|---|---|---|
r-devel-linux-x86_64-debian-clang | 0.1.0.0 | 4.03 | 36.11 | 40.14 | NOTE | |
r-devel-linux-x86_64-debian-gcc | 0.1.0.0 | 3.01 | 28.50 | 31.51 | NOTE | |
r-devel-linux-x86_64-fedora-clang | 0.1.0.0 | 50.44 | NOTE | |||
r-devel-linux-x86_64-fedora-gcc | 0.1.0.0 | 48.26 | NOTE | |||
r-patched-linux-x86_64 | 0.1.0.0 | 10.12 | 36.30 | 46.42 | NOTE | |
r-release-linux-x86_64 | 0.1.0.0 | 3.89 | 36.35 | 40.24 | NOTE | |
r-release-macos-arm64 | 0.1.0.0 | 19.00 | NOTE | |||
r-release-macos-x86_64 | 0.1.0.0 | 34.00 | NOTE | |||
r-release-windows-x86_64 | 0.1.0.0 | 138.00 | 69.00 | 207.00 | NOTE | |
r-oldrel-macos-arm64 | 0.1.0.0 | 22.00 | NOTE | |||
r-oldrel-macos-x86_64 | 0.1.0.0 | 31.00 | NOTE | |||
r-oldrel-windows-ix86+x86_64 | 0.1.0.0 | 12.00 | 65.00 | 77.00 | NOTE |
Version: 0.1.0.0
Check: LazyData
Result: NOTE
'LazyData' is specified without a 'data' directory
Flavors: r-devel-linux-x86_64-debian-clang, r-devel-linux-x86_64-debian-gcc, r-devel-linux-x86_64-fedora-clang, r-devel-linux-x86_64-fedora-gcc, r-patched-linux-x86_64, r-release-linux-x86_64, r-release-macos-arm64, r-release-macos-x86_64, r-release-windows-x86_64, r-oldrel-macos-arm64, r-oldrel-macos-x86_64, r-oldrel-windows-ix86+x86_64