CRAN Package Check Results for Package grainchanger

Last updated on 2019-10-23 07:50:46 CEST.

Flavor Version Tinstall Tcheck Ttotal Status Flags
r-devel-linux-x86_64-debian-clang 0.2.0 8.02 177.81 185.83 ERROR
r-devel-linux-x86_64-debian-gcc 0.2.0 6.17 138.71 144.88 ERROR
r-devel-linux-x86_64-fedora-clang 0.2.0 215.32 OK
r-devel-linux-x86_64-fedora-gcc 0.2.0 215.34 OK
r-devel-windows-ix86+x86_64 0.2.0 17.00 242.00 259.00 OK
r-patched-linux-x86_64 0.2.0 6.73 174.07 180.80 ERROR
r-patched-solaris-x86 0.2.0 281.90 OK
r-release-linux-x86_64 0.2.0 7.23 177.39 184.62 ERROR
r-release-windows-ix86+x86_64 0.2.0 23.00 244.00 267.00 OK
r-release-osx-x86_64 0.2.0 OK
r-oldrel-windows-ix86+x86_64 0.2.0 12.00 239.00 251.00 OK
r-oldrel-osx-x86_64 0.2.0 OK

Check Details

Version: 0.2.0
Check: tests
Result: ERROR
     Running 'testthat.R' [69s/75s]
    Running the tests in 'tests/testthat.R' failed.
    Complete output:
     > library(testthat)
     > library(grainchanger)
     >
     > test_check("grainchanger")
     aggregation assumes all cells are rectangular
     * set `is_grid = FALSE` if coarse_dat is not a grid
     aggregation assumes all cells are rectangular
     * set `is_grid = FALSE` if coarse_dat is not a grid
     aggregation assumes all cells are rectangular
     * set `is_grid = FALSE` if coarse_dat is not a grid
     aggregation assumes all cells are rectangular
     * set `is_grid = FALSE` if coarse_dat is not a grid
     aggregation assumes all cells are rectangular
     * set `is_grid = FALSE` if coarse_dat is not a grid
     aggregation assumes all cells are rectangular
     * set `is_grid = FALSE` if coarse_dat is not a grid
     aggregation assumes all cells are rectangular
     * set `is_grid = FALSE` if coarse_dat is not a grid
     aggregation assumes all cells are rectangular
     * set `is_grid = FALSE` if coarse_dat is not a grid
     aggregation assumes all cells are rectangular
     * set `is_grid = FALSE` if coarse_dat is not a grid
     aggregation assumes all cells are rectangular
     * set `is_grid = FALSE` if coarse_dat is not a grid
     aggregation assumes all cells are rectangular
     * set `is_grid = FALSE` if coarse_dat is not a grid
     aggregation assumes all cells are rectangular
     * set `is_grid = FALSE` if coarse_dat is not a grid
     aggregation assumes all cells are rectangular
     * set `is_grid = FALSE` if coarse_dat is not a grid
     -- 1. Failure: var_range calculation is correct (@test-winmove_agg.R#29) ------
     `d` not equal to `wm_agg_range`.
     58/161 mismatches (average diff: 0.00923)
     [1] 0.506 - 0.498 == 0.00742
     [2] 0.490 - 0.468 == 0.02166
     [3] 0.603 - 0.589 == 0.01354
     [4] 0.481 - 0.497 == -0.01578
     [5] 0.584 - 0.540 == 0.04391
     [6] 0.547 - 0.531 == 0.01532
     [7] 0.552 - 0.536 == 0.01579
     [24] 0.547 - 0.531 == 0.01563
     [25] 0.480 - 0.476 == 0.00305
     ...
    
     aggregation assumes all cells are rectangular
     * set `is_grid = FALSE` if coarse_dat is not a grid
     aggregation assumes all cells are rectangular
     * set `is_grid = FALSE` if coarse_dat is not a grid
     aggregation assumes all cells are rectangular
     * set `is_grid = FALSE` if coarse_dat is not a grid
     aggregation assumes all cells are rectangular
     * set `is_grid = FALSE` if coarse_dat is not a grid
     aggregation assumes all cells are rectangular
     * set `is_grid = FALSE` if coarse_dat is not a grid
     aggregation assumes all cells are rectangular
     * set `is_grid = FALSE` if coarse_dat is not a grid
     == testthat results ===========================================================
     [ OK: 33 | SKIPPED: 0 | WARNINGS: 6 | FAILED: 1 ]
     1. Failure: var_range calculation is correct (@test-winmove_agg.R#29)
    
     Error: testthat unit tests failed
     Execution halted
Flavor: r-devel-linux-x86_64-debian-clang

Version: 0.2.0
Check: tests
Result: ERROR
     Running ‘testthat.R’ [54s/76s]
    Running the tests in ‘tests/testthat.R’ failed.
    Complete output:
     > library(testthat)
     > library(grainchanger)
     >
     > test_check("grainchanger")
     aggregation assumes all cells are rectangular
     ● set `is_grid = FALSE` if coarse_dat is not a grid
     aggregation assumes all cells are rectangular
     ● set `is_grid = FALSE` if coarse_dat is not a grid
     aggregation assumes all cells are rectangular
     ● set `is_grid = FALSE` if coarse_dat is not a grid
     aggregation assumes all cells are rectangular
     ● set `is_grid = FALSE` if coarse_dat is not a grid
     aggregation assumes all cells are rectangular
     ● set `is_grid = FALSE` if coarse_dat is not a grid
     aggregation assumes all cells are rectangular
     ● set `is_grid = FALSE` if coarse_dat is not a grid
     aggregation assumes all cells are rectangular
     ● set `is_grid = FALSE` if coarse_dat is not a grid
     aggregation assumes all cells are rectangular
     ● set `is_grid = FALSE` if coarse_dat is not a grid
     aggregation assumes all cells are rectangular
     ● set `is_grid = FALSE` if coarse_dat is not a grid
     aggregation assumes all cells are rectangular
     ● set `is_grid = FALSE` if coarse_dat is not a grid
     aggregation assumes all cells are rectangular
     ● set `is_grid = FALSE` if coarse_dat is not a grid
     aggregation assumes all cells are rectangular
     ● set `is_grid = FALSE` if coarse_dat is not a grid
     aggregation assumes all cells are rectangular
     ● set `is_grid = FALSE` if coarse_dat is not a grid
     ── 1. Failure: var_range calculation is correct (@test-winmove_agg.R#29) ──────
     `d` not equal to `wm_agg_range`.
     58/161 mismatches (average diff: 0.00923)
     [1] 0.506 - 0.498 == 0.00742
     [2] 0.490 - 0.468 == 0.02166
     [3] 0.603 - 0.589 == 0.01354
     [4] 0.481 - 0.497 == -0.01578
     [5] 0.584 - 0.540 == 0.04391
     [6] 0.547 - 0.531 == 0.01532
     [7] 0.552 - 0.536 == 0.01579
     [24] 0.547 - 0.531 == 0.01563
     [25] 0.480 - 0.476 == 0.00305
     ...
    
     aggregation assumes all cells are rectangular
     ● set `is_grid = FALSE` if coarse_dat is not a grid
     aggregation assumes all cells are rectangular
     ● set `is_grid = FALSE` if coarse_dat is not a grid
     aggregation assumes all cells are rectangular
     ● set `is_grid = FALSE` if coarse_dat is not a grid
     aggregation assumes all cells are rectangular
     ● set `is_grid = FALSE` if coarse_dat is not a grid
     aggregation assumes all cells are rectangular
     ● set `is_grid = FALSE` if coarse_dat is not a grid
     aggregation assumes all cells are rectangular
     ● set `is_grid = FALSE` if coarse_dat is not a grid
     ══ testthat results ═══════════════════════════════════════════════════════════
     [ OK: 33 | SKIPPED: 0 | WARNINGS: 6 | FAILED: 1 ]
     1. Failure: var_range calculation is correct (@test-winmove_agg.R#29)
    
     Error: testthat unit tests failed
     Execution halted
Flavor: r-devel-linux-x86_64-debian-gcc

Version: 0.2.0
Check: tests
Result: ERROR
     Running ‘testthat.R’ [67s/75s]
    Running the tests in ‘tests/testthat.R’ failed.
    Complete output:
     > library(testthat)
     > library(grainchanger)
     >
     > test_check("grainchanger")
     aggregation assumes all cells are rectangular
     ● set `is_grid = FALSE` if coarse_dat is not a grid
     aggregation assumes all cells are rectangular
     ● set `is_grid = FALSE` if coarse_dat is not a grid
     aggregation assumes all cells are rectangular
     ● set `is_grid = FALSE` if coarse_dat is not a grid
     aggregation assumes all cells are rectangular
     ● set `is_grid = FALSE` if coarse_dat is not a grid
     aggregation assumes all cells are rectangular
     ● set `is_grid = FALSE` if coarse_dat is not a grid
     aggregation assumes all cells are rectangular
     ● set `is_grid = FALSE` if coarse_dat is not a grid
     aggregation assumes all cells are rectangular
     ● set `is_grid = FALSE` if coarse_dat is not a grid
     aggregation assumes all cells are rectangular
     ● set `is_grid = FALSE` if coarse_dat is not a grid
     aggregation assumes all cells are rectangular
     ● set `is_grid = FALSE` if coarse_dat is not a grid
     aggregation assumes all cells are rectangular
     ● set `is_grid = FALSE` if coarse_dat is not a grid
     aggregation assumes all cells are rectangular
     ● set `is_grid = FALSE` if coarse_dat is not a grid
     aggregation assumes all cells are rectangular
     ● set `is_grid = FALSE` if coarse_dat is not a grid
     aggregation assumes all cells are rectangular
     ● set `is_grid = FALSE` if coarse_dat is not a grid
     ── 1. Failure: var_range calculation is correct (@test-winmove_agg.R#29) ──────
     `d` not equal to `wm_agg_range`.
     58/161 mismatches (average diff: 0.00923)
     [1] 0.506 - 0.498 == 0.00742
     [2] 0.490 - 0.468 == 0.02166
     [3] 0.603 - 0.589 == 0.01354
     [4] 0.481 - 0.497 == -0.01578
     [5] 0.584 - 0.540 == 0.04391
     [6] 0.547 - 0.531 == 0.01532
     [7] 0.552 - 0.536 == 0.01579
     [24] 0.547 - 0.531 == 0.01563
     [25] 0.480 - 0.476 == 0.00305
     ...
    
     aggregation assumes all cells are rectangular
     ● set `is_grid = FALSE` if coarse_dat is not a grid
     aggregation assumes all cells are rectangular
     ● set `is_grid = FALSE` if coarse_dat is not a grid
     aggregation assumes all cells are rectangular
     ● set `is_grid = FALSE` if coarse_dat is not a grid
     aggregation assumes all cells are rectangular
     ● set `is_grid = FALSE` if coarse_dat is not a grid
     aggregation assumes all cells are rectangular
     ● set `is_grid = FALSE` if coarse_dat is not a grid
     aggregation assumes all cells are rectangular
     ● set `is_grid = FALSE` if coarse_dat is not a grid
     ══ testthat results ═══════════════════════════════════════════════════════════
     [ OK: 33 | SKIPPED: 0 | WARNINGS: 6 | FAILED: 1 ]
     1. Failure: var_range calculation is correct (@test-winmove_agg.R#29)
    
     Error: testthat unit tests failed
     Execution halted
Flavor: r-patched-linux-x86_64

Version: 0.2.0
Check: tests
Result: ERROR
     Running ‘testthat.R’ [70s/76s]
    Running the tests in ‘tests/testthat.R’ failed.
    Complete output:
     > library(testthat)
     > library(grainchanger)
     >
     > test_check("grainchanger")
     aggregation assumes all cells are rectangular
     ● set `is_grid = FALSE` if coarse_dat is not a grid
     aggregation assumes all cells are rectangular
     ● set `is_grid = FALSE` if coarse_dat is not a grid
     aggregation assumes all cells are rectangular
     ● set `is_grid = FALSE` if coarse_dat is not a grid
     aggregation assumes all cells are rectangular
     ● set `is_grid = FALSE` if coarse_dat is not a grid
     aggregation assumes all cells are rectangular
     ● set `is_grid = FALSE` if coarse_dat is not a grid
     aggregation assumes all cells are rectangular
     ● set `is_grid = FALSE` if coarse_dat is not a grid
     aggregation assumes all cells are rectangular
     ● set `is_grid = FALSE` if coarse_dat is not a grid
     aggregation assumes all cells are rectangular
     ● set `is_grid = FALSE` if coarse_dat is not a grid
     aggregation assumes all cells are rectangular
     ● set `is_grid = FALSE` if coarse_dat is not a grid
     aggregation assumes all cells are rectangular
     ● set `is_grid = FALSE` if coarse_dat is not a grid
     aggregation assumes all cells are rectangular
     ● set `is_grid = FALSE` if coarse_dat is not a grid
     aggregation assumes all cells are rectangular
     ● set `is_grid = FALSE` if coarse_dat is not a grid
     aggregation assumes all cells are rectangular
     ● set `is_grid = FALSE` if coarse_dat is not a grid
     ── 1. Failure: var_range calculation is correct (@test-winmove_agg.R#29) ──────
     `d` not equal to `wm_agg_range`.
     58/161 mismatches (average diff: 0.00923)
     [1] 0.506 - 0.498 == 0.00742
     [2] 0.490 - 0.468 == 0.02166
     [3] 0.603 - 0.589 == 0.01354
     [4] 0.481 - 0.497 == -0.01578
     [5] 0.584 - 0.540 == 0.04391
     [6] 0.547 - 0.531 == 0.01532
     [7] 0.552 - 0.536 == 0.01579
     [24] 0.547 - 0.531 == 0.01563
     [25] 0.480 - 0.476 == 0.00305
     ...
    
     aggregation assumes all cells are rectangular
     ● set `is_grid = FALSE` if coarse_dat is not a grid
     aggregation assumes all cells are rectangular
     ● set `is_grid = FALSE` if coarse_dat is not a grid
     aggregation assumes all cells are rectangular
     ● set `is_grid = FALSE` if coarse_dat is not a grid
     aggregation assumes all cells are rectangular
     ● set `is_grid = FALSE` if coarse_dat is not a grid
     aggregation assumes all cells are rectangular
     ● set `is_grid = FALSE` if coarse_dat is not a grid
     aggregation assumes all cells are rectangular
     ● set `is_grid = FALSE` if coarse_dat is not a grid
     ══ testthat results ═══════════════════════════════════════════════════════════
     [ OK: 33 | SKIPPED: 0 | WARNINGS: 6 | FAILED: 1 ]
     1. Failure: var_range calculation is correct (@test-winmove_agg.R#29)
    
     Error: testthat unit tests failed
     Execution halted
Flavor: r-release-linux-x86_64