CRAN Package Check Results for Package granova

Last updated on 2014-09-30 05:47:38.

Flavor Version Tinstall Tcheck Ttotal Status Flags
r-devel-linux-x86_64-debian-clang 2.1 0.78 17.26 18.04 OK
r-devel-linux-x86_64-debian-gcc 2.1 0.82 16.04 16.85 OK
r-devel-linux-x86_64-fedora-clang 2.1 34.97 OK
r-devel-linux-x86_64-fedora-gcc 2.1 32.48 OK
r-devel-osx-x86_64-clang 2.1 31.40 OK
r-devel-windows-ix86+x86_64 2.1 3.00 29.00 32.00 OK
r-patched-linux-x86_64 2.1 0.78 19.16 19.94 OK
r-patched-solaris-sparc 2.1 196.60 OK
r-patched-solaris-x86 2.1 54.50 OK
r-release-linux-ix86 2.1 1.06 26.13 27.19 OK
r-release-linux-x86_64 2.1 0.81 18.62 19.43 OK
r-release-osx-x86_64-mavericks 2.1 OK
r-release-osx-x86_64-snowleopard 2.1 ERROR
r-release-windows-ix86+x86_64 2.1 3.00 31.00 34.00 OK
r-oldrel-windows-ix86+x86_64 2.0.1 3.00 186.00 189.00 OK

Check Details

Version: 2.1
Check: examples
Result: ERROR
    Running examples in ‘granova-Ex.R’ failed
    The error most likely occurred in:
    
    > ### Name: granova.2w
    > ### Title: Graphical display of data for two-way analysis of variance
    > ### Aliases: granova.2w
    > ### Keywords: hplot
    >
    > ### ** Examples
    >
    >
    > # using the R dataset warpbreaks; see documentation
    > #(first surface flat since fit = 'linear' (default);
    > #second surface shows curvature)
    > granova.2w(warpbreaks)
    Loading required package: rgl
    Loading required package: tcltk
    Loading required package: mgcv
    Loading required package: nlme
    This is mgcv 1.8-3. For overview type 'help("mgcv-package")'.
    [1] breaks ~ wool * tension
    Mon Sep 29 08:46:39 hagal.research.att.com R[30379] <Error>: unknown error code: invalid pixel format
    Mon Sep 29 08:46:39 hagal.research.att.com R[30379] <Error>: kCGErrorFailure: Set a breakpoint @ CGErrorBreakpoint() to catch errors as they are logged.
    X Error of failed request: GLXBadContext
     Major opcode of failed request: 0 ()
     Serial number of failed request: 27
     Current serial number in output stream: 27
Flavor: r-release-osx-x86_64-snowleopard