CRAN Package Check Results for Package granova

Last updated on 2015-07-02 19:47:11.

Flavor Version Tinstall Tcheck Ttotal Status Flags
r-devel-linux-x86_64-debian-clang 2.1 3.87 40.18 44.05 NOTE
r-devel-linux-x86_64-debian-gcc 2.1 3.71 38.80 42.51 NOTE
r-devel-linux-x86_64-fedora-clang 2.1 94.10 NOTE
r-devel-linux-x86_64-fedora-gcc 2.1 87.67 NOTE
r-devel-osx-x86_64-clang 2.1 81.79 NOTE
r-devel-windows-ix86+x86_64 2.1 9.00 65.00 74.00 NOTE
r-patched-linux-x86_64 2.1 3.60 39.64 43.24 NOTE
r-patched-solaris-sparc 2.1 547.30 NOTE
r-patched-solaris-x86 2.1 125.80 NOTE
r-release-linux-x86_64 2.1 3.56 40.18 43.73 NOTE
r-release-osx-x86_64-mavericks 2.1 NOTE
r-release-windows-ix86+x86_64 2.1 10.00 64.00 74.00 NOTE
r-oldrel-windows-ix86+x86_64 2.1 19.00 92.00 111.00 NOTE

Check Details

Version: 2.1
Check: dependencies in R code
Result: NOTE
    'library' or 'require' calls in package code:
     ‘mgcv’ ‘rgl’ ‘tcltk’
     Please use :: or requireNamespace() instead.
     See section 'Suggested packages' in the 'Writing R Extensions' manual.
Flavors: r-devel-linux-x86_64-debian-clang, r-devel-linux-x86_64-debian-gcc, r-devel-linux-x86_64-fedora-clang, r-devel-linux-x86_64-fedora-gcc, r-devel-osx-x86_64-clang, r-devel-windows-ix86+x86_64, r-patched-linux-x86_64, r-patched-solaris-sparc, r-patched-solaris-x86, r-release-linux-x86_64, r-release-osx-x86_64-mavericks, r-release-windows-ix86+x86_64, r-oldrel-windows-ix86+x86_64

Version: 2.1
Check: R code for possible problems
Result: NOTE
    granova.1w: no visible global function definition for ‘par’
    granova.1w : mvs: no visible global function definition for ‘var’
    granova.1w : mvs: no visible global function definition for ‘sd’
    granova.1w: no visible global function definition for ‘plot’
    granova.1w: no visible global function definition for ‘mtext’
    granova.1w: no visible global function definition for ‘points’
    granova.1w: no visible global function definition for ‘abline’
    granova.1w: no visible global function definition for ‘axis’
    granova.1w: no visible global function definition for ‘segments’
    granova.1w: no visible global function definition for ‘gray’
    granova.1w: no visible global function definition for ‘lines’
    granova.1w: no visible global function definition for ‘grey’
    granova.1w: no visible global function definition for ‘cor’
    granova.1w: no visible global function definition for ‘var’
    granova.1w: no visible global function definition for ‘rug’
    granova.1w: no visible global function definition for ‘sd’
    granova.1w: no visible global function definition for ‘title’
    granova.1w: no visible global function definition for ‘legend’
    granova.1w: no visible global function definition for ‘pf’
    granova.1w: no visible global function definition for ‘symbols’
    granova.1w: no visible global function definition for ‘identify’
    granova.2w: no visible global function definition for ‘as.formula’
    granova.2w: no visible global function definition for ‘aov’
    granova.contr: no visible global function definition for ‘stack’
    granova.contr: no visible global function definition for ‘par’
    granova.contr: no visible global function definition for ‘plot’
    granova.contr: no visible global function definition for ‘title’
    granova.contr: no visible global function definition for ‘abline’
    granova.contr: no visible global function definition for ‘segments’
    granova.contr: no visible global function definition for ‘points’
    granova.contr: no visible global function definition for ‘box’
    granova.contr: no visible global function definition for ‘lines’
    granova.contr: no visible global function definition for ‘axis’
    granova.contr: no visible global function definition for ‘lm’
    granova.contr: no visible binding for global variable ‘sd’
    granova.ds: no visible global function definition for ‘par’
    granova.ds: no visible global function definition for ‘sd’
    granova.ds: no visible global function definition for ‘plot’
    granova.ds: no visible global function definition for ‘abline’
    granova.ds: no visible global function definition for ‘segments’
    granova.ds: no visible global function definition for ‘points’
    granova.ds: no visible global function definition for ‘rug’
    granova.ds: no visible global function definition for ‘title’
    granova.ds: no visible global function definition for ‘t.test’
    granova.ds: no visible global function definition for ‘cor’
    granova.ds: no visible global function definition for ‘legend’
    granova.ds: no visible global function definition for ‘identify’
    Undefined global functions or variables:
     abline aov as.formula axis box cor gray grey identify legend lines lm
     mtext par pf plot points rug sd segments stack symbols t.test title
     var
Flavors: r-devel-linux-x86_64-debian-clang, r-devel-linux-x86_64-fedora-clang, r-devel-linux-x86_64-fedora-gcc

Version: 2.1
Check: R code for possible problems
Result: NOTE
    granova.1w: no visible global function definition for ‘par’
    granova.1w : mvs: no visible global function definition for ‘var’
    granova.1w : mvs: no visible global function definition for ‘sd’
    granova.1w: no visible global function definition for ‘plot’
    granova.1w: no visible global function definition for ‘mtext’
    granova.1w: no visible global function definition for ‘points’
    granova.1w: no visible global function definition for ‘abline’
    granova.1w: no visible global function definition for ‘axis’
    granova.1w: no visible global function definition for ‘segments’
    granova.1w: no visible global function definition for ‘gray’
    granova.1w: no visible global function definition for ‘lines’
    granova.1w: no visible global function definition for ‘grey’
    granova.1w: no visible global function definition for ‘cor’
    granova.1w: no visible global function definition for ‘var’
    granova.1w: no visible global function definition for ‘rug’
    granova.1w: no visible global function definition for ‘sd’
    granova.1w: no visible global function definition for ‘title’
    granova.1w: no visible global function definition for ‘legend’
    granova.1w: no visible global function definition for ‘pf’
    granova.1w: no visible global function definition for ‘symbols’
    granova.1w: no visible global function definition for ‘identify’
    granova.2w: no visible global function definition for ‘as.formula’
    granova.2w: no visible global function definition for ‘aov’
    granova.contr: no visible global function definition for ‘stack’
    granova.contr: no visible global function definition for ‘par’
    granova.contr: no visible global function definition for ‘plot’
    granova.contr: no visible global function definition for ‘title’
    granova.contr: no visible global function definition for ‘abline’
    granova.contr: no visible global function definition for ‘segments’
    granova.contr: no visible global function definition for ‘points’
    granova.contr: no visible global function definition for ‘box’
    granova.contr: no visible global function definition for ‘lines’
    granova.contr: no visible global function definition for ‘axis’
    granova.contr: no visible global function definition for ‘lm’
    granova.contr: no visible binding for global variable ‘sd’
    granova.ds: no visible global function definition for ‘par’
    granova.ds: no visible global function definition for ‘sd’
    granova.ds: no visible global function definition for ‘plot’
    granova.ds: no visible global function definition for ‘abline’
    granova.ds: no visible global function definition for ‘segments’
    granova.ds: no visible global function definition for ‘points’
    granova.ds: no visible global function definition for ‘rug’
    granova.ds: no visible global function definition for ‘title’
    granova.ds: no visible global function definition for ‘t.test’
    granova.ds: no visible global function definition for ‘cor’
    granova.ds: no visible global function definition for ‘legend’
    granova.ds: no visible global function definition for ‘identify’
Flavors: r-devel-linux-x86_64-debian-gcc, r-devel-windows-ix86+x86_64