CRAN Package Check Results for Package granova

Last updated on 2014-10-31 21:47:54.

Flavor Version Tinstall Tcheck Ttotal Status Flags
r-devel-linux-x86_64-debian-clang 2.1 0.80 16.73 17.52 OK
r-devel-linux-x86_64-debian-gcc 2.1 0.77 16.25 17.02 OK
r-devel-linux-x86_64-fedora-clang 2.1 35.09 OK
r-devel-linux-x86_64-fedora-gcc 2.1 32.98 OK
r-devel-osx-x86_64-clang 2.1 35.00 OK
r-devel-windows-ix86+x86_64 2.1 3.00 30.00 33.00 OK
r-patched-linux-x86_64 2.1 0.88 16.54 17.42 OK
r-patched-solaris-sparc 2.1 196.60 OK
r-patched-solaris-x86 2.1 50.20 OK
r-release-linux-ix86 2.1 1.09 26.35 27.44 OK
r-release-linux-x86_64 2.1 1.14 18.01 19.15 OK
r-release-osx-x86_64-mavericks 2.1 OK
r-release-osx-x86_64-snowleopard 2.1 ERROR
r-release-windows-ix86+x86_64 2.1 3.00 31.00 34.00 OK
r-oldrel-windows-ix86+x86_64 2.0.1 3.00 186.00 189.00 OK

Check Details

Version: 2.1
Check: examples
Result: ERROR
    Running examples in ‘granova-Ex.R’ failed
    The error most likely occurred in:
    
    > ### Name: granova.2w
    > ### Title: Graphical display of data for two-way analysis of variance
    > ### Aliases: granova.2w
    > ### Keywords: hplot
    >
    > ### ** Examples
    >
    >
    > # using the R dataset warpbreaks; see documentation
    > #(first surface flat since fit = 'linear' (default);
    > #second surface shows curvature)
    > granova.2w(warpbreaks)
    Loading required package: rgl
    Loading required package: tcltk
    Loading required package: mgcv
    Loading required package: nlme
    This is mgcv 1.8-3. For overview type 'help("mgcv-package")'.
    [1] breaks ~ wool * tension
    Fri Oct 31 09:47:37 hagal.research.att.com R[5618] <Error>: unknown error code: invalid pixel format
    Fri Oct 31 09:47:37 hagal.research.att.com R[5618] <Error>: kCGErrorFailure: Set a breakpoint @ CGErrorBreakpoint() to catch errors as they are logged.
    X Error of failed request: GLXBadContext
     Major opcode of failed request: 0 ()
     Serial number of failed request: 27
     Current serial number in output stream: 27
Flavor: r-release-osx-x86_64-snowleopard