CRAN Package Check Results for Package granova

Last updated on 2014-07-24 03:48:49.

Flavor Version Tinstall Tcheck Ttotal Status Flags
r-devel-linux-x86_64-debian-clang 2.0 0.84 17.58 18.42 NOTE
r-devel-linux-x86_64-debian-gcc 2.0 0.74 17.32 18.06 NOTE
r-devel-linux-x86_64-fedora-clang 2.0 39.01 NOTE
r-devel-linux-x86_64-fedora-gcc 2.0 36.49 NOTE
r-devel-osx-x86_64-clang 2.0 34.96 NOTE
r-devel-windows-ix86+x86_64 2.0 3.00 31.00 34.00 NOTE
r-patched-linux-x86_64 2.0 0.76 17.48 18.24 NOTE
r-patched-solaris-sparc 2.0 198.70 NOTE
r-patched-solaris-x86 2.0 52.80 NOTE
r-release-linux-ix86 2.0 1.05 25.74 26.79 NOTE
r-release-linux-x86_64 2.0 1.01 17.54 18.55 NOTE
r-release-osx-x86_64-mavericks 2.0 NOTE
r-release-osx-x86_64-snowleopard 2.0 NOTE
r-release-windows-ix86+x86_64 2.0 3.00 32.00 35.00 NOTE
r-oldrel-windows-ix86+x86_64 2.0 3.00 31.00 34.00 NOTE

Check Details

Version: 2.0
Check: dependencies in R code
Result: NOTE
    'library' or 'require' call to ‘car’ which was already attached by Depends.
     Please remove these calls from your code.
    See the information on DESCRIPTION files in the chapter ‘Creating R
    packages’ of the ‘Writing R Extensions’ manual.
Flavors: r-devel-linux-x86_64-debian-clang, r-devel-linux-x86_64-debian-gcc, r-devel-linux-x86_64-fedora-clang, r-devel-linux-x86_64-fedora-gcc, r-devel-osx-x86_64-clang, r-devel-windows-ix86+x86_64, r-patched-linux-x86_64, r-patched-solaris-sparc, r-patched-solaris-x86, r-release-linux-ix86, r-release-linux-x86_64, r-release-osx-x86_64-mavericks, r-release-osx-x86_64-snowleopard, r-release-windows-ix86+x86_64, r-oldrel-windows-ix86+x86_64

Version: 2.0
Check: R code for possible problems
Result: NOTE
    granova.1w: warning in jitter(stats.vc, am = ammt): partial argument
     match of 'am' to 'amount'
    granova.1w: warning in rug(residuals, side = 4, ti = 0.02, lwd = 1.3,
     col = 4): partial argument match of 'ti' to 'ticksize'
Flavors: r-devel-linux-x86_64-debian-clang, r-devel-linux-x86_64-debian-gcc, r-devel-linux-x86_64-fedora-clang, r-devel-linux-x86_64-fedora-gcc, r-devel-osx-x86_64-clang, r-devel-windows-ix86+x86_64, r-patched-linux-x86_64, r-patched-solaris-sparc, r-patched-solaris-x86, r-release-linux-ix86, r-release-linux-x86_64, r-release-osx-x86_64-mavericks, r-release-osx-x86_64-snowleopard, r-release-windows-ix86+x86_64, r-oldrel-windows-ix86+x86_64