CRAN Package Check Results for Package granova

Last updated on 2015-04-19 23:49:15.

Flavor Version Tinstall Tcheck Ttotal Status Flags
r-devel-linux-x86_64-debian-clang 2.1 4.51 40.32 44.83 NOTE
r-devel-linux-x86_64-debian-gcc 2.1 3.89 40.22 44.11 NOTE
r-devel-linux-x86_64-fedora-clang 2.1 94.89 NOTE
r-devel-linux-x86_64-fedora-gcc 2.1 90.34 NOTE
r-devel-osx-x86_64-clang 2.1 76.14 NOTE
r-devel-windows-ix86+x86_64 2.1 13.00 84.00 97.00 NOTE
r-patched-linux-x86_64 2.1 3.60 39.57 43.17 NOTE
r-patched-solaris-sparc 2.1 518.20 NOTE
r-patched-solaris-x86 2.1 122.30 NOTE
r-release-linux-x86_64 2.1 4.48 39.27 43.75 NOTE
r-release-osx-x86_64-mavericks 2.1 NOTE
r-release-osx-x86_64-snowleopard 2.1 ERROR
r-release-windows-ix86+x86_64 2.1 8.00 55.00 63.00 NOTE
r-oldrel-windows-ix86+x86_64 2.1 13.00 78.00 91.00 NOTE

Check Details

Version: 2.1
Check: dependencies in R code
Result: NOTE
    'library' or 'require' calls in package code:
     ‘mgcv’ ‘rgl’ ‘tcltk’
     Please use :: or requireNamespace() instead.
     See section 'Suggested packages' in the 'Writing R Extensions' manual.
Flavors: r-devel-linux-x86_64-debian-clang, r-devel-linux-x86_64-debian-gcc, r-devel-linux-x86_64-fedora-clang, r-devel-linux-x86_64-fedora-gcc, r-devel-osx-x86_64-clang, r-devel-windows-ix86+x86_64, r-patched-linux-x86_64, r-patched-solaris-sparc, r-patched-solaris-x86, r-release-linux-x86_64, r-release-osx-x86_64-mavericks, r-release-windows-ix86+x86_64, r-oldrel-windows-ix86+x86_64

Version: 2.1
Check: package dependencies
Result: ERROR
    Package required but not available: ‘car’
    
    See section ‘The DESCRIPTION file’ in the ‘Writing R Extensions’
    manual.
Flavor: r-release-osx-x86_64-snowleopard