CRAN Package Check Results for Package granova

Last updated on 2015-05-23 02:46:48.

Flavor Version Tinstall Tcheck Ttotal Status Flags
r-devel-linux-x86_64-debian-clang 2.1 3.66 40.86 44.52 NOTE
r-devel-linux-x86_64-debian-gcc 2.1 3.62 39.49 43.11 NOTE
r-devel-linux-x86_64-fedora-clang 2.1 93.70 NOTE
r-devel-linux-x86_64-fedora-gcc 2.1 90.20 NOTE
r-devel-osx-x86_64-clang 2.1 82.69 NOTE
r-devel-windows-ix86+x86_64 2.1 11.00 61.00 72.00 NOTE
r-patched-linux-x86_64 2.1 3.51 39.89 43.40 NOTE
r-patched-solaris-sparc 2.1 547.30 NOTE
r-patched-solaris-x86 2.1 128.70 NOTE
r-release-linux-x86_64 2.1 3.60 39.72 43.33 NOTE
r-release-osx-x86_64-mavericks 2.1 NOTE
r-release-osx-x86_64-snowleopard 2.1 ERROR
r-release-windows-ix86+x86_64 2.1 11.00 61.00 72.00 NOTE
r-oldrel-windows-ix86+x86_64 2.1 15.00 85.00 100.00 NOTE

Check Details

Version: 2.1
Check: dependencies in R code
Result: NOTE
    'library' or 'require' calls in package code:
     ‘mgcv’ ‘rgl’ ‘tcltk’
     Please use :: or requireNamespace() instead.
     See section 'Suggested packages' in the 'Writing R Extensions' manual.
Flavors: r-devel-linux-x86_64-debian-clang, r-devel-linux-x86_64-debian-gcc, r-devel-linux-x86_64-fedora-clang, r-devel-linux-x86_64-fedora-gcc, r-devel-osx-x86_64-clang, r-devel-windows-ix86+x86_64, r-patched-linux-x86_64, r-patched-solaris-sparc, r-patched-solaris-x86, r-release-linux-x86_64, r-release-osx-x86_64-mavericks, r-release-windows-ix86+x86_64, r-oldrel-windows-ix86+x86_64

Version: 2.1
Check: package dependencies
Result: ERROR
    Package required but not available: ‘car’
    
    See section ‘The DESCRIPTION file’ in the ‘Writing R Extensions’
    manual.
Flavor: r-release-osx-x86_64-snowleopard