CRAN Package Check Results for Package granova

Last updated on 2015-03-31 16:52:53.

Flavor Version Tinstall Tcheck Ttotal Status Flags
r-devel-linux-x86_64-debian-clang 2.1 3.64 41.07 44.70 NOTE
r-devel-linux-x86_64-debian-gcc 2.1 3.60 40.44 44.03 NOTE
r-devel-linux-x86_64-fedora-clang 2.1 92.66 NOTE
r-devel-linux-x86_64-fedora-gcc 2.1 96.97 NOTE
r-devel-osx-x86_64-clang 2.1 83.86 NOTE
r-prerel-windows-ix86+x86_64 2.1 9.00 62.00 71.00 NOTE
r-prerel-linux-x86_64 2.1 3.57 39.41 42.98 NOTE
r-prerel-solaris-sparc 2.1 518.20 NOTE
r-prerel-solaris-x86 2.1 122.30 NOTE
r-release-linux-x86_64 2.1 5.58 54.73 60.31 NOTE
r-release-osx-x86_64-mavericks 2.1 OK
r-release-osx-x86_64-snowleopard 2.1 ERROR
r-release-windows-ix86+x86_64 2.1 15.00 86.00 101.00 NOTE
r-oldrel-windows-ix86+x86_64 2.0.1 3.00 186.00 189.00 OK

Check Details

Version: 2.1
Check: dependencies in R code
Result: NOTE
    'library' or 'require' calls in package code:
     ‘mgcv’ ‘rgl’ ‘tcltk’
     Please use :: or requireNamespace() instead.
     See section 'Suggested packages' in the 'Writing R Extensions' manual.
Flavors: r-devel-linux-x86_64-debian-clang, r-devel-linux-x86_64-debian-gcc, r-devel-linux-x86_64-fedora-clang, r-devel-linux-x86_64-fedora-gcc, r-devel-osx-x86_64-clang, r-prerel-windows-ix86+x86_64, r-prerel-linux-x86_64, r-prerel-solaris-sparc, r-prerel-solaris-x86, r-release-linux-x86_64, r-release-osx-x86_64-snowleopard, r-release-windows-ix86+x86_64

Version: 2.1
Check: examples
Result: ERROR
    Running examples in ‘granova-Ex.R’ failed
    The error most likely occurred in:
    
    > ### Name: granova.2w
    > ### Title: Graphical display of data for two-way analysis of variance
    > ### Aliases: granova.2w
    > ### Keywords: hplot
    >
    > ### ** Examples
    >
    >
    > # using the R dataset warpbreaks; see documentation
    > #(first surface flat since fit = 'linear' (default);
    > #second surface shows curvature)
    > granova.2w(warpbreaks)
    Loading required package: rgl
    Loading required package: tcltk
    Loading required package: mgcv
    Loading required package: nlme
    This is mgcv 1.8-5. For overview type 'help("mgcv-package")'.
    [1] breaks ~ wool * tension
    Mon Mar 30 04:56:33 hagal.research.att.com R[46063] <Error>: unknown error code: invalid pixel format
    Mon Mar 30 04:56:33 hagal.research.att.com R[46063] <Error>: kCGErrorFailure: Set a breakpoint @ CGErrorBreakpoint() to catch errors as they are logged.
    X Error of failed request: GLXBadContext
     Major opcode of failed request: 0 ()
     Serial number of failed request: 27
     Current serial number in output stream: 27
Flavor: r-release-osx-x86_64-snowleopard