CRAN Package Check Results for Package granova

Last updated on 2015-02-01 10:46:54.

Flavor Version Tinstall Tcheck Ttotal Status Flags
r-devel-linux-x86_64-debian-clang 2.1 0.70 14.21 14.91 NOTE
r-devel-linux-x86_64-debian-gcc 2.1 0.67 14.17 14.84 NOTE
r-devel-linux-x86_64-fedora-clang 2.1 33.09 NOTE
r-devel-linux-x86_64-fedora-gcc 2.1 28.29 NOTE
r-devel-osx-x86_64-clang 2.1 35.01 NOTE
r-devel-windows-ix86+x86_64 2.1 5.00 24.00 29.00 NOTE
r-patched-linux-x86_64 2.1 0.82 17.37 18.18 OK
r-patched-solaris-sparc 2.1 197.80 OK
r-patched-solaris-x86 2.1 48.50 OK
r-release-linux-ix86 2.1 1.04 24.05 25.09 OK
r-release-linux-x86_64 2.1 0.79 16.66 17.44 OK
r-release-osx-x86_64-mavericks 2.1 OK
r-release-osx-x86_64-snowleopard 2.1 ERROR
r-release-windows-ix86+x86_64 2.1 3.00 29.00 32.00 OK
r-oldrel-windows-ix86+x86_64 2.0.1 3.00 186.00 189.00 OK

Check Details

Version: 2.1
Check: dependencies in R code
Result: NOTE
    'library' or 'require' calls in package code:
     ‘mgcv’ ‘rgl’ ‘tcltk’
     Please use :: or requireNamespace() instead.
     See section 'Suggested packages' in the 'Writing R Extensions' manual.
Flavors: r-devel-linux-x86_64-debian-clang, r-devel-linux-x86_64-debian-gcc, r-devel-linux-x86_64-fedora-clang, r-devel-linux-x86_64-fedora-gcc, r-devel-osx-x86_64-clang, r-devel-windows-ix86+x86_64

Version: 2.1
Check: examples
Result: ERROR
    Running examples in ‘granova-Ex.R’ failed
    The error most likely occurred in:
    
    > ### Name: granova.2w
    > ### Title: Graphical display of data for two-way analysis of variance
    > ### Aliases: granova.2w
    > ### Keywords: hplot
    >
    > ### ** Examples
    >
    >
    > # using the R dataset warpbreaks; see documentation
    > #(first surface flat since fit = 'linear' (default);
    > #second surface shows curvature)
    > granova.2w(warpbreaks)
    Loading required package: rgl
    Loading required package: tcltk
    Loading required package: mgcv
    Loading required package: nlme
    This is mgcv 1.8-4. For overview type 'help("mgcv-package")'.
    [1] breaks ~ wool * tension
    Sat Jan 31 11:22:03 hagal.research.att.com R[33654] <Error>: unknown error code: invalid pixel format
    Sat Jan 31 11:22:03 hagal.research.att.com R[33654] <Error>: kCGErrorFailure: Set a breakpoint @ CGErrorBreakpoint() to catch errors as they are logged.
    X Error of failed request: GLXBadContext
     Major opcode of failed request: 0 ()
     Serial number of failed request: 27
     Current serial number in output stream: 27
Flavor: r-release-osx-x86_64-snowleopard