CRAN Package Check Results for Package granovaGG

Last updated on 2014-04-24 09:49:02.

Flavor Version Tinstall Tcheck Ttotal Status Flags
r-devel-linux-x86_64-debian-clang 1.2 1.84 38.80 40.64 NOTE
r-devel-linux-x86_64-debian-gcc 1.2 1.93 37.56 39.49 NOTE
r-devel-linux-x86_64-fedora-clang 1.2 81.94 NOTE
r-devel-linux-x86_64-fedora-gcc 1.2 77.87 NOTE
r-devel-osx-x86_64-clang 1.2 70.87 NOTE
r-devel-osx-x86_64-gcc 1.2 ERROR
r-devel-windows-ix86+x86_64 1.2 6.00 54.00 60.00 NOTE
r-patched-linux-x86_64 1.2 1.87 39.59 41.46 NOTE
r-patched-solaris-sparc 1.2 421.90 NOTE
r-patched-solaris-x86 1.2 100.00 NOTE
r-release-linux-ix86 1.2 3.00 64.00 67.00 NOTE
r-release-linux-x86_64 1.2 1.78 38.96 40.74 NOTE
r-release-osx-x86_64-mavericks 1.2 WARN
r-release-osx-x86_64-snowleopard 1.2 NOTE
r-release-windows-ix86+x86_64 1.2 6.00 58.00 64.00 NOTE
r-oldrel-windows-ix86+x86_64 1.2 8.00 59.00 67.00 NOTE

Check Details

Version: 1.2
Check: R code for possible problems
Result: NOTE
    GrandMeanPoint: no visible binding for global variable ‘score’
    JitteredScoresByGroupContrast: no visible binding for global variable
     ‘contrast’
    JitteredScoresByGroupContrast: no visible binding for global variable
     ‘score’
    granovagg.1w : GetSummary: no visible binding for global variable
     ‘score’
    granovagg.1w : GetSummary: no visible binding for global variable
     ‘contrast’
    granovagg.1w : PrintGroupSummary: no visible binding for global
     variable ‘maximum.score’
    granovagg.1w : GroupMeanLine: no visible binding for global variable
     ‘x’
    granovagg.1w : GroupMeanLine: no visible binding for global variable
     ‘y’
    granovagg.1w : GroupMeanLine: no visible binding for global variable
     ‘xend’
    granovagg.1w : GroupMeanLine: no visible binding for global variable
     ‘yend’
    granovagg.1w : GroupMeansByContrast: no visible binding for global
     variable ‘contrast’
    granovagg.1w : GroupMeansByContrast: no visible binding for global
     variable ‘group.mean’
    granovagg.1w : Residuals: no visible binding for global variable
     ‘within.group.residuals’
    granovagg.1w : Residuals: no visible binding for global variable
     ‘within.1.sd.of.the.mean.of.all.residuals’
    granovagg.1w : OuterSquare: no visible binding for global variable
     ‘xmin’
    granovagg.1w : OuterSquare: no visible binding for global variable
     ‘xmax’
    granovagg.1w : OuterSquare: no visible binding for global variable
     ‘ymin’
    granovagg.1w : OuterSquare: no visible binding for global variable
     ‘ymax’
    granovagg.1w : OuterSquare: no visible binding for global variable
     ‘fill’
    granovagg.1w : InnerSquare: no visible binding for global variable
     ‘xmin’
    granovagg.1w : InnerSquare: no visible binding for global variable
     ‘xmax’
    granovagg.1w : InnerSquare: no visible binding for global variable
     ‘ymin’
    granovagg.1w : InnerSquare: no visible binding for global variable
     ‘ymax’
    granovagg.1w : InnerSquare: no visible binding for global variable
     ‘fill’
    granovagg.1w : SquaresText: no visible binding for global variable ‘x’
    granovagg.1w : SquaresText: no visible binding for global variable ‘y’
    granovagg.1w : SquaresText: no visible binding for global variable
     ‘label’
    granovagg.1w : WithinGroupVariation: no visible binding for global
     variable ‘x’
    granovagg.1w : WithinGroupVariation: no visible binding for global
     variable ‘ymin’
    granovagg.1w : WithinGroupVariation: no visible binding for global
     variable ‘ymax’
    granovagg.1w : MaxWithinGroupVariation: no visible binding for global
     variable ‘x’
    granovagg.1w : MaxWithinGroupVariation: no visible binding for global
     variable ‘ymin’
    granovagg.1w : MaxWithinGroupVariation: no visible binding for global
     variable ‘ymax’
    granovagg.1w : BaselineWithinGroupVariation: no visible binding for
     global variable ‘baseline.variation’
    granovagg.1w : BackgroundForGroupSizesAndLabels: no visible binding for
     global variable ‘ymin’
    granovagg.1w : BackgroundForGroupSizesAndLabels: no visible binding for
     global variable ‘ymax’
    granovagg.1w : BackgroundForGroupSizesAndLabels: no visible binding for
     global variable ‘xmin’
    granovagg.1w : BackgroundForGroupSizesAndLabels: no visible binding for
     global variable ‘xmax’
    granovagg.1w : GroupSizes: no visible binding for global variable ‘x’
    granovagg.1w : GroupSizes: no visible binding for global variable ‘y’
    granovagg.1w : GroupSizes: no visible binding for global variable
     ‘label’
    granovagg.1w : GroupSizes: no visible binding for global variable
     ‘angle’
    granovagg.1w : NonOverplottedGroupLabels: no visible binding for global
     variable ‘x’
    granovagg.1w : NonOverplottedGroupLabels: no visible binding for global
     variable ‘y’
    granovagg.1w : NonOverplottedGroupLabels: no visible binding for global
     variable ‘label’
    granovagg.1w : NonOverplottedGroupLabels: no visible binding for global
     variable ‘angle’
    granovagg.1w : NonOverplottedGroupLabels: no visible binding for global
     variable ‘overplotted’
    granovagg.1w : OverplottedGroupLabels: no visible binding for global
     variable ‘x’
    granovagg.1w : OverplottedGroupLabels: no visible binding for global
     variable ‘y’
    granovagg.1w : OverplottedGroupLabels: no visible binding for global
     variable ‘label’
    granovagg.1w : OverplottedGroupLabels: no visible binding for global
     variable ‘angle’
    granovagg.1w : OverplottedGroupLabels: no visible binding for global
     variable ‘overplotted’
    granovagg.1w : PrintOverplotWarning: no visible binding for global
     variable ‘overplotted’
    granovagg.1w : PrintOverplotWarning: no visible binding for global
     variable ‘group.mean’
    granovagg.1w : PrintOverplotWarning: no visible binding for global
     variable ‘contrast’
    granovagg.contr : GetSummary: no visible binding for global variable
     ‘x.values’
    granovagg.contr : GetSummary: no visible binding for global variable
     ‘y.values’
    granovagg.contr : JitteredResponsesByContrast: no visible binding for
     global variable ‘x.values’
    granovagg.contr : JitteredResponsesByContrast: no visible binding for
     global variable ‘y.values’
    granovagg.contr : EffectsOfContrasts: no visible binding for global
     variable ‘responses’
    granovagg.contr : ConnectEffectMeans: no visible binding for global
     variable ‘responses’
    granovagg.contr : GetGroupSummary: no visible binding for global
     variable ‘variable’
    granovagg.contr : GetGroupSummary: no visible binding for global
     variable ‘value’
    granovagg.contr : GetGroupSummary: no visible binding for global
     variable ‘standard.deviation’
    granovagg.contr : RawScoresByGroup: no visible binding for global
     variable ‘variable’
    granovagg.contr : RawScoresByGroup: no visible binding for global
     variable ‘value’
    granovagg.contr : MeansByGroup: no visible binding for global variable
     ‘group’
    granovagg.contr : MeansByGroup: no visible binding for global variable
     ‘group.mean’
    granovagg.contr : ConnectGroupResponseMeans: no visible binding for
     global variable ‘group’
    granovagg.contr : ConnectGroupResponseMeans: no visible binding for
     global variable ‘group.mean’
    granovagg.ds : GetCrossElementCoordinates: no visible binding for
     global variable ‘color’
    granovagg.ds : TreatmentLine: no visible binding for global variable
     ‘intercept’
    granovagg.ds : TreatmentLine: no visible binding for global variable
     ‘slope’
    granovagg.ds : TreatmentLine: no visible binding for global variable
     ‘color’
    granovagg.ds : Crossbow: no visible binding for global variable ‘x’
    granovagg.ds : Crossbow: no visible binding for global variable ‘y’
    granovagg.ds : Crossbow: no visible binding for global variable ‘x.end’
    granovagg.ds : Crossbow: no visible binding for global variable ‘y.end’
    granovagg.ds : CIBand: no visible binding for global variable ‘x’
    granovagg.ds : CIBand: no visible binding for global variable ‘y’
    granovagg.ds : CIBand: no visible binding for global variable ‘x.end’
    granovagg.ds : CIBand: no visible binding for global variable ‘y.end’
    granovagg.ds : CIBand: no visible binding for global variable ‘color’
    granovagg.ds : Shadows: no visible binding for global variable
     ‘x.shadow’
    granovagg.ds : Shadows: no visible binding for global variable
     ‘y.shadow’
    granovagg.ds : Trails: no visible binding for global variable
     ‘x.trail.start’
    granovagg.ds : Trails: no visible binding for global variable
     ‘y.trail.start’
    granovagg.ds : Trails: no visible binding for global variable
     ‘x.trail.end’
    granovagg.ds : Trails: no visible binding for global variable
     ‘y.trail.end’
Flavors: r-devel-linux-x86_64-debian-clang, r-devel-linux-x86_64-debian-gcc, r-devel-linux-x86_64-fedora-clang, r-devel-linux-x86_64-fedora-gcc, r-devel-osx-x86_64-clang, r-devel-windows-ix86+x86_64, r-patched-linux-x86_64, r-patched-solaris-sparc, r-patched-solaris-x86, r-release-linux-ix86, r-release-linux-x86_64, r-release-osx-x86_64-mavericks, r-release-osx-x86_64-snowleopard, r-release-windows-ix86+x86_64, r-oldrel-windows-ix86+x86_64

Version: 1.2
Check: top-level files
Result: NOTE
    Non-standard file/directory found at top level:
     ‘README.markdown’
Flavors: r-devel-linux-x86_64-fedora-clang, r-devel-linux-x86_64-fedora-gcc

Version: 1.2
Check: Rd line widths
Result: NOTE
    Rd file 'granovagg.ds.Rd':
     \examples lines wider than 100 characters:
     main = "Assessment Plot for weights to assess Family Therapy treatment for Anorexia Patients",
    
    These lines will be truncated in the PDF manual.
Flavors: r-devel-linux-x86_64-fedora-clang, r-devel-linux-x86_64-fedora-gcc

Version: 1.2
Check: package dependencies
Result: ERROR
    Packages required but not available: ‘ggplot2’ ‘gridExtra’
    
    See the information on DESCRIPTION files in the chapter ‘Creating R
    packages’ of the ‘Writing R Extensions’ manual.
Flavor: r-devel-osx-x86_64-gcc

Version: 1.2
Check: PDF version of manual
Result: WARNING
    LaTeX errors when creating PDF version.
    This typically indicates Rd problems.
    LaTeX errors found:
    ! LaTeX Error: File `upquote.sty' not found.
    
    Type X to quit or <RETURN> to proceed,
    or enter new name. (Default extension: sty)
    
    5cd30e0/Rd2.tex:8: ==> Fatal error occurred, no output PDF file produced!
Flavor: r-release-osx-x86_64-mavericks