CRAN Package Check Results for Package granovaGG

Last updated on 2015-07-28 14:48:57.

Flavor Version Tinstall Tcheck Ttotal Status Flags
r-devel-linux-x86_64-debian-clang 1.3 1.20 27.57 28.77 NOTE
r-devel-linux-x86_64-debian-gcc 1.3 1.20 26.79 27.98 NOTE
r-devel-linux-x86_64-fedora-clang 1.3 58.12 NOTE
r-devel-linux-x86_64-fedora-gcc 1.3 54.38 NOTE
r-devel-osx-x86_64-clang 1.3 50.70 OK
r-devel-windows-ix86+x86_64 1.3 6.00 45.00 51.00 NOTE
r-patched-linux-x86_64 1.3 1.19 29.23 30.42 OK
r-patched-solaris-sparc 1.3 357.80 OK
r-patched-solaris-x86 1.3 77.90 OK
r-release-linux-x86_64 1.3 1.20 28.40 29.60 OK
r-release-osx-x86_64-mavericks 1.3 OK
r-release-windows-ix86+x86_64 1.3 9.00 48.00 57.00 OK
r-oldrel-windows-ix86+x86_64 1.3 10.00 65.00 75.00 OK

Check Details

Version: 1.3
Check: R code for possible problems
Result: NOTE
    IsFSignificant: no visible global function definition for ‘qf’
    granovagg.1w : mvs: no visible global function definition for ‘var’
    granovagg.1w : mvs: no visible global function definition for ‘sd’
    granovagg.1w: no visible global function definition for ‘cor’
    granovagg.1w: no visible global function definition for ‘var’
    granovagg.1w: no visible global function definition for ‘sd’
    granovagg.1w: no visible global function definition for ‘pf’
    granovagg.1w : GetSummary: no visible global function definition for
     ‘var’
    granovagg.1w : GetSummary: no visible global function definition for
     ‘sd’
    granovagg.1w : GetModelSummary: no visible global function definition
     for ‘lm’
    granovagg.1w : PrintTtest: no visible global function definition for
     ‘unstack’
    granovagg.1w : PrintTtest: no visible global function definition for
     ‘t.test’
    granovagg.contr : FormatResponseData: no visible global function
     definition for ‘stack’
    granovagg.contr : GetLinearModel: no visible global function definition
     for ‘lm’
    granovagg.contr : GetGroupSummary: no visible global function
     definition for ‘sd’
    granovagg.ds : GetTtest: no visible global function definition for
     ‘t.test’
    granovagg.ds : GetPrintedSummary: no visible global function definition
     for ‘sd’
    granovagg.ds : GetPrintedSummary: no visible global function definition
     for ‘cor’
    Undefined global functions or variables:
     cor lm pf qf sd stack t.test unstack var
    Consider adding
     importFrom("stats", "cor", "lm", "pf", "qf", "sd", "t.test", "var")
     importFrom("utils", "stack", "unstack")
    to your NAMESPACE.
Flavors: r-devel-linux-x86_64-debian-clang, r-devel-linux-x86_64-debian-gcc, r-devel-linux-x86_64-fedora-clang, r-devel-linux-x86_64-fedora-gcc, r-devel-windows-ix86+x86_64