CRAN Package Check Results for Package granovaGG

Last updated on 2015-05-25 02:47:25.

Flavor Version Tinstall Tcheck Ttotal Status Flags
r-devel-linux-x86_64-debian-clang 1.3 1.20 28.68 29.88 OK
r-devel-linux-x86_64-debian-gcc 1.3 1.20 27.24 28.44 OK
r-devel-linux-x86_64-fedora-clang 1.3 58.85 OK
r-devel-linux-x86_64-fedora-gcc 1.3 57.31 OK
r-devel-osx-x86_64-clang 1.3 52.93 OK
r-devel-windows-ix86+x86_64 1.3 5.00 42.00 47.00 OK
r-patched-linux-x86_64 1.3 1.34 27.51 28.85 OK
r-patched-solaris-sparc 1.3 359.50 OK
r-patched-solaris-x86 1.3 78.80 OK
r-release-linux-x86_64 1.3 1.20 27.27 28.47 OK
r-release-osx-x86_64-mavericks 1.3 OK
r-release-osx-x86_64-snowleopard 1.3 ERROR
r-release-windows-ix86+x86_64 1.3 6.00 41.00 47.00 OK
r-oldrel-windows-ix86+x86_64 1.3 10.00 62.00 72.00 OK

Check Details

Version: 1.3
Check: package dependencies
Result: ERROR
    Packages required but not available: ‘ggplot2’ ‘gridExtra’
    
    See section ‘The DESCRIPTION file’ in the ‘Writing R Extensions’
    manual.
Flavor: r-release-osx-x86_64-snowleopard