CRAN Package Check Results for Package granovaGG

Last updated on 2015-04-27 08:48:11.

Flavor Version Tinstall Tcheck Ttotal Status Flags
r-devel-linux-x86_64-debian-clang 1.3 1.22 27.39 28.61 OK
r-devel-linux-x86_64-debian-gcc 1.3 1.16 27.04 28.20 OK
r-devel-linux-x86_64-fedora-clang 1.3 58.54 OK
r-devel-linux-x86_64-fedora-gcc 1.3 53.42 OK
r-devel-osx-x86_64-clang 1.3 52.11 OK
r-devel-windows-ix86+x86_64 1.3 5.00 45.00 50.00 OK
r-patched-linux-x86_64 1.3 1.15 26.79 27.94 OK
r-patched-solaris-sparc 1.3 369.80 OK
r-patched-solaris-x86 1.3 73.90 OK
r-release-linux-x86_64 1.3 1.13 28.91 30.04 OK
r-release-osx-x86_64-mavericks 1.3 OK
r-release-osx-x86_64-snowleopard 1.3 ERROR
r-release-windows-ix86+x86_64 1.3 5.00 45.00 50.00 OK
r-oldrel-windows-ix86+x86_64 1.3 7.00 57.00 64.00 OK

Check Details

Version: 1.3
Check: package dependencies
Result: ERROR
    Packages required but not available: ‘ggplot2’ ‘gridExtra’
    
    See section ‘The DESCRIPTION file’ in the ‘Writing R Extensions’
    manual.
Flavor: r-release-osx-x86_64-snowleopard