CRAN Package Check Results for Package graph3d

Last updated on 2023-02-07 12:55:31 CET.

Flavor Version Tinstall Tcheck Ttotal Status Flags
r-devel-linux-x86_64-debian-clang 0.2.0 3.44 31.66 35.10 NOTE
r-devel-linux-x86_64-debian-gcc 0.2.0 1.97 24.82 26.79 NOTE
r-devel-linux-x86_64-fedora-clang 0.2.0 43.54 NOTE
r-devel-linux-x86_64-fedora-gcc 0.2.0 42.80 NOTE
r-devel-windows-x86_64 0.2.0 11.00 60.00 71.00 NOTE
r-patched-linux-x86_64 0.2.0 3.26 30.59 33.85 NOTE
r-release-linux-x86_64 0.2.0 2.60 31.29 33.89 NOTE
r-release-macos-arm64 0.2.0 18.00 NOTE
r-release-macos-x86_64 0.2.0 37.00 NOTE
r-release-windows-x86_64 0.2.0 8.00 63.00 71.00 NOTE
r-oldrel-macos-arm64 0.2.0 24.00 NOTE
r-oldrel-macos-x86_64 0.2.0 31.00 NOTE
r-oldrel-windows-ix86+x86_64 0.2.0 8.00 58.00 66.00 NOTE

Check Details

Version: 0.2.0
Check: LazyData
Result: NOTE
     'LazyData' is specified without a 'data' directory
Flavors: r-devel-linux-x86_64-debian-clang, r-devel-linux-x86_64-debian-gcc, r-devel-linux-x86_64-fedora-clang, r-devel-linux-x86_64-fedora-gcc, r-devel-windows-x86_64, r-patched-linux-x86_64, r-release-linux-x86_64, r-release-macos-arm64, r-release-macos-x86_64, r-release-windows-x86_64, r-oldrel-macos-arm64, r-oldrel-macos-x86_64, r-oldrel-windows-ix86+x86_64