Last updated on 2023-02-01 11:50:27 CET.
Flavor | Version | Tinstall | Tcheck | Ttotal | Status | Flags |
---|---|---|---|---|---|---|
r-devel-linux-x86_64-debian-gcc | 1.8.0 | 10.10 | 145.67 | 155.77 | OK | |
r-devel-linux-x86_64-fedora-clang | 1.8.0 | 260.01 | NOTE | |||
r-devel-linux-x86_64-fedora-gcc | 1.8.0 | 278.78 | NOTE | |||
r-release-macos-arm64 | 1.8.0 | 68.00 | OK | |||
r-release-macos-x86_64 | 1.6.0 | 103.00 | NOTE | |||
r-release-windows-x86_64 | 1.8.0 | 17.00 | 241.00 | 258.00 | OK | |
r-oldrel-macos-arm64 | 1.8.0 | 76.00 | OK | |||
r-oldrel-macos-x86_64 | 1.6.0 | 112.00 | NOTE |
Version: 1.8.0
Check: dependencies in R code
Result: NOTE
Namespace in Imports field not imported from: ‘Rdpack’
All declared Imports should be used.
Flavors: r-devel-linux-x86_64-fedora-clang, r-devel-linux-x86_64-fedora-gcc
Version: 1.6.0
Check: dependencies in R code
Result: NOTE
Namespace in Imports field not imported from: ‘Rdpack’
All declared Imports should be used.
Flavors: r-release-macos-x86_64, r-oldrel-macos-x86_64