Last updated on 2023-01-30 18:50:46 CET.
Flavor | Version | Tinstall | Tcheck | Ttotal | Status | Flags |
---|---|---|---|---|---|---|
r-devel-linux-x86_64-debian-clang | 0.5.3 | 5.54 | 50.31 | 55.85 | OK | |
r-devel-linux-x86_64-debian-gcc | 0.5.3 | 3.91 | 37.58 | 41.49 | OK | |
r-devel-linux-x86_64-fedora-clang | 0.5.3 | 68.69 | NOTE | |||
r-devel-linux-x86_64-fedora-gcc | 0.5.3 | 67.44 | NOTE | |||
r-devel-windows-x86_64 | 0.5.3 | 21.00 | 77.00 | 98.00 | OK | |
r-patched-linux-x86_64 | 0.5.3 | 4.59 | 49.45 | 54.04 | OK | |
r-release-linux-x86_64 | 0.5.3 | 4.51 | 49.84 | 54.35 | OK | |
r-release-macos-arm64 | 0.5.3 | 23.00 | NOTE | |||
r-release-macos-x86_64 | 0.5.3 | 72.00 | NOTE | |||
r-release-windows-x86_64 | 0.5.3 | 21.00 | 84.00 | 105.00 | OK | |
r-oldrel-macos-arm64 | 0.5.3 | 29.00 | NOTE | |||
r-oldrel-macos-x86_64 | 0.5.3 | 41.00 | NOTE | |||
r-oldrel-windows-ix86+x86_64 | 0.5.3 | 13.00 | 75.00 | 88.00 | OK |
Version: 0.5.3
Check: dependencies in R code
Result: NOTE
Namespace in Imports field not imported from: ‘utils’
All declared Imports should be used.
Flavors: r-devel-linux-x86_64-fedora-clang, r-devel-linux-x86_64-fedora-gcc, r-release-macos-arm64, r-release-macos-x86_64, r-oldrel-macos-arm64, r-oldrel-macos-x86_64